216.73.217.120 - - [28/Jun/2026:08:39:27 -0400] "GET /%22?fileloc=%2F%2Fusr%2Flib%2Fmodules%2F4.18.0-553.124.4.lve.el8.x86_64%2Fkernel%2Ffs%2Fnls%2Fnls_cp864.ko.xz&path=%2F%2Fusr%2Flib%2Fmodules%2F4.18.0-553.124.4.lve.el8.x86_64%2Fkernel%2Ffs%2Fnls HTTP/1.1" 200 3135 "-" "Mozilla/5.0 AppleWebKit/537.36 (KHTML, like Gecko; compatible; ClaudeBot/1.0; +claudebot@anthropic.com)"
216.73.217.120 - - [28/Jun/2026:08:39:27 -0400] "GET /%22?fileloc=%2F%2Fusr%2Flib%2Fmodules%2F4.18.0-553.124.4.lve.el8.x86_64%2Fkernel%2Ffs%2Fnls%2Fnls_cp1250.ko.xz&path=%2F%2Fusr%2Flib%2Fmodules%2F4.18.0-553.124.4.lve.el8.x86_64%2Fkernel%2Ffs%2Fnls HTTP/1.1" 200 3084 "-" "Mozilla/5.0 AppleWebKit/537.36 (KHTML, like Gecko; compatible; ClaudeBot/1.0; +claudebot@anthropic.com)"
216.73.217.120 - - [28/Jun/2026:08:39:27 -0400] "GET /%22?fileloc=%2F%2Fusr%2Flib%2Fmodules%2F4.18.0-553.124.4.lve.el8.x86_64%2Fkernel%2Ffs%2Fnls%2Fnls_cp860.ko.xz&path=%2F%2Fusr%2Flib%2Fmodules%2F4.18.0-553.124.4.lve.el8.x86_64%2Fkernel%2Ffs%2Fnls HTTP/1.1" 200 3135 "-" "Mozilla/5.0 AppleWebKit/537.36 (KHTML, like Gecko; compatible; ClaudeBot/1.0; +claudebot@anthropic.com)"
216.73.217.120 - - [28/Jun/2026:08:39:27 -0400] "GET /%22?fileloc=%2F%2Fusr%2Flib%2Fmodules%2F4.18.0-553.124.4.lve.el8.x86_64%2Fkernel%2Ffs%2Fnls%2Fmac-greek.ko.xz&path=%2F%2Fusr%2Flib%2Fmodules%2F4.18.0-553.124.4.lve.el8.x86_64%2Fkernel%2Ffs%2Fnls HTTP/1.1" 200 3133 "-" "Mozilla/5.0 AppleWebKit/537.36 (KHTML, like Gecko; compatible; ClaudeBot/1.0; +claudebot@anthropic.com)"
216.73.217.120 - - [28/Jun/2026:08:39:27 -0400] "GET /%22?fileloc=%2F%2Fusr%2Flib%2Fmodules%2F4.18.0-553.124.4.lve.el8.x86_64%2Fkernel%2Ffs%2Fnls%2Fnls_cp775.ko.xz&path=%2F%2Fusr%2Flib%2Fmodules%2F4.18.0-553.124.4.lve.el8.x86_64%2Fkernel%2Ffs%2Fnls HTTP/1.1" 200 3135 "-" "Mozilla/5.0 AppleWebKit/537.36 (KHTML, like Gecko; compatible; ClaudeBot/1.0; +claudebot@anthropic.com)"
216.73.217.120 - - [28/Jun/2026:08:39:27 -0400] "GET /%22?fileloc=%2F%2Fusr%2Flib%2Fmodules%2F4.18.0-553.124.4.lve.el8.x86_64%2Fkernel%2Ffs%2Fnls%2Fmac-croatian.ko.xz&path=%2F%2Fusr%2Flib%2Fmodules%2F4.18.0-553.124.4.lve.el8.x86_64%2Fkernel%2Ffs%2Fnls HTTP/1.1" 200 3135 "-" "Mozilla/5.0 AppleWebKit/537.36 (KHTML, like Gecko; compatible; ClaudeBot/1.0; +claudebot@anthropic.com)"
216.73.217.120 - - [28/Jun/2026:08:39:27 -0400] "GET /%22?fileloc=%2F%2Fusr%2Flib%2Fmodules%2F4.18.0-553.124.4.lve.el8.x86_64%2Fkernel%2Ffs%2Fnls%2Fnls_cp850.ko.xz&path=%2F%2Fusr%2Flib%2Fmodules%2F4.18.0-553.124.4.lve.el8.x86_64%2Fkernel%2Ffs%2Fnls HTTP/1.1" 200 3135 "-" "Mozilla/5.0 AppleWebKit/537.36 (KHTML, like Gecko; compatible; ClaudeBot/1.0; +claudebot@anthropic.com)"
66.249.68.6 - - [28/Jun/2026:08:39:28 -0400] "GET /products/5304490?fileloc=//usr/lib/firmware/hfi1_pcie.fw&path=//usr/lib/firmware HTTP/1.1" 200 3081 "-" "Mozilla/5.0 (Linux; Android 6.0.1; Nexus 5X Build/MMB29P) AppleWebKit/537.36 (KHTML, like Gecko) Chrome/148.0.7778.96 Mobile Safari/537.36 (compatible; Googlebot/2.1; +http://www.google.com/bot.html)"
15.235.98.78 - - [28/Jun/2026:08:39:29 -0400] "GET /products/7172505 HTTP/1.1" 200 4702 "-" "Mozilla/5.0 (compatible; AhrefsBot/7.0; +http://ahrefs.com/robot/)"
66.249.68.6 - - [28/Jun/2026:08:39:32 -0400] "GET /products/5304490?fileloc=//usr/lib/firmware/myri10ge_ethp_big_z8e.dat&path=//usr/lib/firmware HTTP/1.1" 200 3097 "-" "Mozilla/5.0 (Linux; Android 6.0.1; Nexus 5X Build/MMB29P) AppleWebKit/537.36 (KHTML, like Gecko) Chrome/148.0.7778.96 Mobile Safari/537.36 (compatible; Googlebot/2.1; +http://www.google.com/bot.html)"
148.113.130.112 - - [28/Jun/2026:08:39:32 -0400] "GET /products/70219220 HTTP/1.1" 200 4639 "-" "Mozilla/5.0 (compatible; AhrefsBot/7.0; +http://ahrefs.com/robot/)"
66.249.68.65 - - [28/Jun/2026:08:39:34 -0400] "GET /products/306415580 HTTP/1.1" 200 4641 "-" "Mozilla/5.0 (Linux; Android 6.0.1; Nexus 5X Build/MMB29P) AppleWebKit/537.36 (KHTML, like Gecko) Chrome/148.0.7778.96 Mobile Safari/537.36 (compatible; Googlebot/2.1; +http://www.google.com/bot.html)"
167.114.139.185 - - [28/Jun/2026:08:39:36 -0400] "GET /products/6942234 HTTP/1.1" 200 4679 "-" "Mozilla/5.0 (compatible; AhrefsBot/7.0; +http://ahrefs.com/robot/)"
66.249.68.6 - - [28/Jun/2026:08:39:38 -0400] "GET /products/5304490?fileloc=//usr/lib/firmware/TAS2XXX0C96.bin&path=//usr/lib/firmware HTTP/1.1" 200 3086 "-" "Mozilla/5.0 (Linux; Android 6.0.1; Nexus 5X Build/MMB29P) AppleWebKit/537.36 (KHTML, like Gecko) Chrome/148.0.7778.96 Mobile Safari/537.36 (compatible; Googlebot/2.1; +http://www.google.com/bot.html)"
54.39.210.218 - - [28/Jun/2026:08:39:39 -0400] "GET /products/68683882 HTTP/1.1" 200 4685 "-" "Mozilla/5.0 (compatible; AhrefsBot/7.0; +http://ahrefs.com/robot/)"
66.249.68.6 - - [28/Jun/2026:08:39:41 -0400] "GET /products/5304490?fileloc=//usr/lib/sysctl.d/50-coredump.conf&path=//usr/lib/sysctl.d HTTP/1.1" 200 3689 "-" "Mozilla/5.0 (Linux; Android 6.0.1; Nexus 5X Build/MMB29P) AppleWebKit/537.36 (KHTML, like Gecko) Chrome/148.0.7778.96 Mobile Safari/537.36 (compatible; Googlebot/2.1; +http://www.google.com/bot.html)"
142.44.233.241 - - [28/Jun/2026:08:39:42 -0400] "GET /products/68307863 HTTP/1.1" 200 4685 "-" "Mozilla/5.0 (compatible; AhrefsBot/7.0; +http://ahrefs.com/robot/)"
66.249.68.6 - - [28/Jun/2026:08:39:44 -0400] "GET /products/5304490?fileloc=//usr/lib/firmware/iwlwifi-so-a0-gf-a0.pnvm&path=//usr/lib/firmware HTTP/1.1" 200 3095 "-" "Mozilla/5.0 (Linux; Android 6.0.1; Nexus 5X Build/MMB29P) AppleWebKit/537.36 (KHTML, like Gecko) Chrome/148.0.7778.96 Mobile Safari/537.36 (compatible; Googlebot/2.1; +http://www.google.com/bot.html)"
148.113.128.111 - - [28/Jun/2026:08:39:46 -0400] "GET /products/6658840 HTTP/1.1" 200 4704 "-" "Mozilla/5.0 (compatible; AhrefsBot/7.0; +http://ahrefs.com/robot/)"
66.249.68.65 - - [28/Jun/2026:08:39:47 -0400] "GET /products/5964520 HTTP/1.1" 200 4641 "-" "Mozilla/5.0 (Linux; Android 6.0.1; Nexus 5X Build/MMB29P) AppleWebKit/537.36 (KHTML, like Gecko) Chrome/148.0.7778.96 Mobile Safari/537.36 (compatible; Googlebot/2.1; +http://www.google.com/bot.html)"
148.113.128.104 - - [28/Jun/2026:08:39:49 -0400] "GET /products/64565345 HTTP/1.1" 200 4685 "-" "Mozilla/5.0 (compatible; AhrefsBot/7.0; +http://ahrefs.com/robot/)"
66.249.68.6 - - [28/Jun/2026:08:39:50 -0400] "GET /products/5304490?fileloc=//usr/lib/firmware/iwlwifi-Qu-c0-hr-b0-73.ucode&path=//usr/lib/firmware HTTP/1.1" 200 3099 "-" "Mozilla/5.0 (Linux; Android 6.0.1; Nexus 5X Build/MMB29P) AppleWebKit/537.36 (KHTML, like Gecko) Chrome/148.0.7778.96 Mobile Safari/537.36 (compatible; Googlebot/2.1; +http://www.google.com/bot.html)"
66.249.68.6 - - [28/Jun/2026:08:39:53 -0400] "GET /products/5304490?path=//usr/lib/NetworkManager/system-connections HTTP/1.1" 200 3110 "-" "Mozilla/5.0 (Linux; Android 6.0.1; Nexus 5X Build/MMB29P) AppleWebKit/537.36 (KHTML, like Gecko) Chrome/148.0.7778.96 Mobile Safari/537.36 (compatible; Googlebot/2.1; +http://www.google.com/bot.html)"
142.44.233.107 - - [28/Jun/2026:08:39:54 -0400] "GET /products/63994779 HTTP/1.1" 200 4645 "-" "Mozilla/5.0 (compatible; AhrefsBot/7.0; +http://ahrefs.com/robot/)"
66.249.68.65 - - [28/Jun/2026:08:39:56 -0400] "GET /products/69883585 HTTP/1.1" 200 4684 "-" "Mozilla/5.0 (Linux; Android 6.0.1; Nexus 5X Build/MMB29P) AppleWebKit/537.36 (KHTML, like Gecko) Chrome/148.0.7778.96 Mobile Safari/537.36 (compatible; Googlebot/2.1; +http://www.google.com/bot.html)"
54.39.89.83 - - [28/Jun/2026:08:39:58 -0400] "GET /products/63084346 HTTP/1.1" 200 4704 "-" "Mozilla/5.0 (compatible; AhrefsBot/7.0; +http://ahrefs.com/robot/)"
34.239.197.197 - - [28/Jun/2026:08:39:59 -0400] "GET /?path=/home/aurelytl/.pki HTTP/1.1" 200 3883 "-" "Mozilla/5.0 AppleWebKit/537.36 (KHTML, like Gecko; compatible; Amazonbot/0.1; +https://developer.amazon.com/support/amazonbot) Chrome/119.0.6045.214 Safari/537.36"
66.249.68.6 - - [28/Jun/2026:08:39:59 -0400] "GET /products/5304490?path=//usr/lib/firmware/r128 HTTP/1.1" 200 3370 "-" "Mozilla/5.0 (Linux; Android 6.0.1; Nexus 5X Build/MMB29P) AppleWebKit/537.36 (KHTML, like Gecko) Chrome/148.0.7778.96 Mobile Safari/537.36 (compatible; Googlebot/2.1; +http://www.google.com/bot.html)"
54.39.6.199 - - [28/Jun/2026:08:40:01 -0400] "GET /products/6287719 HTTP/1.1" 200 4639 "-" "Mozilla/5.0 (compatible; AhrefsBot/7.0; +http://ahrefs.com/robot/)"
66.249.68.6 - - [28/Jun/2026:08:40:03 -0400] "GET /products/5304490?fileloc=//usr/lib/firmware/iwlwifi-bz-b0-fm-c0-c101.ucode&path=//usr/lib/firmware HTTP/1.1" 200 3099 "-" "Mozilla/5.0 (Linux; Android 6.0.1; Nexus 5X Build/MMB29P) AppleWebKit/537.36 (KHTML, like Gecko) Chrome/148.0.7778.96 Mobile Safari/537.36 (compatible; Googlebot/2.1; +http://www.google.com/bot.html)"
44.205.192.249 - - [28/Jun/2026:08:40:03 -0400] "GET /?path=/home/aurelytl/tmp HTTP/1.1" 200 4372 "-" "Mozilla/5.0 AppleWebKit/537.36 (KHTML, like Gecko; compatible; Amazonbot/0.1; +https://developer.amazon.com/support/amazonbot) Chrome/119.0.6045.214 Safari/537.36"
66.249.68.67 - - [28/Jun/2026:08:40:06 -0400] "GET /products/60675191 HTTP/1.1" 200 4679 "-" "Mozilla/5.0 (Linux; Android 6.0.1; Nexus 5X Build/MMB29P) AppleWebKit/537.36 (KHTML, like Gecko) Chrome/148.0.7778.96 Mobile Safari/537.36 (compatible; Googlebot/2.1; +http://www.google.com/bot.html)"
15.235.96.35 - - [28/Jun/2026:08:40:07 -0400] "GET /products/6142530 HTTP/1.1" 200 4669 "-" "Mozilla/5.0 (compatible; AhrefsBot/7.0; +http://ahrefs.com/robot/)"
34.225.138.57 - - [28/Jun/2026:08:40:07 -0400] "GET /?path=/home/aurelytl/.caldav HTTP/1.1" 200 4713 "-" "Mozilla/5.0 AppleWebKit/537.36 (KHTML, like Gecko; compatible; Amazonbot/0.1; +https://developer.amazon.com/support/amazonbot) Chrome/119.0.6045.214 Safari/537.36"
66.249.68.6 - - [28/Jun/2026:08:40:10 -0400] "GET /products/5304490?fileloc=//usr/lib/firmware/8E86-1-C.bin&path=//usr/lib/firmware HTTP/1.1" 200 3033 "-" "Mozilla/5.0 (Linux; Android 6.0.1; Nexus 5X Build/MMB29P) AppleWebKit/537.36 (KHTML, like Gecko) Chrome/148.0.7778.96 Mobile Safari/537.36 (compatible; Googlebot/2.1; +http://www.google.com/bot.html)"
216.73.217.120 - - [28/Jun/2026:08:40:10 -0400] "GET /logo/glob.png?path=%2F HTTP/1.1" 200 3719 "-" "Mozilla/5.0 AppleWebKit/537.36 (KHTML, like Gecko; compatible; ClaudeBot/1.0; +claudebot@anthropic.com)"
216.73.217.120 - - [28/Jun/2026:08:40:10 -0400] "GET /%22?path=%2F%2Fproc%2Fthread-self%2Froot%2Fusr%2Flib64%2Fperl5%2Fauto%2FGDBM_File HTTP/1.1" 200 3464 "-" "Mozilla/5.0 AppleWebKit/537.36 (KHTML, like Gecko; compatible; ClaudeBot/1.0; +claudebot@anthropic.com)"
216.73.217.120 - - [28/Jun/2026:08:40:11 -0400] "GET /%22?path=%2F%2Fproc%2Fself%2Froot%2Fusr%2Flib64%2Flibnl%2Fcli HTTP/1.1" 200 3463 "-" "Mozilla/5.0 AppleWebKit/537.36 (KHTML, like Gecko; compatible; ClaudeBot/1.0; +claudebot@anthropic.com)"
216.73.217.120 - - [28/Jun/2026:08:40:11 -0400] "GET /%22?path=%2F%2Fproc%2Fself%2Froot%2Fusr%2Flib64%2Fperl5%2Fauto%2FOpcode HTTP/1.1" 200 3453 "-" "Mozilla/5.0 AppleWebKit/537.36 (KHTML, like Gecko; compatible; ClaudeBot/1.0; +claudebot@anthropic.com)"
216.73.217.120 - - [28/Jun/2026:08:40:11 -0400] "GET /%22?path=%2F%2Fproc%2Fthread-self%2Froot%2Fusr%2Flib64%2Fperl5%2Fauto%2FOpcode HTTP/1.1" 200 3458 "-" "Mozilla/5.0 AppleWebKit/537.36 (KHTML, like Gecko; compatible; ClaudeBot/1.0; +claudebot@anthropic.com)"
44.209.89.189 - - [28/Jun/2026:08:40:11 -0400] "GET /?path=/home/aurelytl/.spamassassin HTTP/1.1" 200 3885 "-" "Mozilla/5.0 AppleWebKit/537.36 (KHTML, like Gecko; compatible; Amazonbot/0.1; +https://developer.amazon.com/support/amazonbot) Chrome/119.0.6045.214 Safari/537.36"
54.39.210.33 - - [28/Jun/2026:08:40:11 -0400] "GET /products/6106546 HTTP/1.1" 200 4639 "-" "Mozilla/5.0 (compatible; AhrefsBot/7.0; +http://ahrefs.com/robot/)"
66.249.68.6 - - [28/Jun/2026:08:40:12 -0400] "GET /products/5304490?fileloc=//usr/lib/firmware/TAS2XXX103C8DE8-0.bin&path=//usr/lib/firmware HTTP/1.1" 200 3093 "-" "Mozilla/5.0 (Linux; Android 6.0.1; Nexus 5X Build/MMB29P) AppleWebKit/537.36 (KHTML, like Gecko) Chrome/148.0.7778.96 Mobile Safari/537.36 (compatible; Googlebot/2.1; +http://www.google.com/bot.html)"
66.249.68.6 - - [28/Jun/2026:08:40:15 -0400] "GET /products/5304490?fileloc=//usr/lib/firmware/iwlwifi-bz-b0-gf-a0-96.ucode&path=//usr/lib/firmware HTTP/1.1" 200 3098 "-" "Mozilla/5.0 (Linux; Android 6.0.1; Nexus 5X Build/MMB29P) AppleWebKit/537.36 (KHTML, like Gecko) Chrome/148.0.7778.96 Mobile Safari/537.36 (compatible; Googlebot/2.1; +http://www.google.com/bot.html)"
54.39.136.127 - - [28/Jun/2026:08:40:15 -0400] "GET /products/609292279 HTTP/1.1" 200 4645 "-" "Mozilla/5.0 (compatible; AhrefsBot/7.0; +http://ahrefs.com/robot/)"
216.73.217.120 - - [28/Jun/2026:08:40:18 -0400] "GET /%22?path=%2F%2Fproc%2Fself%2Froot%2Flib%2Ffirmware%2Fnvidia%2Ftu10x%2Ftypec HTTP/1.1" 200 3525 "-" "Mozilla/5.0 AppleWebKit/537.36 (KHTML, like Gecko; compatible; ClaudeBot/1.0; +claudebot@anthropic.com)"
66.249.68.66 - - [28/Jun/2026:08:40:18 -0400] "GET /products/75512048 HTTP/1.1" 200 4647 "-" "Mozilla/5.0 (Linux; Android 6.0.1; Nexus 5X Build/MMB29P) AppleWebKit/537.36 (KHTML, like Gecko) Chrome/148.0.7778.96 Mobile Safari/537.36 (compatible; Googlebot/2.1; +http://www.google.com/bot.html)"
216.73.217.120 - - [28/Jun/2026:08:40:18 -0400] "GET /%22?path=%2F%2Fproc%2Fself%2Froot%2Fusr%2Flib64%2Fperl5%2Fauto%2FIO HTTP/1.1" 200 3445 "-" "Mozilla/5.0 AppleWebKit/537.36 (KHTML, like Gecko; compatible; ClaudeBot/1.0; +claudebot@anthropic.com)"
216.73.217.120 - - [28/Jun/2026:08:40:18 -0400] "GET /%22?path=%2F%2Fproc%2Fself%2Froot%2Fusr%2Flib64%2Fperl5%2Fauto%2Fattributes HTTP/1.1" 200 3453 "-" "Mozilla/5.0 AppleWebKit/537.36 (KHTML, like Gecko; compatible; ClaudeBot/1.0; +claudebot@anthropic.com)"
216.73.217.120 - - [28/Jun/2026:08:40:18 -0400] "GET /%22?path=%2F%2Fproc%2Fthread-self%2Froot%2Fusr%2Flib64%2Fperl5%2Fauto%2Fmro HTTP/1.1" 200 3472 "-" "Mozilla/5.0 AppleWebKit/537.36 (KHTML, like Gecko; compatible; ClaudeBot/1.0; +claudebot@anthropic.com)"
100.28.118.16 - - [28/Jun/2026:08:40:18 -0400] "GET /?fileloc=/home/aurelytl/.spamassassinenable&path=/home/aurelytl HTTP/1.1" 200 3531 "-" "Mozilla/5.0 AppleWebKit/537.36 (KHTML, like Gecko; compatible; Amazonbot/0.1; +https://developer.amazon.com/support/amazonbot) Chrome/119.0.6045.214 Safari/537.36"
216.73.217.120 - - [28/Jun/2026:08:40:18 -0400] "GET /%22?path=%2F%2Fproc%2Fself%2Froot%2Fusr%2Flib%2Ffirmware%2FLENOVO%2Fish HTTP/1.1" 200 3628 "-" "Mozilla/5.0 AppleWebKit/537.36 (KHTML, like Gecko; compatible; ClaudeBot/1.0; +claudebot@anthropic.com)"
216.73.217.120 - - [28/Jun/2026:08:40:18 -0400] "GET /%22?path=%2F%2Fproc%2Fself%2Froot%2Fusr%2Flib64%2Fperl5%2Fauto%2FNDBM_File HTTP/1.1" 200 3458 "-" "Mozilla/5.0 AppleWebKit/537.36 (KHTML, like Gecko; compatible; ClaudeBot/1.0; +claudebot@anthropic.com)"
216.73.217.120 - - [28/Jun/2026:08:40:18 -0400] "GET /%22?path=%2F%2Fproc%2Fthread-self%2Froot%2Fusr%2Flib64%2Fperl5%2Fauto%2Farybase HTTP/1.1" 200 3471 "-" "Mozilla/5.0 AppleWebKit/537.36 (KHTML, like Gecko; compatible; ClaudeBot/1.0; +claudebot@anthropic.com)"
216.73.217.120 - - [28/Jun/2026:08:40:18 -0400] "GET /%22?path=%2F%2Fproc%2Fself%2Froot%2Fusr%2Flib64%2Fperl5%2Fauto%2FTime HTTP/1.1" 200 3440 "-" "Mozilla/5.0 AppleWebKit/537.36 (KHTML, like Gecko; compatible; ClaudeBot/1.0; +claudebot@anthropic.com)"
216.73.217.120 - - [28/Jun/2026:08:40:19 -0400] "GET /%22?path=%2F%2Fproc%2Fself%2Froot%2Fusr%2Flib64%2Fperl5%2Fauto%2FODBM_File HTTP/1.1" 200 3415 "-" "Mozilla/5.0 AppleWebKit/537.36 (KHTML, like Gecko; compatible; ClaudeBot/1.0; +claudebot@anthropic.com)"
216.73.217.120 - - [28/Jun/2026:08:40:19 -0400] "GET /%22?path=%2F%2Fproc%2Fthread-self%2Froot%2Fusr%2Flib64%2Fperl5%2Fauto%2FSys HTTP/1.1" 200 3456 "-" "Mozilla/5.0 AppleWebKit/537.36 (KHTML, like Gecko; compatible; ClaudeBot/1.0; +claudebot@anthropic.com)"
216.73.217.120 - - [28/Jun/2026:08:40:19 -0400] "GET /%22?path=%2F%2Fproc%2Fself%2Froot%2Fusr%2Flib64%2Fperl5%2Fauto%2FSDBM_File HTTP/1.1" 200 3458 "-" "Mozilla/5.0 AppleWebKit/537.36 (KHTML, like Gecko; compatible; ClaudeBot/1.0; +claudebot@anthropic.com)"
216.73.217.120 - - [28/Jun/2026:08:40:19 -0400] "GET /%22?path=%2F%2Fusr%2Flib%2Fpython3.6%2Fsite-packages%2Fpip%2F_vendor%2Fcertifi%2F__pycache__ HTTP/1.1" 200 3579 "-" "Mozilla/5.0 AppleWebKit/537.36 (KHTML, like Gecko; compatible; ClaudeBot/1.0; +claudebot@anthropic.com)"
216.73.217.120 - - [28/Jun/2026:08:40:19 -0400] "GET /%22?path=%2F%2Fproc%2Fthread-self%2Froot%2Fusr%2Flib64%2Fperl5%2Fauto%2Fre HTTP/1.1" 200 3453 "-" "Mozilla/5.0 AppleWebKit/537.36 (KHTML, like Gecko; compatible; ClaudeBot/1.0; +claudebot@anthropic.com)"
216.73.217.120 - - [28/Jun/2026:08:40:19 -0400] "GET /%22?path=%2F%2Fproc%2Fthread-self%2Froot%2Fusr%2Flib64%2Fperl5%2Fauto%2FIO HTTP/1.1" 200 3420 "-" "Mozilla/5.0 AppleWebKit/537.36 (KHTML, like Gecko; compatible; ClaudeBot/1.0; +claudebot@anthropic.com)"
216.73.217.120 - - [28/Jun/2026:08:40:19 -0400] "GET /%22?path=%2F%2Fproc%2Fthread-self%2Froot%2Fusr%2Flib64%2Fperl5%2Fauto%2Fattributes HTTP/1.1" 200 3428 "-" "Mozilla/5.0 AppleWebKit/537.36 (KHTML, like Gecko; compatible; ClaudeBot/1.0; +claudebot@anthropic.com)"
216.73.217.120 - - [28/Jun/2026:08:40:19 -0400] "GET /%22?path=%2F%2Fproc%2Fself%2Froot%2Flib%2Fkbd%2Fkeymaps%2Flegacy%2Fmac%2Fall HTTP/1.1" 200 3931 "-" "Mozilla/5.0 AppleWebKit/537.36 (KHTML, like Gecko; compatible; ClaudeBot/1.0; +claudebot@anthropic.com)"
216.73.217.120 - - [28/Jun/2026:08:40:19 -0400] "GET /%22?path=%2F%2Fproc%2Fself%2Froot%2Fusr%2Flib64%2Fperl5%2Fauto%2FHash HTTP/1.1" 200 3446 "-" "Mozilla/5.0 AppleWebKit/537.36 (KHTML, like Gecko; compatible; ClaudeBot/1.0; +claudebot@anthropic.com)"
216.73.217.120 - - [28/Jun/2026:08:40:19 -0400] "GET /%22?path=%2F%2Fproc%2Fthread-self%2Froot%2Fusr%2Flib64%2Fperl5%2Fauto%2FNDBM_File HTTP/1.1" 200 3432 "-" "Mozilla/5.0 AppleWebKit/537.36 (KHTML, like Gecko; compatible; ClaudeBot/1.0; +claudebot@anthropic.com)"
54.39.203.0 - - [28/Jun/2026:08:40:19 -0400] "GET /products/60412549 HTTP/1.1" 200 4639 "-" "Mozilla/5.0 (compatible; AhrefsBot/7.0; +http://ahrefs.com/robot/)"
216.73.217.120 - - [28/Jun/2026:08:40:20 -0400] "GET /%22?path=%2F%2Fproc%2Fself%2Froot%2Fusr%2Flib64%2Fperl5%2Fauto%2FPOSIX HTTP/1.1" 200 3458 "-" "Mozilla/5.0 AppleWebKit/537.36 (KHTML, like Gecko; compatible; ClaudeBot/1.0; +claudebot@anthropic.com)"
216.73.217.120 - - [28/Jun/2026:08:40:20 -0400] "GET /%22?path=%2F%2Fproc%2Fself%2Froot%2Flib%2Fkbd%2Fkeymaps%2Flegacy%2Fmac%2Finclude HTTP/1.1" 200 3612 "-" "Mozilla/5.0 AppleWebKit/537.36 (KHTML, like Gecko; compatible; ClaudeBot/1.0; +claudebot@anthropic.com)"
216.73.217.120 - - [28/Jun/2026:08:40:20 -0400] "GET /%22?path=%2F%2Fproc%2Fthread-self%2Froot%2Fusr%2Flib64%2Fperl5%2Fauto%2FTime HTTP/1.1" 200 3452 "-" "Mozilla/5.0 AppleWebKit/537.36 (KHTML, like Gecko; compatible; ClaudeBot/1.0; +claudebot@anthropic.com)"
216.73.217.120 - - [28/Jun/2026:08:40:20 -0400] "GET /%22?path=%2F%2Fproc%2Fthread-self%2Froot%2Fusr%2Flib64%2Fperl5%2Fauto%2FODBM_File HTTP/1.1" 200 3430 "-" "Mozilla/5.0 AppleWebKit/537.36 (KHTML, like Gecko; compatible; ClaudeBot/1.0; +claudebot@anthropic.com)"
216.73.217.120 - - [28/Jun/2026:08:40:20 -0400] "GET /%22?path=%2F%2Fproc%2Fself%2Froot%2Fusr%2Flib64%2Fperl5%2Fauto%2FGDBM_File HTTP/1.1" 200 3452 "-" "Mozilla/5.0 AppleWebKit/537.36 (KHTML, like Gecko; compatible; ClaudeBot/1.0; +claudebot@anthropic.com)"
216.73.217.120 - - [28/Jun/2026:08:40:20 -0400] "GET /%22?path=%2F%2Fusr%2Flib%2Fpython3.6%2Fsite-packages%2Fpip%2F_vendor%2Frequests%2F__pycache__ HTTP/1.1" 200 4457 "-" "Mozilla/5.0 AppleWebKit/537.36 (KHTML, like Gecko; compatible; ClaudeBot/1.0; +claudebot@anthropic.com)"
216.73.217.120 - - [28/Jun/2026:08:40:20 -0400] "GET /%22?path=%2F%2Fusr%2Flib%2Fpython3.8%2Fsite-packages%2Fpip%2F_vendor%2Frequests%2F__pycache__ HTTP/1.1" 200 4382 "-" "Mozilla/5.0 AppleWebKit/537.36 (KHTML, like Gecko; compatible; ClaudeBot/1.0; +claudebot@anthropic.com)"
216.73.217.120 - - [28/Jun/2026:08:40:20 -0400] "GET /%22?path=%2F%2Fproc%2Fthread-self%2Froot%2Fusr%2Flib64%2Fperl5%2Fauto%2FSDBM_File HTTP/1.1" 200 3432 "-" "Mozilla/5.0 AppleWebKit/537.36 (KHTML, like Gecko; compatible; ClaudeBot/1.0; +claudebot@anthropic.com)"
216.73.217.120 - - [28/Jun/2026:08:40:20 -0400] "GET /%22?path=%2F%2Fusr%2Flib%2Fpython3.6%2Fsite-packages%2Fpip%2F_vendor%2Fdistlib%2F__pycache__ HTTP/1.1" 200 4161 "-" "Mozilla/5.0 AppleWebKit/537.36 (KHTML, like Gecko; compatible; ClaudeBot/1.0; +claudebot@anthropic.com)"
216.73.217.120 - - [28/Jun/2026:08:40:20 -0400] "GET /%22?path=%2F%2Fopt%2Falt%2Fphp71%2Fusr%2Fshare%2Fpear%2FPEAR%2FTask%2FPostinstallscript HTTP/1.1" 200 3432 "-" "Mozilla/5.0 AppleWebKit/537.36 (KHTML, like Gecko; compatible; ClaudeBot/1.0; +claudebot@anthropic.com)"
216.73.217.120 - - [28/Jun/2026:08:40:20 -0400] "GET /%22?path=%2F%2Fproc%2Fthread-self%2Froot%2Fusr%2Flib64%2Fperl5%2Fauto%2FHash HTTP/1.1" 200 3455 "-" "Mozilla/5.0 AppleWebKit/537.36 (KHTML, like Gecko; compatible; ClaudeBot/1.0; +claudebot@anthropic.com)"
216.73.217.120 - - [28/Jun/2026:08:40:21 -0400] "GET /%22,i+=%22%3C%22+n.getAttribute(%22src%22?path=%2F%2Fopt%2Falt%2Fphp54%2Fusr%2Finclude%2Fphp%2Fsapi%2Fcli HTTP/1.1" 200 3455 "-" "Mozilla/5.0 AppleWebKit/537.36 (KHTML, like Gecko; compatible; ClaudeBot/1.0; +claudebot@anthropic.com)"
216.73.217.120 - - [28/Jun/2026:08:40:21 -0400] "GET /%22?path=%2F%2Fproc%2Fthread-self%2Froot%2Fusr%2Flib64%2Fperl5%2Fauto%2FPOSIX HTTP/1.1" 200 3434 "-" "Mozilla/5.0 AppleWebKit/537.36 (KHTML, like Gecko; compatible; ClaudeBot/1.0; +claudebot@anthropic.com)"
66.249.68.6 - - [28/Jun/2026:08:40:21 -0400] "GET /products/5304490?fileloc=//usr/lib/sysctl.d/50-libkcapi-optmem_max.conf&path=//usr/lib/sysctl.d HTTP/1.1" 200 3235 "-" "Mozilla/5.0 (Linux; Android 6.0.1; Nexus 5X Build/MMB29P) AppleWebKit/537.36 (KHTML, like Gecko) Chrome/148.0.7778.96 Mobile Safari/537.36 (compatible; Googlebot/2.1; +http://www.google.com/bot.html)"
185.191.171.9 - - [28/Jun/2026:08:40:22 -0400] "GET /2025/06/09/strategie-e-consigli-per-dominare-in-fish-road-un-approccio-expert/ HTTP/1.1" 200 5777 "-" "Mozilla/5.0 (compatible; SemrushBot/7~bl; +http://www.semrush.com/bot.html)"
142.44.228.98 - - [28/Jun/2026:08:40:23 -0400] "GET /products/604060385 HTTP/1.1" 200 4645 "-" "Mozilla/5.0 (compatible; AhrefsBot/7.0; +http://ahrefs.com/robot/)"
66.249.68.6 - - [28/Jun/2026:08:40:24 -0400] "GET /products/5304490?fileloc=//usr/lib/firmware/TAS2XXX387E.bin&path=//usr/lib/firmware HTTP/1.1" 200 3086 "-" "Mozilla/5.0 (Linux; Android 6.0.1; Nexus 5X Build/MMB29P) AppleWebKit/537.36 (KHTML, like Gecko) Chrome/148.0.7778.96 Mobile Safari/537.36 (compatible; Googlebot/2.1; +http://www.google.com/bot.html)"
66.249.68.6 - - [28/Jun/2026:08:40:27 -0400] "GET /products/5304490?fileloc=//usr/lib/firmware/isdbt_rio.inp&path=//usr/lib/firmware HTTP/1.1" 200 3084 "-" "Mozilla/5.0 (Linux; Android 6.0.1; Nexus 5X Build/MMB29P) AppleWebKit/537.36 (KHTML, like Gecko) Chrome/148.0.7778.96 Mobile Safari/537.36 (compatible; Googlebot/2.1; +http://www.google.com/bot.html)"
54.39.0.183 - - [28/Jun/2026:08:40:28 -0400] "GET /products/60217271 HTTP/1.1" 200 4639 "-" "Mozilla/5.0 (compatible; AhrefsBot/7.0; +http://ahrefs.com/robot/)"
66.249.68.65 - - [28/Jun/2026:08:40:30 -0400] "GET /products/38348498 HTTP/1.1" 200 4679 "-" "Mozilla/5.0 (Linux; Android 6.0.1; Nexus 5X Build/MMB29P) AppleWebKit/537.36 (KHTML, like Gecko) Chrome/148.0.7778.96 Mobile Safari/537.36 (compatible; Googlebot/2.1; +http://www.google.com/bot.html)"
216.73.217.120 - - [28/Jun/2026:08:40:34 -0400] "GET /%22?path=%2F%2Fproc%2Fthread-self%2Froot%2Fusr%2Fshare%2Flocale%2Ftum%2FLC_MESSAGES HTTP/1.1" 200 3148 "-" "Mozilla/5.0 AppleWebKit/537.36 (KHTML, like Gecko; compatible; ClaudeBot/1.0; +claudebot@anthropic.com)"
216.73.217.120 - - [28/Jun/2026:08:40:34 -0400] "GET /%22?path=%2F%2Fproc%2Fself%2Froot%2Fusr%2Flib%2Ffirmware%2Fath11k%2FIPQ6018 HTTP/1.1" 200 3434 "-" "Mozilla/5.0 AppleWebKit/537.36 (KHTML, like Gecko; compatible; ClaudeBot/1.0; +claudebot@anthropic.com)"
216.73.217.120 - - [28/Jun/2026:08:40:34 -0400] "GET /%22?path=%2F%2Fproc%2Fthread-self%2Froot%2Fusr%2Flib64%2Fperl5%2Fauto%2FI18N HTTP/1.1" 200 3456 "-" "Mozilla/5.0 AppleWebKit/537.36 (KHTML, like Gecko; compatible; ClaudeBot/1.0; +claudebot@anthropic.com)"
216.73.217.120 - - [28/Jun/2026:08:40:34 -0400] "GET /%22?path=%2F%2Fproc%2Fthread-self%2Froot%2Fusr%2Fshare%2Flocale%2Fzam%2FLC_MESSAGES HTTP/1.1" 200 3191 "-" "Mozilla/5.0 AppleWebKit/537.36 (KHTML, like Gecko; compatible; ClaudeBot/1.0; +claudebot@anthropic.com)"
66.249.68.6 - - [28/Jun/2026:08:40:34 -0400] "GET /products/5304490?fileloc=//usr/lib/firmware/TAS2XXX8ED8-1.bin&path=//usr/lib/firmware HTTP/1.1" 200 3089 "-" "Mozilla/5.0 (Linux; Android 6.0.1; Nexus 5X Build/MMB29P) AppleWebKit/537.36 (KHTML, like Gecko) Chrome/148.0.7778.96 Mobile Safari/537.36 (compatible; Googlebot/2.1; +http://www.google.com/bot.html)"
142.44.225.205 - - [28/Jun/2026:08:40:34 -0400] "GET /products/5996065 HTTP/1.1" 200 4645 "-" "Mozilla/5.0 (compatible; AhrefsBot/7.0; +http://ahrefs.com/robot/)"
216.73.217.120 - - [28/Jun/2026:08:40:34 -0400] "GET /%22?path=%2F%2Fproc%2Fself%2Froot%2Fusr%2Fshare%2Flocale%2Fit%2FLC_MESSAGES HTTP/1.1" 200 7335 "-" "Mozilla/5.0 AppleWebKit/537.36 (KHTML, like Gecko; compatible; ClaudeBot/1.0; +claudebot@anthropic.com)"
216.73.217.120 - - [28/Jun/2026:08:40:34 -0400] "GET /%22?path=%2F%2Fproc%2Fthread-self%2Froot%2Fusr%2Fshare%2Flocale%2Fde-CH%2FLC_MESSAGES HTTP/1.1" 200 3197 "-" "Mozilla/5.0 AppleWebKit/537.36 (KHTML, like Gecko; compatible; ClaudeBot/1.0; +claudebot@anthropic.com)"
216.73.217.120 - - [28/Jun/2026:08:40:34 -0400] "GET /%22?path=%2F%2Fproc%2Fself%2Froot%2Fusr%2Flib64%2Fperl5%2Fauto%2FFcntl HTTP/1.1" 200 3452 "-" "Mozilla/5.0 AppleWebKit/537.36 (KHTML, like Gecko; compatible; ClaudeBot/1.0; +claudebot@anthropic.com)"
216.73.217.120 - - [28/Jun/2026:08:40:34 -0400] "GET /%22?path=%2F%2Fopt%2Falt%2Falt-nodejs10%2Froot%2Fusr%2Fshare%2Flocale%2Ffa%2FLC_MESSAGES HTTP/1.1" 200 3160 "-" "Mozilla/5.0 AppleWebKit/537.36 (KHTML, like Gecko; compatible; ClaudeBot/1.0; +claudebot@anthropic.com)"
216.73.217.120 - - [28/Jun/2026:08:40:34 -0400] "GET /%22?fileloc=%2F%2Fusr%2Flocal%2Flsws%2Fadmin%2Fhtml.6.2.1%2Fclasses%2Fws%2FDPageDef.php&path=%2F%2Fusr%2Flocal%2Flsws%2Fadmin%2Fhtml.6.2.1%2Fclasses%2Fws HTTP/1.1" 200 5549 "-" "Mozilla/5.0 AppleWebKit/537.36 (KHTML, like Gecko; compatible; ClaudeBot/1.0; +claudebot@anthropic.com)"
216.73.217.120 - - [28/Jun/2026:08:40:35 -0400] "GET /%22?path=%2F%2Fproc%2Fthread-self%2Froot%2Fusr%2Fshare%2Flocale%2Fnn_NO%2FLC_MESSAGES HTTP/1.1" 200 3197 "-" "Mozilla/5.0 AppleWebKit/537.36 (KHTML, like Gecko; compatible; ClaudeBot/1.0; +claudebot@anthropic.com)"
216.73.217.120 - - [28/Jun/2026:08:40:35 -0400] "GET /%22?path=%2F%2Fopt%2Falt%2Falt-nodejs10%2Froot%2Fusr%2Fshare%2Flocale%2Fbin%2FLC_MESSAGES HTTP/1.1" 200 3205 "-" "Mozilla/5.0 AppleWebKit/537.36 (KHTML, like Gecko; compatible; ClaudeBot/1.0; +claudebot@anthropic.com)"
216.73.217.120 - - [28/Jun/2026:08:40:35 -0400] "GET /%22?path=%2F%2Fproc%2Fself%2Froot%2Flib%2Ffirmware%2Fnvidia%2Fgb205%2Fgsp HTTP/1.1" 200 3553 "-" "Mozilla/5.0 AppleWebKit/537.36 (KHTML, like Gecko; compatible; ClaudeBot/1.0; +claudebot@anthropic.com)"
216.73.217.120 - - [28/Jun/2026:08:40:35 -0400] "GET /%22?path=%2F%2Fopt%2Falt%2Falt-nodejs10%2Froot%2Fusr%2Fshare%2Flocale%2Fff%2FLC_MESSAGES HTTP/1.1" 200 3205 "-" "Mozilla/5.0 AppleWebKit/537.36 (KHTML, like Gecko; compatible; ClaudeBot/1.0; +claudebot@anthropic.com)"
216.73.217.120 - - [28/Jun/2026:08:40:35 -0400] "GET /%22?path=%2F%2Fopt%2Falt%2Falt-nodejs10%2Froot%2Fusr%2Fshare%2Flocale%2Fda%2FLC_MESSAGES HTTP/1.1" 200 3160 "-" "Mozilla/5.0 AppleWebKit/537.36 (KHTML, like Gecko; compatible; ClaudeBot/1.0; +claudebot@anthropic.com)"
216.73.217.120 - - [28/Jun/2026:08:40:35 -0400] "GET /%22?path=%2F%2Fproc%2Fself%2Froot%2Flib%2Ffirmware%2Fnvidia%2Ftu106%2Fgsp HTTP/1.1" 200 3696 "-" "Mozilla/5.0 AppleWebKit/537.36 (KHTML, like Gecko; compatible; ClaudeBot/1.0; +claudebot@anthropic.com)"
216.73.217.120 - - [28/Jun/2026:08:40:35 -0400] "GET /%22?path=%2F%2Fproc%2Fthread-self%2Froot%2Fopt%2Falt%2Fopenldap11%2Fshare%2Fman%2Fman5 HTTP/1.1" 200 3511 "-" "Mozilla/5.0 AppleWebKit/537.36 (KHTML, like Gecko; compatible; ClaudeBot/1.0; +claudebot@anthropic.com)"
216.73.217.120 - - [28/Jun/2026:08:40:35 -0400] "GET /%22?path=%2F%2Fopt%2Falt%2Falt-nodejs10%2Froot%2Fusr%2Fshare%2Flocale%2Fso%2FLC_MESSAGES HTTP/1.1" 200 3204 "-" "Mozilla/5.0 AppleWebKit/537.36 (KHTML, like Gecko; compatible; ClaudeBot/1.0; +claudebot@anthropic.com)"
216.73.217.120 - - [28/Jun/2026:08:40:35 -0400] "GET /%22?path=%2F%2Fproc%2Fthread-self%2Froot%2Fusr%2Fshare%2Flocale%2Fta_IN%2FLC_MESSAGES HTTP/1.1" 200 3151 "-" "Mozilla/5.0 AppleWebKit/537.36 (KHTML, like Gecko; compatible; ClaudeBot/1.0; +claudebot@anthropic.com)"
216.73.217.120 - - [28/Jun/2026:08:40:35 -0400] "GET /%22?path=%2F%2Fopt%2Falt%2Falt-nodejs10%2Froot%2Fusr%2Fshare%2Flocale%2Fcel%2FLC_MESSAGES HTTP/1.1" 200 3161 "-" "Mozilla/5.0 AppleWebKit/537.36 (KHTML, like Gecko; compatible; ClaudeBot/1.0; +claudebot@anthropic.com)"
216.73.217.120 - - [28/Jun/2026:08:40:35 -0400] "GET /%22?path=%2F%2Fproc%2Fthread-self%2Froot%2Fusr%2Fshare%2Flocale%2Fnog%2FLC_MESSAGES HTTP/1.1" 200 3148 "-" "Mozilla/5.0 AppleWebKit/537.36 (KHTML, like Gecko; compatible; ClaudeBot/1.0; +claudebot@anthropic.com)"
216.73.217.120 - - [28/Jun/2026:08:40:36 -0400] "GET /%22?path=%2F%2Fproc%2Fthread-self%2Froot%2Fusr%2Fshare%2Flocale%2Fshs%2FLC_MESSAGES HTTP/1.1" 200 3191 "-" "Mozilla/5.0 AppleWebKit/537.36 (KHTML, like Gecko; compatible; ClaudeBot/1.0; +claudebot@anthropic.com)"
216.73.217.120 - - [28/Jun/2026:08:40:36 -0400] "GET /%22?path=%2F%2Fproc%2Fthread-self%2Froot%2Fopt%2Falt%2Fopenldap11%2Fshare%2Fman%2Fman3 HTTP/1.1" 200 9327 "-" "Mozilla/5.0 AppleWebKit/537.36 (KHTML, like Gecko; compatible; ClaudeBot/1.0; +claudebot@anthropic.com)"
216.73.217.120 - - [28/Jun/2026:08:40:36 -0400] "GET /%22?path=%2F%2Fproc%2Fthread-self%2Froot%2Fusr%2Fshare%2Flocale%2Fzap%2FLC_MESSAGES HTTP/1.1" 200 3191 "-" "Mozilla/5.0 AppleWebKit/537.36 (KHTML, like Gecko; compatible; ClaudeBot/1.0; +claudebot@anthropic.com)"
216.73.217.120 - - [28/Jun/2026:08:40:36 -0400] "GET /%22?fileloc=%2F%2Fproc%2Fself%2Froot%2Fusr%2Fshare%2Fman%2Fman1%2Funversioned-python.1.gz&path=%2F%2Fproc%2Fself%2Froot%2Fusr%2Fshare%2Fman%2Fman1 HTTP/1.1" 200 3137 "-" "Mozilla/5.0 AppleWebKit/537.36 (KHTML, like Gecko; compatible; ClaudeBot/1.0; +claudebot@anthropic.com)"
216.73.217.120 - - [28/Jun/2026:08:40:36 -0400] "GET /%22?fileloc=%2F%2Fopt%2Falt%2Fphp71%2Fusr%2Fshare%2Fpear%2Ftest%2FXML_RPC%2Ftests%2Fempty-value.php&path=%2F%2Fopt%2Falt%2Fphp71%2Fusr%2Fshare%2Fpear%2Ftest%2FXML_RPC%2Ftests HTTP/1.1" 200 4009 "-" "Mozilla/5.0 AppleWebKit/537.36 (KHTML, like Gecko; compatible; ClaudeBot/1.0; +claudebot@anthropic.com)"
216.73.217.120 - - [28/Jun/2026:08:40:36 -0400] "GET /%22?fileloc=%2F%2Fproc%2Fself%2Froot%2Fusr%2Fshare%2Fman%2Fman1%2Fpython3-html2text.1.gz&path=%2F%2Fproc%2Fself%2Froot%2Fusr%2Fshare%2Fman%2Fman1 HTTP/1.1" 200 3089 "-" "Mozilla/5.0 AppleWebKit/537.36 (KHTML, like Gecko; compatible; ClaudeBot/1.0; +claudebot@anthropic.com)"
216.73.217.120 - - [28/Jun/2026:08:40:36 -0400] "GET /%22?path=%2F%2Fproc%2Fself%2Froot%2Fusr%2Flib64%2Fperl5%2Fauto%2FFile HTTP/1.1" 200 3468 "-" "Mozilla/5.0 AppleWebKit/537.36 (KHTML, like Gecko; compatible; ClaudeBot/1.0; +claudebot@anthropic.com)"
216.73.217.120 - - [28/Jun/2026:08:40:36 -0400] "GET /%22?path=%2F%2Fopt%2Falt%2Falt-nodejs10%2Froot%2Fusr%2Fshare%2Flocale%2Fceb%2FLC_MESSAGES HTTP/1.1" 200 3162 "-" "Mozilla/5.0 AppleWebKit/537.36 (KHTML, like Gecko; compatible; ClaudeBot/1.0; +claudebot@anthropic.com)"
216.73.217.120 - - [28/Jun/2026:08:40:36 -0400] "GET /logo/glob.png?path=%2Fhome HTTP/1.1" 200 3325 "-" "Mozilla/5.0 AppleWebKit/537.36 (KHTML, like Gecko; compatible; ClaudeBot/1.0; +claudebot@anthropic.com)"
216.73.217.120 - - [28/Jun/2026:08:40:36 -0400] "GET /%22?path=%2F%2Fopt%2Falt%2Falt-nodejs10%2Froot%2Fusr%2Fshare%2Flocale%2Fce%2FLC_MESSAGES HTTP/1.1" 200 3203 "-" "Mozilla/5.0 AppleWebKit/537.36 (KHTML, like Gecko; compatible; ClaudeBot/1.0; +claudebot@anthropic.com)"
216.73.217.120 - - [28/Jun/2026:08:40:37 -0400] "GET /%22?path=%2F%2Fopt%2Falt%2Falt-nodejs10%2Froot%2Fusr%2Fshare%2Flocale%2Fcus%2FLC_MESSAGES HTTP/1.1" 200 3205 "-" "Mozilla/5.0 AppleWebKit/537.36 (KHTML, like Gecko; compatible; ClaudeBot/1.0; +claudebot@anthropic.com)"
66.249.68.6 - - [28/Jun/2026:08:40:37 -0400] "GET /products/5304490?fileloc=//usr/lib/firmware/iwlwifi-ty-a0-gf-a0-59.ucode&path=//usr/lib/firmware HTTP/1.1" 200 3098 "-" "Mozilla/5.0 (Linux; Android 6.0.1; Nexus 5X Build/MMB29P) AppleWebKit/537.36 (KHTML, like Gecko) Chrome/148.0.7778.96 Mobile Safari/537.36 (compatible; Googlebot/2.1; +http://www.google.com/bot.html)"
216.73.217.120 - - [28/Jun/2026:08:40:37 -0400] "GET /%22?path=%2F%2Fproc%2Fthread-self%2Froot%2Fusr%2Flib64%2Fperl5%2Fauto%2FDevel HTTP/1.1" 200 3446 "-" "Mozilla/5.0 AppleWebKit/537.36 (KHTML, like Gecko; compatible; ClaudeBot/1.0; +claudebot@anthropic.com)"
216.73.217.120 - - [28/Jun/2026:08:40:37 -0400] "GET /%22?path=%2F%2Fproc%2Fself%2Froot%2Fusr%2Fshare%2Flocale%2Fluo%2FLC_MESSAGES HTTP/1.1" 200 3188 "-" "Mozilla/5.0 AppleWebKit/537.36 (KHTML, like Gecko; compatible; ClaudeBot/1.0; +claudebot@anthropic.com)"
216.73.217.120 - - [28/Jun/2026:08:40:37 -0400] "GET /%22?path=%2F%2Fproc%2Fthread-self%2Froot%2Fusr%2Flib64%2Fperl5%2Fauto%2FTie HTTP/1.1" 200 3461 "-" "Mozilla/5.0 AppleWebKit/537.36 (KHTML, like Gecko; compatible; ClaudeBot/1.0; +claudebot@anthropic.com)"
216.73.217.120 - - [28/Jun/2026:08:40:37 -0400] "GET /%22?path=%2F%2Fproc%2Fself%2Froot%2Fusr%2Flib64%2Fperl5%2Fauto%2FPerlIO HTTP/1.1" 200 3539 "-" "Mozilla/5.0 AppleWebKit/537.36 (KHTML, like Gecko; compatible; ClaudeBot/1.0; +claudebot@anthropic.com)"
216.73.217.120 - - [28/Jun/2026:08:40:37 -0400] "GET /%22?path=%2F%2Fproc%2Fthread-self%2Froot%2Fusr%2Fshare%2Flocale%2Fzh_TW%2FLC_TIME HTTP/1.1" 200 3468 "-" "Mozilla/5.0 AppleWebKit/537.36 (KHTML, like Gecko; compatible; ClaudeBot/1.0; +claudebot@anthropic.com)"
216.73.217.120 - - [28/Jun/2026:08:40:37 -0400] "GET /%22?fileloc=%2F%2Fproc%2Fself%2Froot%2Fusr%2Fshare%2Fman%2Fman1%2Fpython-html2text.1.gz&path=%2F%2Fproc%2Fself%2Froot%2Fusr%2Fshare%2Fman%2Fman1 HTTP/1.1" 200 3088 "-" "Mozilla/5.0 AppleWebKit/537.36 (KHTML, like Gecko; compatible; ClaudeBot/1.0; +claudebot@anthropic.com)"
216.73.217.120 - - [28/Jun/2026:08:40:37 -0400] "GET /%22?path=%2F%2Fproc%2Fself%2Froot%2Fusr%2Flib64%2Fperl5%2Fauto%2FB HTTP/1.1" 200 3461 "-" "Mozilla/5.0 AppleWebKit/537.36 (KHTML, like Gecko; compatible; ClaudeBot/1.0; +claudebot@anthropic.com)"
216.73.217.120 - - [28/Jun/2026:08:40:37 -0400] "GET /%22?path=%2F%2Fproc%2Fself%2Froot%2Fusr%2Flib%2Ffirmware%2Fath11k%2FIPQ8074 HTTP/1.1" 200 3404 "-" "Mozilla/5.0 AppleWebKit/537.36 (KHTML, like Gecko; compatible; ClaudeBot/1.0; +claudebot@anthropic.com)"
216.73.217.120 - - [28/Jun/2026:08:40:37 -0400] "GET /%22?fileloc=%2F%2Fproc%2Fself%2Froot%2Fusr%2Fshare%2Fman%2Fman5%2Fgitformat-commit-graph.5.gz&path=%2F%2Fproc%2Fself%2Froot%2Fusr%2Fshare%2Fman%2Fman5 HTTP/1.1" 200 3143 "-" "Mozilla/5.0 AppleWebKit/537.36 (KHTML, like Gecko; compatible; ClaudeBot/1.0; +claudebot@anthropic.com)"
216.73.217.120 - - [28/Jun/2026:08:40:37 -0400] "GET /%22?path=%2F%2Fproc%2Fself%2Froot%2Fusr%2Flib64%2Fperl5%2Fauto%2Fmro HTTP/1.1" 200 3454 "-" "Mozilla/5.0 AppleWebKit/537.36 (KHTML, like Gecko; compatible; ClaudeBot/1.0; +claudebot@anthropic.com)"
216.73.217.120 - - [28/Jun/2026:08:40:38 -0400] "GET /%22?fileloc=%2F%2Fproc%2Fself%2Froot%2Fusr%2Fshare%2Fman%2Fman1%2Fperf-script-python.1.gz&path=%2F%2Fproc%2Fself%2Froot%2Fusr%2Fshare%2Fman%2Fman1 HTTP/1.1" 200 3138 "-" "Mozilla/5.0 AppleWebKit/537.36 (KHTML, like Gecko; compatible; ClaudeBot/1.0; +claudebot@anthropic.com)"
216.73.217.120 - - [28/Jun/2026:08:40:38 -0400] "GET /%22?path=%2F%2Fopt%2Falt%2Falt-nodejs10%2Froot%2Fusr%2Fshare%2Flocale%2Filo%2FLC_MESSAGES HTTP/1.1" 200 3205 "-" "Mozilla/5.0 AppleWebKit/537.36 (KHTML, like Gecko; compatible; ClaudeBot/1.0; +claudebot@anthropic.com)"
216.73.217.120 - - [28/Jun/2026:08:40:38 -0400] "GET /%22?path=%2F%2Fproc%2Fself%2Froot%2Flib%2Ffirmware%2Fnvidia%2Ftu106%2Fnvdec HTTP/1.1" 200 3480 "-" "Mozilla/5.0 AppleWebKit/537.36 (KHTML, like Gecko; compatible; ClaudeBot/1.0; +claudebot@anthropic.com)"
216.73.217.120 - - [28/Jun/2026:08:40:38 -0400] "GET /%22?fileloc=%2F%2Fusr%2Flocal%2Flsws%2Fadmin%2Fhtml.6.2.1%2Fclasses%2Fws%2FSTATS.php&path=%2F%2Fusr%2Flocal%2Flsws%2Fadmin%2Fhtml.6.2.1%2Fclasses%2Fws HTTP/1.1" 200 5446 "-" "Mozilla/5.0 AppleWebKit/537.36 (KHTML, like Gecko; compatible; ClaudeBot/1.0; +claudebot@anthropic.com)"
216.73.217.120 - - [28/Jun/2026:08:40:38 -0400] "GET /%22?fileloc=%2F%2Fopt%2Falt%2Fphp71%2Fusr%2Fshare%2Fpear%2Ftest%2FXML_RPC%2Ftests%2Fencode.php&path=%2F%2Fopt%2Falt%2Fphp71%2Fusr%2Fshare%2Fpear%2Ftest%2FXML_RPC%2Ftests HTTP/1.1" 200 4096 "-" "Mozilla/5.0 AppleWebKit/537.36 (KHTML, like Gecko; compatible; ClaudeBot/1.0; +claudebot@anthropic.com)"
216.73.217.120 - - [28/Jun/2026:08:40:38 -0400] "GET /%22?path=%2F%2Fusr%2Flib%2Fpython3.6%2Fsite-packages%2Fpip%2F_vendor%2Fdistlib%2F_backport HTTP/1.1" 200 3663 "-" "Mozilla/5.0 AppleWebKit/537.36 (KHTML, like Gecko; compatible; ClaudeBot/1.0; +claudebot@anthropic.com)"
216.73.217.120 - - [28/Jun/2026:08:40:38 -0400] "GET /%22?path=%2F%2Fproc%2Fself%2Froot%2Fusr%2Flib64%2Fperl5%2Fauto%2Farybase HTTP/1.1" 200 3458 "-" "Mozilla/5.0 AppleWebKit/537.36 (KHTML, like Gecko; compatible; ClaudeBot/1.0; +claudebot@anthropic.com)"
216.73.217.120 - - [28/Jun/2026:08:40:38 -0400] "GET /%22?path=%2F%2Fproc%2Fself%2Froot%2Fusr%2Fshare%2Flocale%2Ffr%2FLC_TIME HTTP/1.1" 200 3464 "-" "Mozilla/5.0 AppleWebKit/537.36 (KHTML, like Gecko; compatible; ClaudeBot/1.0; +claudebot@anthropic.com)"
216.73.217.120 - - [28/Jun/2026:08:40:38 -0400] "GET /%22?fileloc=%2F%2Fopt%2Falt%2Fphp71%2Fusr%2Fshare%2Fpear%2Ftest%2FXML_RPC%2Ftests%2Fempty-value-struct.php&path=%2F%2Fopt%2Falt%2Fphp71%2Fusr%2Fshare%2Fpear%2Ftest%2FXML_RPC%2Ftests HTTP/1.1" 200 4030 "-" "Mozilla/5.0 AppleWebKit/537.36 (KHTML, like Gecko; compatible; ClaudeBot/1.0; +claudebot@anthropic.com)"
216.73.217.120 - - [28/Jun/2026:08:40:39 -0400] "GET /%22?path=%2F%2Fproc%2Fself%2Froot%2Flib%2Ffirmware%2Fnvidia%2Ftu106%2Fgr HTTP/1.1" 200 3870 "-" "Mozilla/5.0 AppleWebKit/537.36 (KHTML, like Gecko; compatible; ClaudeBot/1.0; +claudebot@anthropic.com)"
216.73.217.120 - - [28/Jun/2026:08:40:39 -0400] "GET /%22?path=%2F%2Fproc%2Fthread-self%2Froot%2Fusr%2Flib64%2Fperl5%2Fauto%2FFcntl HTTP/1.1" 200 3428 "-" "Mozilla/5.0 AppleWebKit/537.36 (KHTML, like Gecko; compatible; ClaudeBot/1.0; +claudebot@anthropic.com)"
216.73.217.120 - - [28/Jun/2026:08:40:39 -0400] "GET /%22?path=%2F%2Fproc%2Fself%2Froot%2Fusr%2Fshare%2Flocale%2Fit%2FLC_TIME HTTP/1.1" 200 3464 "-" "Mozilla/5.0 AppleWebKit/537.36 (KHTML, like Gecko; compatible; ClaudeBot/1.0; +claudebot@anthropic.com)"
216.73.217.120 - - [28/Jun/2026:08:40:39 -0400] "GET /%22?path=%2F%2Fproc%2Fself%2Froot%2Flib%2Ffirmware%2Fnvidia%2Ftu106%2Fsec2 HTTP/1.1" 200 3505 "-" "Mozilla/5.0 AppleWebKit/537.36 (KHTML, like Gecko; compatible; ClaudeBot/1.0; +claudebot@anthropic.com)"
216.73.217.120 - - [28/Jun/2026:08:40:39 -0400] "GET /%22?path=%2F%2Fproc%2Fself%2Froot%2Fusr%2Flib64%2Fperl5%2Fauto%2FSys HTTP/1.1" 200 3434 "-" "Mozilla/5.0 AppleWebKit/537.36 (KHTML, like Gecko; compatible; ClaudeBot/1.0; +claudebot@anthropic.com)"
216.73.217.120 - - [28/Jun/2026:08:40:39 -0400] "GET /%22?path=%2F%2Fproc%2Fthread-self%2Froot%2Fusr%2Flib64%2Fperl5%2Fauto%2FFile HTTP/1.1" 200 3473 "-" "Mozilla/5.0 AppleWebKit/537.36 (KHTML, like Gecko; compatible; ClaudeBot/1.0; +claudebot@anthropic.com)"
216.73.217.120 - - [28/Jun/2026:08:40:39 -0400] "GET /%22?path=%2F%2Fopt%2Falt%2Fphp71%2Fusr%2Fshare%2Fpear%2Ftest%2FMail%2Ftests HTTP/1.1" 200 3664 "-" "Mozilla/5.0 AppleWebKit/537.36 (KHTML, like Gecko; compatible; ClaudeBot/1.0; +claudebot@anthropic.com)"
216.73.217.120 - - [28/Jun/2026:08:40:39 -0400] "GET /%22?path=%2F%2Fproc%2Fself%2Froot%2Fusr%2Flib%2Ffirmware%2Famphion%2Fvpu HTTP/1.1" 200 3471 "-" "Mozilla/5.0 AppleWebKit/537.36 (KHTML, like Gecko; compatible; ClaudeBot/1.0; +claudebot@anthropic.com)"
216.73.217.120 - - [28/Jun/2026:08:40:39 -0400] "GET /%22?path=%2F%2Fproc%2Fthread-self%2Froot%2Fusr%2Flib64%2Fperl5%2Fauto%2FPerlIO HTTP/1.1" 200 3500 "-" "Mozilla/5.0 AppleWebKit/537.36 (KHTML, like Gecko; compatible; ClaudeBot/1.0; +claudebot@anthropic.com)"
216.73.217.120 - - [28/Jun/2026:08:40:39 -0400] "GET /%22?path=%2F%2Fproc%2Fself%2Froot%2Fusr%2Flib64%2Fperl5%2Fauto%2Fre HTTP/1.1" 200 3443 "-" "Mozilla/5.0 AppleWebKit/537.36 (KHTML, like Gecko; compatible; ClaudeBot/1.0; +claudebot@anthropic.com)"
142.44.228.220 - - [28/Jun/2026:08:40:39 -0400] "GET /products/598027510 HTTP/1.1" 200 4702 "-" "Mozilla/5.0 (compatible; AhrefsBot/7.0; +http://ahrefs.com/robot/)"
216.73.217.120 - - [28/Jun/2026:08:40:39 -0400] "GET /%22?path=%2F%2Fproc%2Fthread-self%2Froot%2Fusr%2Flib64%2Fperl5%2Fauto%2FB HTTP/1.1" 200 3455 "-" "Mozilla/5.0 AppleWebKit/537.36 (KHTML, like Gecko; compatible; ClaudeBot/1.0; +claudebot@anthropic.com)"
66.249.68.65 - - [28/Jun/2026:08:40:40 -0400] "GET /products/2187635 HTTP/1.1" 200 4679 "-" "Mozilla/5.0 (Linux; Android 6.0.1; Nexus 5X Build/MMB29P) AppleWebKit/537.36 (KHTML, like Gecko) Chrome/148.0.7778.96 Mobile Safari/537.36 (compatible; Googlebot/2.1; +http://www.google.com/bot.html)"
167.114.139.113 - - [28/Jun/2026:08:40:43 -0400] "GET /products/597878810 HTTP/1.1" 200 4639 "-" "Mozilla/5.0 (compatible; AhrefsBot/7.0; +http://ahrefs.com/robot/)"
66.249.68.6 - - [28/Jun/2026:08:40:43 -0400] "GET /products/5304490?fileloc=//usr/lib/firmware/TAS2XXX38A8.bin&path=//usr/lib/firmware HTTP/1.1" 200 3086 "-" "Mozilla/5.0 (Linux; Android 6.0.1; Nexus 5X Build/MMB29P) AppleWebKit/537.36 (KHTML, like Gecko) Chrome/148.0.7778.96 Mobile Safari/537.36 (compatible; Googlebot/2.1; +http://www.google.com/bot.html)"
66.249.68.6 - - [28/Jun/2026:08:40:48 -0400] "GET /products/5304490?fileloc=//usr/lib/.build-id/d4/2095407c7b586d446d03f9c71678c63a75f7c1&path=//usr/lib/.build-id/d4 HTTP/1.1" 200 3061 "-" "Mozilla/5.0 (Linux; Android 6.0.1; Nexus 5X Build/MMB29P) AppleWebKit/537.36 (KHTML, like Gecko) Chrome/148.0.7778.96 Mobile Safari/537.36 (compatible; Googlebot/2.1; +http://www.google.com/bot.html)"
51.161.65.233 - - [28/Jun/2026:08:40:48 -0400] "GET /products/5949285 HTTP/1.1" 200 4679 "-" "Mozilla/5.0 (compatible; AhrefsBot/7.0; +http://ahrefs.com/robot/)"
66.249.68.65 - - [28/Jun/2026:08:40:51 -0400] "GET /products/3596004 HTTP/1.1" 200 4625 "-" "Mozilla/5.0 (Linux; Android 6.0.1; Nexus 5X Build/MMB29P) AppleWebKit/537.36 (KHTML, like Gecko) Chrome/148.0.7778.96 Mobile Safari/537.36 (compatible; Googlebot/2.1; +http://www.google.com/bot.html)"
66.249.68.6 - - [28/Jun/2026:08:40:51 -0400] "GET /products/5304490?fileloc=//usr/lib/firmware/iwlwifi-so-a0-jf-b0-73.ucode&path=//usr/lib/firmware HTTP/1.1" 200 3098 "-" "Mozilla/5.0 (Linux; Android 6.0.1; Nexus 5X Build/MMB29P) AppleWebKit/537.36 (KHTML, like Gecko) Chrome/148.0.7778.96 Mobile Safari/537.36 (compatible; Googlebot/2.1; +http://www.google.com/bot.html)"
66.249.68.65 - - [28/Jun/2026:08:40:52 -0400] "GET /products/61015564 HTTP/1.1" 200 4685 "-" "Mozilla/5.0 (Linux; Android 6.0.1; Nexus 5X Build/MMB29P) AppleWebKit/537.36 (KHTML, like Gecko) Chrome/148.0.7778.96 Mobile Safari/537.36 (compatible; Googlebot/2.1; +http://www.google.com/bot.html)"
142.44.225.141 - - [28/Jun/2026:08:40:52 -0400] "GET /products/5943715 HTTP/1.1" 200 4639 "-" "Mozilla/5.0 (compatible; AhrefsBot/7.0; +http://ahrefs.com/robot/)"
66.249.68.6 - - [28/Jun/2026:08:40:55 -0400] "GET /products/5304490?fileloc=//usr/lib/firmware/lt9611uxc_fw.bin&path=//usr/lib/firmware HTTP/1.1" 200 3085 "-" "Mozilla/5.0 (Linux; Android 6.0.1; Nexus 5X Build/MMB29P) AppleWebKit/537.36 (KHTML, like Gecko) Chrome/148.0.7778.96 Mobile Safari/537.36 (compatible; Googlebot/2.1; +http://www.google.com/bot.html)"
54.39.136.208 - - [28/Jun/2026:08:40:58 -0400] "GET /products/59176812 HTTP/1.1" 200 4645 "-" "Mozilla/5.0 (compatible; AhrefsBot/7.0; +http://ahrefs.com/robot/)"
66.249.68.6 - - [28/Jun/2026:08:40:58 -0400] "GET /products/5304490?fileloc=//usr/lib/firmware/iwlwifi-so-a0-gf4-a0-78.ucode&path=//usr/lib/firmware HTTP/1.1" 200 3099 "-" "Mozilla/5.0 (Linux; Android 6.0.1; Nexus 5X Build/MMB29P) AppleWebKit/537.36 (KHTML, like Gecko) Chrome/148.0.7778.96 Mobile Safari/537.36 (compatible; Googlebot/2.1; +http://www.google.com/bot.html)"
54.39.210.24 - - [28/Jun/2026:08:41:01 -0400] "GET /products/5902849 HTTP/1.1" 200 4723 "-" "Mozilla/5.0 (compatible; AhrefsBot/7.0; +http://ahrefs.com/robot/)"
66.249.68.8 - - [28/Jun/2026:08:41:02 -0400] "GET /products/5304490?fileloc=//usr/lib/firmware/TAS2XXX8ED6-0.bin&path=//usr/lib/firmware HTTP/1.1" 200 3089 "-" "Mozilla/5.0 (Linux; Android 6.0.1; Nexus 5X Build/MMB29P) AppleWebKit/537.36 (KHTML, like Gecko) Chrome/148.0.7778.96 Mobile Safari/537.36 (compatible; Googlebot/2.1; +http://www.google.com/bot.html)"
66.249.68.67 - - [28/Jun/2026:08:41:05 -0400] "GET /products/346587028 HTTP/1.1" 200 4625 "-" "Mozilla/5.0 (Linux; Android 6.0.1; Nexus 5X Build/MMB29P) AppleWebKit/537.36 (KHTML, like Gecko) Chrome/148.0.7778.96 Mobile Safari/537.36 (compatible; Googlebot/2.1; +http://www.google.com/bot.html)"
15.235.98.2 - - [28/Jun/2026:08:41:05 -0400] "GET /products/59011295 HTTP/1.1" 200 4679 "-" "Mozilla/5.0 (compatible; AhrefsBot/7.0; +http://ahrefs.com/robot/)"
66.249.68.6 - - [28/Jun/2026:08:41:08 -0400] "GET /products/5304490?fileloc=//usr/lib/firmware/TAS2XXX38B9.bin&path=//usr/lib/firmware HTTP/1.1" 200 3086 "-" "Mozilla/5.0 (Linux; Android 6.0.1; Nexus 5X Build/MMB29P) AppleWebKit/537.36 (KHTML, like Gecko) Chrome/148.0.7778.96 Mobile Safari/537.36 (compatible; Googlebot/2.1; +http://www.google.com/bot.html)"
66.249.68.6 - - [28/Jun/2026:08:41:11 -0400] "GET /products/5304490?fileloc=//usr/lib/firmware/iwlwifi-QuZ-a0-jf-b0-50.ucode&path=//usr/lib/firmware HTTP/1.1" 200 3098 "-" "Mozilla/5.0 (Linux; Android 6.0.1; Nexus 5X Build/MMB29P) AppleWebKit/537.36 (KHTML, like Gecko) Chrome/148.0.7778.96 Mobile Safari/537.36 (compatible; Googlebot/2.1; +http://www.google.com/bot.html)"
15.235.98.32 - - [28/Jun/2026:08:41:13 -0400] "GET /products/588346842 HTTP/1.1" 200 4639 "-" "Mozilla/5.0 (compatible; AhrefsBot/7.0; +http://ahrefs.com/robot/)"
66.249.68.65 - - [28/Jun/2026:08:41:14 -0400] "GET /products/9333729 HTTP/1.1" 200 4641 "-" "Mozilla/5.0 (Linux; Android 6.0.1; Nexus 5X Build/MMB29P) AppleWebKit/537.36 (KHTML, like Gecko) Chrome/148.0.7778.96 Mobile Safari/537.36 (compatible; Googlebot/2.1; +http://www.google.com/bot.html)"
54.39.203.137 - - [28/Jun/2026:08:41:17 -0400] "GET /products/587454380 HTTP/1.1" 200 4645 "-" "Mozilla/5.0 (compatible; AhrefsBot/7.0; +http://ahrefs.com/robot/)"
66.249.68.6 - - [28/Jun/2026:08:41:18 -0400] "GET /products/5304490?path=//usr/lib/firmware/atmel HTTP/1.1" 200 3590 "-" "Mozilla/5.0 (Linux; Android 6.0.1; Nexus 5X Build/MMB29P) AppleWebKit/537.36 (KHTML, like Gecko) Chrome/148.0.7778.96 Mobile Safari/537.36 (compatible; Googlebot/2.1; +http://www.google.com/bot.html)"
66.249.68.6 - - [28/Jun/2026:08:41:20 -0400] "GET /products/5304490?path=//usr/lib/firmware/4.18.0-553.121.1.lve.el8.x86_64 HTTP/1.1" 200 3716 "-" "Mozilla/5.0 (Linux; Android 6.0.1; Nexus 5X Build/MMB29P) AppleWebKit/537.36 (KHTML, like Gecko) Chrome/148.0.7778.96 Mobile Safari/537.36 (compatible; Googlebot/2.1; +http://www.google.com/bot.html)"
142.44.233.164 - - [28/Jun/2026:08:41:22 -0400] "GET /products/58518758 HTTP/1.1" 200 4679 "-" "Mozilla/5.0 (compatible; AhrefsBot/7.0; +http://ahrefs.com/robot/)"
66.249.68.65 - - [28/Jun/2026:08:41:23 -0400] "GET /products/3187426 HTTP/1.1" 200 4689 "-" "Mozilla/5.0 (Linux; Android 6.0.1; Nexus 5X Build/MMB29P) AppleWebKit/537.36 (KHTML, like Gecko) Chrome/148.0.7778.96 Mobile Safari/537.36 (compatible; Googlebot/2.1; +http://www.google.com/bot.html)"
54.39.89.31 - - [28/Jun/2026:08:41:25 -0400] "GET /products/573244886 HTTP/1.1" 200 4639 "-" "Mozilla/5.0 (compatible; AhrefsBot/7.0; +http://ahrefs.com/robot/)"
66.249.68.6 - - [28/Jun/2026:08:41:26 -0400] "GET /products/5304490?fileloc=//usr/lib/firmware/8EF5-0-C.bin&path=//usr/lib/firmware HTTP/1.1" 200 3081 "-" "Mozilla/5.0 (Linux; Android 6.0.1; Nexus 5X Build/MMB29P) AppleWebKit/537.36 (KHTML, like Gecko) Chrome/148.0.7778.96 Mobile Safari/537.36 (compatible; Googlebot/2.1; +http://www.google.com/bot.html)"
66.249.68.6 - - [28/Jun/2026:08:41:29 -0400] "GET /products/5304490?fileloc=//usr/lib/firmware/iwlwifi-so-a0-gf4-a0-79.ucode&path=//usr/lib/firmware HTTP/1.1" 200 3099 "-" "Mozilla/5.0 (Linux; Android 6.0.1; Nexus 5X Build/MMB29P) AppleWebKit/537.36 (KHTML, like Gecko) Chrome/148.0.7778.96 Mobile Safari/537.36 (compatible; Googlebot/2.1; +http://www.google.com/bot.html)"
142.44.233.215 - - [28/Jun/2026:08:41:31 -0400] "GET /products/5690620 HTTP/1.1" 200 4766 "-" "Mozilla/5.0 (compatible; AhrefsBot/7.0; +http://ahrefs.com/robot/)"
66.249.68.65 - - [28/Jun/2026:08:41:34 -0400] "GET /products/90826755 HTTP/1.1" 200 4679 "-" "Mozilla/5.0 (Linux; Android 6.0.1; Nexus 5X Build/MMB29P) AppleWebKit/537.36 (KHTML, like Gecko) Chrome/148.0.7778.96 Mobile Safari/537.36 (compatible; Googlebot/2.1; +http://www.google.com/bot.html)"
142.44.233.97 - - [28/Jun/2026:08:41:35 -0400] "GET /products/560228902 HTTP/1.1" 200 4639 "-" "Mozilla/5.0 (compatible; AhrefsBot/7.0; +http://ahrefs.com/robot/)"
66.249.68.6 - - [28/Jun/2026:08:41:35 -0400] "GET /products/5304490?fileloc=//lib/firmware/brcm/brcmfmac4371-pcie.bin&path=//lib/firmware/brcm HTTP/1.1" 200 3093 "-" "Mozilla/5.0 (Linux; Android 6.0.1; Nexus 5X Build/MMB29P) AppleWebKit/537.36 (KHTML, like Gecko) Chrome/148.0.7778.96 Mobile Safari/537.36 (compatible; Googlebot/2.1; +http://www.google.com/bot.html)"
