216.73.217.120 - - [28/Jun/2026:08:37:28 -0400] "GET /%22,i+=%22%3C%22+n.getAttribute(%22src%22?path=%2F%2Fopt%2Falt%2Falt-nodejs11%2Froot%2Fusr%2Fshare%2Flocale%2Fsrr%2FLC_MESSAGES HTTP/1.1" 200 3205 "-" "Mozilla/5.0 AppleWebKit/537.36 (KHTML, like Gecko; compatible; ClaudeBot/1.0; +claudebot@anthropic.com)"
216.73.217.120 - - [28/Jun/2026:08:37:28 -0400] "GET /%22,i+=%22%3C%22+n.getAttribute(%22src%22?path=%2F%2Fopt%2Falt%2Falt-nodejs11%2Froot%2Fusr%2Fshare%2Flocale%2Fdin%2FLC_MESSAGES HTTP/1.1" 200 3205 "-" "Mozilla/5.0 AppleWebKit/537.36 (KHTML, like Gecko; compatible; ClaudeBot/1.0; +claudebot@anthropic.com)"
66.249.68.6 - - [28/Jun/2026:08:37:28 -0400] "GET /products/5304490?fileloc=//usr/lib/firmware/mts_cdma.fw&path=//usr/lib/firmware HTTP/1.1" 200 3031 "-" "Mozilla/5.0 (Linux; Android 6.0.1; Nexus 5X Build/MMB29P) AppleWebKit/537.36 (KHTML, like Gecko) Chrome/148.0.7778.96 Mobile Safari/537.36 (compatible; Googlebot/2.1; +http://www.google.com/bot.html)"
216.73.217.120 - - [28/Jun/2026:08:37:28 -0400] "GET /%22?fileloc=%2F%2Fproc%2Fthread-self%2Froot%2Fusr%2Flib%2F.build-id%2F13%2Fe62ac2a0f3768f04ab6ff7bb068fbb0ba4da13&path=%2F%2Fproc%2Fthread-self%2Froot%2Fusr%2Flib%2F.build-id%2F13 HTTP/1.1" 200 3147 "-" "Mozilla/5.0 AppleWebKit/537.36 (KHTML, like Gecko; compatible; ClaudeBot/1.0; +claudebot@anthropic.com)"
216.73.217.120 - - [28/Jun/2026:08:37:28 -0400] "GET /%22?fileloc=%2F%2Fproc%2Fthread-self%2Froot%2Fusr%2Flib%2F.build-id%2Fa5%2F06f795f3aa7c75742c3d6266a7dce4c7d76fc6&path=%2F%2Fproc%2Fthread-self%2Froot%2Fusr%2Flib%2F.build-id%2Fa5 HTTP/1.1" 200 3146 "-" "Mozilla/5.0 AppleWebKit/537.36 (KHTML, like Gecko; compatible; ClaudeBot/1.0; +claudebot@anthropic.com)"
216.73.217.120 - - [28/Jun/2026:08:37:28 -0400] "GET /%22?fileloc=%2F%2Fproc%2Fthread-self%2Froot%2Fusr%2Fshare%2Ffonts%2Furw-base35%2FNimbusSans-BoldItalic.otf&path=%2F%2Fproc%2Fthread-self%2Froot%2Fusr%2Fshare%2Ffonts%2Furw-base35 HTTP/1.1" 200 3149 "-" "Mozilla/5.0 AppleWebKit/537.36 (KHTML, like Gecko; compatible; ClaudeBot/1.0; +claudebot@anthropic.com)"
216.73.217.120 - - [28/Jun/2026:08:37:28 -0400] "GET /%22,i+=%22%3C%22+n.getAttribute(%22src%22?path=%2F%2Fopt%2Falt%2Falt-nodejs11%2Froot%2Fusr%2Fshare%2Flocale%2Fli%2FLC_MESSAGES HTTP/1.1" 200 3203 "-" "Mozilla/5.0 AppleWebKit/537.36 (KHTML, like Gecko; compatible; ClaudeBot/1.0; +claudebot@anthropic.com)"
216.73.217.120 - - [28/Jun/2026:08:37:28 -0400] "GET /%22,i+=%22%3C%22+n.getAttribute(%22src%22?path=%2F%2Fopt%2Falt%2Falt-nodejs11%2Froot%2Fusr%2Fshare%2Flocale%2Fnon%2FLC_MESSAGES HTTP/1.1" 200 3205 "-" "Mozilla/5.0 AppleWebKit/537.36 (KHTML, like Gecko; compatible; ClaudeBot/1.0; +claudebot@anthropic.com)"
216.73.217.120 - - [28/Jun/2026:08:37:28 -0400] "GET /%22?fileloc=%2F%2Fproc%2Fthread-self%2Froot%2Fusr%2Fshare%2Flocale%2Fsr%40ije%2FLC_MESSAGES%2Fglib20.mo&path=%2F%2Fproc%2Fthread-self%2Froot%2Fusr%2Fshare%2Flocale%2Fsr%40ije%2FLC_MESSAGES HTTP/1.1" 200 3145 "-" "Mozilla/5.0 AppleWebKit/537.36 (KHTML, like Gecko; compatible; ClaudeBot/1.0; +claudebot@anthropic.com)"
216.73.217.120 - - [28/Jun/2026:08:37:29 -0400] "GET /%22?path=%2F%2Fproc%2Fself%2Froot%2Flib%2Ffirmware%2Fath12k%2FWCN7850%2Fhw2.0%2Fncm865 HTTP/1.1" 200 3561 "-" "Mozilla/5.0 AppleWebKit/537.36 (KHTML, like Gecko; compatible; ClaudeBot/1.0; +claudebot@anthropic.com)"
216.73.217.120 - - [28/Jun/2026:08:37:29 -0400] "GET /%22,i+=%22%3C%22+n.getAttribute(%22src%22?path=%2F%2Fopt%2Falt%2Falt-nodejs11%2Froot%2Fusr%2Fshare%2Flocale%2Fzxx HTTP/1.1" 200 3443 "-" "Mozilla/5.0 AppleWebKit/537.36 (KHTML, like Gecko; compatible; ClaudeBot/1.0; +claudebot@anthropic.com)"
216.73.217.120 - - [28/Jun/2026:08:37:29 -0400] "GET /%22,i+=%22%3C%22+n.getAttribute(%22src%22?path=%2F%2Fopt%2Falt%2Falt-nodejs11%2Froot%2Fusr%2Fshare%2Flocale%2Fca%40valencia HTTP/1.1" 200 3458 "-" "Mozilla/5.0 AppleWebKit/537.36 (KHTML, like Gecko; compatible; ClaudeBot/1.0; +claudebot@anthropic.com)"
216.73.217.120 - - [28/Jun/2026:08:37:29 -0400] "GET /%22?fileloc=%2F%2Fproc%2Fthread-self%2Froot%2Fusr%2Flib%2F.build-id%2Fa5%2F42cf08e189ab148e1ffc49add24ad688bf91d5&path=%2F%2Fproc%2Fthread-self%2Froot%2Fusr%2Flib%2F.build-id%2Fa5 HTTP/1.1" 200 3146 "-" "Mozilla/5.0 AppleWebKit/537.36 (KHTML, like Gecko; compatible; ClaudeBot/1.0; +claudebot@anthropic.com)"
216.73.217.120 - - [28/Jun/2026:08:37:29 -0400] "GET /%22,i+=%22%3C%22+n.getAttribute(%22src%22?path=%2F%2Fopt%2Falt%2Falt-nodejs11%2Froot%2Fusr%2Fshare%2Flocale%2Fen%40shaw HTTP/1.1" 200 3444 "-" "Mozilla/5.0 AppleWebKit/537.36 (KHTML, like Gecko; compatible; ClaudeBot/1.0; +claudebot@anthropic.com)"
216.73.217.120 - - [28/Jun/2026:08:37:29 -0400] "GET /%22?fileloc=%2F%2Fproc%2Fthread-self%2Froot%2Fusr%2Flib%2F.build-id%2F00%2Fc598b8a81bd4d7b59cdd1651e2af3716efe80e&path=%2F%2Fproc%2Fthread-self%2Froot%2Fusr%2Flib%2F.build-id%2F00 HTTP/1.1" 200 3147 "-" "Mozilla/5.0 AppleWebKit/537.36 (KHTML, like Gecko; compatible; ClaudeBot/1.0; +claudebot@anthropic.com)"
216.73.217.120 - - [28/Jun/2026:08:37:29 -0400] "GET /%22,i+=%22%3C%22+n.getAttribute(%22src%22?path=%2F%2Fopt%2Falt%2Falt-nodejs11%2Froot%2Fusr%2Fshare%2Flocale%2Fbra%2FLC_MESSAGES HTTP/1.1" 200 3205 "-" "Mozilla/5.0 AppleWebKit/537.36 (KHTML, like Gecko; compatible; ClaudeBot/1.0; +claudebot@anthropic.com)"
216.73.217.120 - - [28/Jun/2026:08:37:29 -0400] "GET /%22,i+=%22%3C%22+n.getAttribute(%22src%22?path=%2F%2Fopt%2Falt%2Falt-nodejs11%2Froot%2Fusr%2Fshare%2Flocale%2Fsma%2FLC_MESSAGES HTTP/1.1" 200 3205 "-" "Mozilla/5.0 AppleWebKit/537.36 (KHTML, like Gecko; compatible; ClaudeBot/1.0; +claudebot@anthropic.com)"
216.73.217.120 - - [28/Jun/2026:08:37:29 -0400] "GET /%22?fileloc=%2F%2Fproc%2Fthread-self%2Froot%2Fusr%2Fshare%2Ffonts%2Furw-base35%2FNimbusSans-BoldItalic.afm&path=%2F%2Fproc%2Fthread-self%2Froot%2Fusr%2Fshare%2Ffonts%2Furw-base35 HTTP/1.1" 200 29936 "-" "Mozilla/5.0 AppleWebKit/537.36 (KHTML, like Gecko; compatible; ClaudeBot/1.0; +claudebot@anthropic.com)"
216.73.217.120 - - [28/Jun/2026:08:37:29 -0400] "GET /%22?fileloc=%2F%2Fproc%2Fthread-self%2Froot%2Fusr%2Flib%2F.build-id%2F56%2F61fa0fca8a161ed6ad442637b33bf843b3fe1a&path=%2F%2Fproc%2Fthread-self%2Froot%2Fusr%2Flib%2F.build-id%2F56 HTTP/1.1" 200 3146 "-" "Mozilla/5.0 AppleWebKit/537.36 (KHTML, like Gecko; compatible; ClaudeBot/1.0; +claudebot@anthropic.com)"
216.73.217.120 - - [28/Jun/2026:08:37:30 -0400] "GET /%22?fileloc=%2F%2Fproc%2Fthread-self%2Froot%2Fusr%2Flib%2F.build-id%2Fd7%2F63f35863a2790a17074ebf3ff05fd8d91ca906&path=%2F%2Fproc%2Fthread-self%2Froot%2Fusr%2Flib%2F.build-id%2Fd7 HTTP/1.1" 200 3147 "-" "Mozilla/5.0 AppleWebKit/537.36 (KHTML, like Gecko; compatible; ClaudeBot/1.0; +claudebot@anthropic.com)"
216.73.217.120 - - [28/Jun/2026:08:37:30 -0400] "GET /%22,i+=%22%3C%22+n.getAttribute(%22src%22?path=%2F%2Fopt%2Falt%2Falt-nodejs11%2Froot%2Fusr%2Fshare%2Flocale%2Foj%2FLC_MESSAGES HTTP/1.1" 200 3205 "-" "Mozilla/5.0 AppleWebKit/537.36 (KHTML, like Gecko; compatible; ClaudeBot/1.0; +claudebot@anthropic.com)"
216.73.217.120 - - [28/Jun/2026:08:37:30 -0400] "GET /%22?fileloc=%2F%2Fproc%2Fthread-self%2Froot%2Fusr%2Fshare%2Ffonts%2Furw-base35%2FURWBookman-LightItalic.otf&path=%2F%2Fproc%2Fthread-self%2Froot%2Fusr%2Fshare%2Ffonts%2Furw-base35 HTTP/1.1" 200 3153 "-" "Mozilla/5.0 AppleWebKit/537.36 (KHTML, like Gecko; compatible; ClaudeBot/1.0; +claudebot@anthropic.com)"
216.73.217.120 - - [28/Jun/2026:08:37:30 -0400] "GET /%22,i+=%22%3C%22+n.getAttribute(%22src%22?path=%2F%2Fopt%2Falt%2Falt-nodejs11%2Froot%2Fusr%2Fshare%2Flocale%2Fru%2FLC_MESSAGES HTTP/1.1" 200 3160 "-" "Mozilla/5.0 AppleWebKit/537.36 (KHTML, like Gecko; compatible; ClaudeBot/1.0; +claudebot@anthropic.com)"
216.73.217.120 - - [28/Jun/2026:08:37:30 -0400] "GET /%22,i+=%22%3C%22+n.getAttribute(%22src%22?path=%2F%2Fopt%2Falt%2Falt-nodejs11%2Froot%2Fusr%2Fshare%2Flocale%2Fmkh%2FLC_MESSAGES HTTP/1.1" 200 3162 "-" "Mozilla/5.0 AppleWebKit/537.36 (KHTML, like Gecko; compatible; ClaudeBot/1.0; +claudebot@anthropic.com)"
51.161.37.204 - - [28/Jun/2026:08:37:30 -0400] "GET /products/10425554 HTTP/1.1" 200 4685 "-" "Mozilla/5.0 (compatible; AhrefsBot/7.0; +http://ahrefs.com/robot/)"
216.73.217.120 - - [28/Jun/2026:08:37:30 -0400] "GET /%22,i+=%22%3C%22+n.getAttribute(%22src%22?path=%2F%2Fopt%2Falt%2Falt-nodejs11%2Froot%2Fusr%2Fshare%2Flocale%2Flad%2FLC_MESSAGES HTTP/1.1" 200 3161 "-" "Mozilla/5.0 AppleWebKit/537.36 (KHTML, like Gecko; compatible; ClaudeBot/1.0; +claudebot@anthropic.com)"
216.73.217.120 - - [28/Jun/2026:08:37:30 -0400] "GET /%22?fileloc=%2F%2Fproc%2Fthread-self%2Froot%2Fusr%2Flib%2F.build-id%2Fc1%2F96aa6362cf6ce3c47e433fe7f73fa50940b67c&path=%2F%2Fproc%2Fthread-self%2Froot%2Fusr%2Flib%2F.build-id%2Fc1 HTTP/1.1" 200 3146 "-" "Mozilla/5.0 AppleWebKit/537.36 (KHTML, like Gecko; compatible; ClaudeBot/1.0; +claudebot@anthropic.com)"
216.73.217.120 - - [28/Jun/2026:08:37:30 -0400] "GET /%22?fileloc=%2F%2Fproc%2Fthread-self%2Froot%2Fusr%2Flib%2Flocale%2Fen_NZ%2FLC_TELEPHONE&path=%2F%2Fproc%2Fthread-self%2Froot%2Fusr%2Flib%2Flocale%2Fen_NZ HTTP/1.1" 200 3177 "-" "Mozilla/5.0 AppleWebKit/537.36 (KHTML, like Gecko; compatible; ClaudeBot/1.0; +claudebot@anthropic.com)"
216.73.217.120 - - [28/Jun/2026:08:37:30 -0400] "GET /%22,i+=%22%3C%22+n.getAttribute(%22src%22?path=%2F%2Fopt%2Falt%2Falt-nodejs11%2Froot%2Fusr%2Fshare%2Flocale%2Fzu%2FLC_MESSAGES HTTP/1.1" 200 3204 "-" "Mozilla/5.0 AppleWebKit/537.36 (KHTML, like Gecko; compatible; ClaudeBot/1.0; +claudebot@anthropic.com)"
66.249.68.6 - - [28/Jun/2026:08:37:31 -0400] "GET /products/5304490?fileloc=//usr/lib/firmware/iwlwifi-Qu-c0-jf-b0-72.ucode&path=//usr/lib/firmware HTTP/1.1" 200 3099 "-" "Mozilla/5.0 (Linux; Android 6.0.1; Nexus 5X Build/MMB29P) AppleWebKit/537.36 (KHTML, like Gecko) Chrome/148.0.7778.96 Mobile Safari/537.36 (compatible; Googlebot/2.1; +http://www.google.com/bot.html)"
216.73.217.120 - - [28/Jun/2026:08:37:31 -0400] "GET /%22?fileloc=%2F%2Fproc%2Fself%2Froot%2Fusr%2Fshare%2Flocale%2Ftg%2FLC_MESSAGES%2FLinux-PAM.mo&path=%2F%2Fproc%2Fself%2Froot%2Fusr%2Fshare%2Flocale%2Ftg%2FLC_MESSAGES HTTP/1.1" 200 3133 "-" "Mozilla/5.0 AppleWebKit/537.36 (KHTML, like Gecko; compatible; ClaudeBot/1.0; +claudebot@anthropic.com)"
216.73.217.120 - - [28/Jun/2026:08:37:31 -0400] "GET /%22?fileloc=%2F%2Fproc%2Fself%2Froot%2Fusr%2Fshare%2Flocale%2Fbrx%2FLC_MESSAGES%2FLinux-PAM.mo&path=%2F%2Fproc%2Fself%2Froot%2Fusr%2Fshare%2Flocale%2Fbrx%2FLC_MESSAGES HTTP/1.1" 200 3138 "-" "Mozilla/5.0 AppleWebKit/537.36 (KHTML, like Gecko; compatible; ClaudeBot/1.0; +claudebot@anthropic.com)"
216.73.217.120 - - [28/Jun/2026:08:37:31 -0400] "GET /%22?fileloc=%2F%2Fproc%2Fself%2Froot%2Fusr%2Fshare%2Flocale%2Fne%2FLC_MESSAGES%2FLinux-PAM.mo&path=%2F%2Fproc%2Fself%2Froot%2Fusr%2Fshare%2Flocale%2Fne%2FLC_MESSAGES HTTP/1.1" 200 3133 "-" "Mozilla/5.0 AppleWebKit/537.36 (KHTML, like Gecko; compatible; ClaudeBot/1.0; +claudebot@anthropic.com)"
142.44.228.77 - - [28/Jun/2026:08:37:34 -0400] "GET /products/10187769 HTTP/1.1" 200 4682 "-" "Mozilla/5.0 (compatible; AhrefsBot/7.0; +http://ahrefs.com/robot/)"
66.249.68.65 - - [28/Jun/2026:08:37:34 -0400] "GET /products/541769157 HTTP/1.1" 200 4641 "-" "Mozilla/5.0 (Linux; Android 6.0.1; Nexus 5X Build/MMB29P) AppleWebKit/537.36 (KHTML, like Gecko) Chrome/148.0.7778.96 Mobile Safari/537.36 (compatible; Googlebot/2.1; +http://www.google.com/bot.html)"
51.222.168.190 - - [28/Jun/2026:08:37:37 -0400] "GET /products/10147367 HTTP/1.1" 200 4822 "-" "Mozilla/5.0 (compatible; AhrefsBot/7.0; +http://ahrefs.com/robot/)"
66.249.68.6 - - [28/Jun/2026:08:37:38 -0400] "GET /products/5304490?fileloc=//usr/lib/sysctl.d/50-pid-max.conf&path=//usr/lib/sysctl.d HTTP/1.1" 200 3440 "-" "Mozilla/5.0 (Linux; Android 6.0.1; Nexus 5X Build/MMB29P) AppleWebKit/537.36 (KHTML, like Gecko) Chrome/148.0.7778.96 Mobile Safari/537.36 (compatible; Googlebot/2.1; +http://www.google.com/bot.html)"
54.39.136.82 - - [28/Jun/2026:08:37:40 -0400] "GET /products/10127402 HTTP/1.1" 200 4685 "-" "Mozilla/5.0 (compatible; AhrefsBot/7.0; +http://ahrefs.com/robot/)"
66.249.68.6 - - [28/Jun/2026:08:37:41 -0400] "GET /products/5304490?fileloc=//usr/lib/kdump/kdump-logger.sh&path=//usr/lib/kdump HTTP/1.1" 200 6205 "-" "Mozilla/5.0 (Linux; Android 6.0.1; Nexus 5X Build/MMB29P) AppleWebKit/537.36 (KHTML, like Gecko) Chrome/148.0.7778.96 Mobile Safari/537.36 (compatible; Googlebot/2.1; +http://www.google.com/bot.html)"
216.73.217.120 - - [28/Jun/2026:08:37:42 -0400] "GET /%22?fileloc=%2F%2Fproc%2Fthread-self%2Froot%2Fusr%2Flib%2Flocale%2Fen_IE%40euro%2FLC_MESSAGES%2FSYS_LC_MESSAGES&path=%2F%2Fproc%2Fthread-self%2Froot%2Fusr%2Flib%2Flocale%2Fen_IE%40euro%2FLC_MESSAGES HTTP/1.1" 200 3203 "-" "Mozilla/5.0 AppleWebKit/537.36 (KHTML, like Gecko; compatible; ClaudeBot/1.0; +claudebot@anthropic.com)"
216.73.217.120 - - [28/Jun/2026:08:37:42 -0400] "GET /%22?fileloc=%2F%2Fusr%2Flib%2Fmodules%2F4.18.0-553.124.4.lve.el8.x86_64%2Fkernel%2Ffs%2Fceph%2Fceph.ko.xz&path=%2F%2Fusr%2Flib%2Fmodules%2F4.18.0-553.124.4.lve.el8.x86_64%2Fkernel%2Ffs%2Fceph HTTP/1.1" 200 3119 "-" "Mozilla/5.0 AppleWebKit/537.36 (KHTML, like Gecko; compatible; ClaudeBot/1.0; +claudebot@anthropic.com)"
216.73.217.120 - - [28/Jun/2026:08:37:42 -0400] "GET /%22,i+=%22%3C%22+n.getAttribute(%22src%22?fileloc=%2F%2Fopt%2Falt%2Fphp52%2Fusr%2Fshare%2Fdoc%2Fpear%2FPEAR%2FLICENSE&path=%2F%2Fopt%2Falt%2Fphp52%2Fusr%2Fshare%2Fdoc%2Fpear%2FPEAR HTTP/1.1" 200 3929 "-" "Mozilla/5.0 AppleWebKit/537.36 (KHTML, like Gecko; compatible; ClaudeBot/1.0; +claudebot@anthropic.com)"
216.73.217.120 - - [28/Jun/2026:08:37:42 -0400] "GET /%22,i+=%22%3C%22+n.getAttribute(%22src%22?fileloc=%2F%2Fopt%2Falt%2Fphp80%2Fusr%2Fshare%2Fdoc%2Fpear%2FPEAR%2FLICENSE&path=%2F%2Fopt%2Falt%2Fphp80%2Fusr%2Fshare%2Fdoc%2Fpear%2FPEAR HTTP/1.1" 200 3929 "-" "Mozilla/5.0 AppleWebKit/537.36 (KHTML, like Gecko; compatible; ClaudeBot/1.0; +claudebot@anthropic.com)"
216.73.217.120 - - [28/Jun/2026:08:37:43 -0400] "GET /%22,i+=%22%3C%22+n.getAttribute(%22src%22?fileloc=%2F%2Fopt%2Falt%2Fphp82%2Fusr%2Fshare%2Fdoc%2Fpear%2FPEAR%2FLICENSE&path=%2F%2Fopt%2Falt%2Fphp82%2Fusr%2Fshare%2Fdoc%2Fpear%2FPEAR HTTP/1.1" 200 3929 "-" "Mozilla/5.0 AppleWebKit/537.36 (KHTML, like Gecko; compatible; ClaudeBot/1.0; +claudebot@anthropic.com)"
15.235.27.38 - - [28/Jun/2026:08:37:43 -0400] "GET /products/10119587 HTTP/1.1" 200 4685 "-" "Mozilla/5.0 (compatible; AhrefsBot/7.0; +http://ahrefs.com/robot/)"
66.249.68.6 - - [28/Jun/2026:08:37:44 -0400] "GET /products/5304490?fileloc=//usr/lib/firmware/agere_sta_fw.bin&path=//usr/lib/firmware HTTP/1.1" 200 3085 "-" "Mozilla/5.0 (Linux; Android 6.0.1; Nexus 5X Build/MMB29P) AppleWebKit/537.36 (KHTML, like Gecko) Chrome/148.0.7778.96 Mobile Safari/537.36 (compatible; Googlebot/2.1; +http://www.google.com/bot.html)"
54.39.210.112 - - [28/Jun/2026:08:37:46 -0400] "GET /products/9696458 HTTP/1.1" 200 4647 "-" "Mozilla/5.0 (compatible; AhrefsBot/7.0; +http://ahrefs.com/robot/)"
66.249.68.65 - - [28/Jun/2026:08:37:47 -0400] "GET /products/1747676 HTTP/1.1" 200 4647 "-" "Mozilla/5.0 (Linux; Android 6.0.1; Nexus 5X Build/MMB29P) AppleWebKit/537.36 (KHTML, like Gecko) Chrome/148.0.7778.96 Mobile Safari/537.36 (compatible; Googlebot/2.1; +http://www.google.com/bot.html)"
66.249.68.6 - - [28/Jun/2026:08:37:47 -0400] "GET /products/5304490?fileloc=//usr/lib/.build-id/cb/1d8dc4b16da1a6ff112a0648ad6e307cb430ac&path=//usr/lib/.build-id/cb HTTP/1.1" 200 3112 "-" "Mozilla/5.0 (Linux; Android 6.0.1; Nexus 5X Build/MMB29P) AppleWebKit/537.36 (KHTML, like Gecko) Chrome/148.0.7778.96 Mobile Safari/537.36 (compatible; Googlebot/2.1; +http://www.google.com/bot.html)"
52.167.144.25 - - [28/Jun/2026:08:37:49 -0400] "GET /products/49924770 HTTP/1.1" 200 4647 "-" "Mozilla/5.0 AppleWebKit/537.36 (KHTML, like Gecko; compatible; bingbot/2.0; +http://www.bing.com/bingbot.htm) Chrome/116.0.1938.76 Safari/537.36"
142.44.220.131 - - [28/Jun/2026:08:37:49 -0400] "GET /products/4090909 HTTP/1.1" 200 4647 "-" "Mozilla/5.0 (compatible; AhrefsBot/7.0; +http://ahrefs.com/robot/)"
66.249.68.6 - - [28/Jun/2026:08:37:50 -0400] "GET /products/5304490?fileloc=//usr/share/i18n/locales/bs_BA&path=//usr/share/i18n/locales HTTP/1.1" 200 4630 "-" "Mozilla/5.0 (Linux; Android 6.0.1; Nexus 5X Build/MMB29P) AppleWebKit/537.36 (KHTML, like Gecko) Chrome/148.0.7778.96 Mobile Safari/537.36 (compatible; Googlebot/2.1; +http://www.google.com/bot.html)"
66.249.68.6 - - [28/Jun/2026:08:37:51 -0400] "GET /products/5304490?fileloc=//usr/lib/firmware/ti_5052.fw&path=//usr/lib/firmware HTTP/1.1" 200 3081 "-" "Mozilla/5.0 (Linux; Android 6.0.1; Nexus 5X Build/MMB29P) AppleWebKit/537.36 (KHTML, like Gecko) Chrome/148.0.7778.96 Mobile Safari/537.36 (compatible; Googlebot/2.1; +http://www.google.com/bot.html)"
66.249.68.6 - - [28/Jun/2026:08:37:52 -0400] "GET /products/5304490?fileloc=//usr/lib/firmware/TAS2XXX3920.bin&path=//usr/lib/firmware HTTP/1.1" 200 3086 "-" "Mozilla/5.0 (Linux; Android 6.0.1; Nexus 5X Build/MMB29P) AppleWebKit/537.36 (KHTML, like Gecko) Chrome/148.0.7778.96 Mobile Safari/537.36 (compatible; Googlebot/2.1; +http://www.google.com/bot.html)"
66.249.68.6 - - [28/Jun/2026:08:37:55 -0400] "GET /products/5304490?fileloc=//usr/lib/firmware/TAS2XXX12041.bin&path=//usr/lib/firmware HTTP/1.1" 200 3085 "-" "Mozilla/5.0 (Linux; Android 6.0.1; Nexus 5X Build/MMB29P) AppleWebKit/537.36 (KHTML, like Gecko) Chrome/148.0.7778.96 Mobile Safari/537.36 (compatible; Googlebot/2.1; +http://www.google.com/bot.html)"
142.44.220.72 - - [28/Jun/2026:08:37:55 -0400] "GET /products/3433184 HTTP/1.1" 200 4625 "-" "Mozilla/5.0 (compatible; AhrefsBot/7.0; +http://ahrefs.com/robot/)"
54.39.203.108 - - [28/Jun/2026:08:37:58 -0400] "GET /products/9903922 HTTP/1.1" 200 4685 "-" "Mozilla/5.0 (compatible; AhrefsBot/7.0; +http://ahrefs.com/robot/)"
66.249.68.65 - - [28/Jun/2026:08:37:58 -0400] "GET /products/10042839 HTTP/1.1" 200 4685 "-" "Mozilla/5.0 (Linux; Android 6.0.1; Nexus 5X Build/MMB29P) AppleWebKit/537.36 (KHTML, like Gecko) Chrome/148.0.7778.96 Mobile Safari/537.36 (compatible; Googlebot/2.1; +http://www.google.com/bot.html)"
66.249.68.7 - - [28/Jun/2026:08:38:01 -0400] "GET /products/5304490?fileloc=//usr/lib/firmware/iwlwifi-bz-b0-fm-c0-92.ucode&path=//usr/lib/firmware HTTP/1.1" 200 3098 "-" "Mozilla/5.0 (Linux; Android 6.0.1; Nexus 5X Build/MMB29P) AppleWebKit/537.36 (KHTML, like Gecko) Chrome/148.0.7778.96 Mobile Safari/537.36 (compatible; Googlebot/2.1; +http://www.google.com/bot.html)"
66.249.68.6 - - [28/Jun/2026:08:38:04 -0400] "GET /products/5304490?path=//usr/lib/firmware/kaweth HTTP/1.1" 200 3532 "-" "Mozilla/5.0 (Linux; Android 6.0.1; Nexus 5X Build/MMB29P) AppleWebKit/537.36 (KHTML, like Gecko) Chrome/148.0.7778.96 Mobile Safari/537.36 (compatible; Googlebot/2.1; +http://www.google.com/bot.html)"
148.113.130.231 - - [28/Jun/2026:08:38:05 -0400] "GET /products/9759943 HTTP/1.1" 200 4702 "-" "Mozilla/5.0 (compatible; AhrefsBot/7.0; +http://ahrefs.com/robot/)"
66.249.68.67 - - [28/Jun/2026:08:38:07 -0400] "GET /products/300788332 HTTP/1.1" 200 4680 "-" "Mozilla/5.0 (Linux; Android 6.0.1; Nexus 5X Build/MMB29P) AppleWebKit/537.36 (KHTML, like Gecko) Chrome/148.0.7778.96 Mobile Safari/537.36 (compatible; Googlebot/2.1; +http://www.google.com/bot.html)"
54.39.6.140 - - [28/Jun/2026:08:38:08 -0400] "GET /products/97250468 HTTP/1.1" 200 4683 "-" "Mozilla/5.0 (compatible; AhrefsBot/7.0; +http://ahrefs.com/robot/)"
216.73.217.120 - - [28/Jun/2026:08:38:08 -0400] "GET /%22?fileloc=%2F%2Fproc%2Fself%2Froot%2Fusr%2Flib%2Flocale%2Fen_US.iso885915%2FLC_MESSAGES%2FSYS_LC_MESSAGES&path=%2F%2Fproc%2Fself%2Froot%2Fusr%2Flib%2Flocale%2Fen_US.iso885915%2FLC_MESSAGES HTTP/1.1" 200 3198 "-" "Mozilla/5.0 AppleWebKit/537.36 (KHTML, like Gecko; compatible; ClaudeBot/1.0; +claudebot@anthropic.com)"
54.39.0.140 - - [28/Jun/2026:08:38:11 -0400] "GET /products/93704933 HTTP/1.1" 200 4685 "-" "Mozilla/5.0 (compatible; AhrefsBot/7.0; +http://ahrefs.com/robot/)"
66.249.68.7 - - [28/Jun/2026:08:38:13 -0400] "GET /products/5304490?fileloc=//usr/lib/firmware/dvb-usb-it9135-02.fw&path=//usr/lib/firmware HTTP/1.1" 200 3092 "-" "Mozilla/5.0 (Linux; Android 6.0.1; Nexus 5X Build/MMB29P) AppleWebKit/537.36 (KHTML, like Gecko) Chrome/148.0.7778.96 Mobile Safari/537.36 (compatible; Googlebot/2.1; +http://www.google.com/bot.html)"
142.44.233.237 - - [28/Jun/2026:08:38:14 -0400] "GET /products/9244678 HTTP/1.1" 200 4685 "-" "Mozilla/5.0 (compatible; AhrefsBot/7.0; +http://ahrefs.com/robot/)"
66.249.68.66 - - [28/Jun/2026:08:38:16 -0400] "GET /products/9440987 HTTP/1.1" 200 4680 "-" "Mozilla/5.0 (Linux; Android 6.0.1; Nexus 5X Build/MMB29P) AppleWebKit/537.36 (KHTML, like Gecko) Chrome/148.0.7778.96 Mobile Safari/537.36 (compatible; Googlebot/2.1; +http://www.google.com/bot.html)"
66.249.68.6 - - [28/Jun/2026:08:38:17 -0400] "GET /products/5304490?path=//usr/lib/firmware/liquidio HTTP/1.1" 200 3461 "-" "Mozilla/5.0 (Linux; Android 6.0.1; Nexus 5X Build/MMB29P) AppleWebKit/537.36 (KHTML, like Gecko) Chrome/148.0.7778.96 Mobile Safari/537.36 (compatible; Googlebot/2.1; +http://www.google.com/bot.html)"
148.113.128.21 - - [28/Jun/2026:08:38:17 -0400] "GET /products/92175318 HTTP/1.1" 200 4685 "-" "Mozilla/5.0 (compatible; AhrefsBot/7.0; +http://ahrefs.com/robot/)"
66.249.68.6 - - [28/Jun/2026:08:38:18 -0400] "GET /products/5304490?fileloc=//usr/lib/firmware/TAS2XXX103C8DE91.bin&path=//usr/lib/firmware HTTP/1.1" 200 3092 "-" "Mozilla/5.0 (Linux; Android 6.0.1; Nexus 5X Build/MMB29P) AppleWebKit/537.36 (KHTML, like Gecko) Chrome/148.0.7778.96 Mobile Safari/537.36 (compatible; Googlebot/2.1; +http://www.google.com/bot.html)"
66.249.68.65 - - [28/Jun/2026:08:38:20 -0400] "GET /products/92754927 HTTP/1.1" 200 4680 "-" "Mozilla/5.0 (Linux; Android 6.0.1; Nexus 5X Build/MMB29P) AppleWebKit/537.36 (KHTML, like Gecko) Chrome/148.0.7778.96 Mobile Safari/537.36 (compatible; Googlebot/2.1; +http://www.google.com/bot.html)"
51.222.168.213 - - [28/Jun/2026:08:38:22 -0400] "GET /products/88829404 HTTP/1.1" 200 4680 "-" "Mozilla/5.0 (compatible; AhrefsBot/7.0; +http://ahrefs.com/robot/)"
66.249.68.6 - - [28/Jun/2026:08:38:23 -0400] "GET /products/5304490?fileloc=//usr/lib/.build-id/d4/a5b6639b4bfe04e0e737fa1ceb1a97d899a933&path=//usr/lib/.build-id/d4 HTTP/1.1" 200 3114 "-" "Mozilla/5.0 (Linux; Android 6.0.1; Nexus 5X Build/MMB29P) AppleWebKit/537.36 (KHTML, like Gecko) Chrome/148.0.7778.96 Mobile Safari/537.36 (compatible; Googlebot/2.1; +http://www.google.com/bot.html)"
66.249.68.6 - - [28/Jun/2026:08:38:26 -0400] "GET /products/5304490?fileloc=//usr/lib/firmware/TAS2XXX38C3.bin&path=//usr/lib/firmware HTTP/1.1" 200 3088 "-" "Mozilla/5.0 (Linux; Android 6.0.1; Nexus 5X Build/MMB29P) AppleWebKit/537.36 (KHTML, like Gecko) Chrome/148.0.7778.96 Mobile Safari/537.36 (compatible; Googlebot/2.1; +http://www.google.com/bot.html)"
15.235.27.85 - - [28/Jun/2026:08:38:27 -0400] "GET /products/8801488 HTTP/1.1" 200 4704 "-" "Mozilla/5.0 (compatible; AhrefsBot/7.0; +http://ahrefs.com/robot/)"
66.249.68.65 - - [28/Jun/2026:08:38:29 -0400] "GET /products/277446216 HTTP/1.1" 200 4629 "-" "Mozilla/5.0 (Linux; Android 6.0.1; Nexus 5X Build/MMB29P) AppleWebKit/537.36 (KHTML, like Gecko) Chrome/148.0.7778.96 Mobile Safari/537.36 (compatible; Googlebot/2.1; +http://www.google.com/bot.html)"
54.39.136.118 - - [28/Jun/2026:08:38:31 -0400] "GET /products/8759708 HTTP/1.1" 200 4645 "-" "Mozilla/5.0 (compatible; AhrefsBot/7.0; +http://ahrefs.com/robot/)"
66.249.68.6 - - [28/Jun/2026:08:38:32 -0400] "GET /products/5304490?fileloc=//usr/lib/firmware/iwlwifi-bz-b0-hr-b0-98.ucode&path=//usr/lib/firmware HTTP/1.1" 200 3099 "-" "Mozilla/5.0 (Linux; Android 6.0.1; Nexus 5X Build/MMB29P) AppleWebKit/537.36 (KHTML, like Gecko) Chrome/148.0.7778.96 Mobile Safari/537.36 (compatible; Googlebot/2.1; +http://www.google.com/bot.html)"
66.249.68.6 - - [28/Jun/2026:08:38:35 -0400] "GET /products/5304490?path=//usr/lib/firmware/meson HTTP/1.1" 200 3355 "-" "Mozilla/5.0 (Linux; Android 6.0.1; Nexus 5X Build/MMB29P) AppleWebKit/537.36 (KHTML, like Gecko) Chrome/148.0.7778.96 Mobile Safari/537.36 (compatible; Googlebot/2.1; +http://www.google.com/bot.html)"
54.39.0.237 - - [28/Jun/2026:08:38:36 -0400] "GET /products/87537670 HTTP/1.1" 200 4639 "-" "Mozilla/5.0 (compatible; AhrefsBot/7.0; +http://ahrefs.com/robot/)"
66.249.68.6 - - [28/Jun/2026:08:38:38 -0400] "GET /products/5304490?fileloc=//usr/lib/firmware/iwlwifi-bz-b0-gf-a0-94.ucode&path=//usr/lib/firmware HTTP/1.1" 200 3098 "-" "Mozilla/5.0 (Linux; Android 6.0.1; Nexus 5X Build/MMB29P) AppleWebKit/537.36 (KHTML, like Gecko) Chrome/148.0.7778.96 Mobile Safari/537.36 (compatible; Googlebot/2.1; +http://www.google.com/bot.html)"
167.114.139.92 - - [28/Jun/2026:08:38:38 -0400] "GET /products/85877618 HTTP/1.1" 200 4683 "-" "Mozilla/5.0 (compatible; AhrefsBot/7.0; +http://ahrefs.com/robot/)"
66.249.68.65 - - [28/Jun/2026:08:38:42 -0400] "GET /products/91855645 HTTP/1.1" 200 4680 "-" "Mozilla/5.0 (Linux; Android 6.0.1; Nexus 5X Build/MMB29P) AppleWebKit/537.36 (KHTML, like Gecko) Chrome/148.0.7778.96 Mobile Safari/537.36 (compatible; Googlebot/2.1; +http://www.google.com/bot.html)"
54.39.6.29 - - [28/Jun/2026:08:38:42 -0400] "GET /products/8516126 HTTP/1.1" 200 4685 "-" "Mozilla/5.0 (compatible; AhrefsBot/7.0; +http://ahrefs.com/robot/)"
142.44.225.160 - - [28/Jun/2026:08:38:45 -0400] "GET /products/84698903 HTTP/1.1" 200 4680 "-" "Mozilla/5.0 (compatible; AhrefsBot/7.0; +http://ahrefs.com/robot/)"
54.39.6.167 - - [28/Jun/2026:08:38:47 -0400] "GET /products/8305880 HTTP/1.1" 200 4639 "-" "Mozilla/5.0 (compatible; AhrefsBot/7.0; +http://ahrefs.com/robot/)"
66.249.68.6 - - [28/Jun/2026:08:38:47 -0400] "GET /products/5304490?fileloc=//usr/lib/.build-id/d4/da1fe1223a932d375fec9b31db13e96bf2aa0f&path=//usr/lib/.build-id/d4 HTTP/1.1" 200 3112 "-" "Mozilla/5.0 (Linux; Android 6.0.1; Nexus 5X Build/MMB29P) AppleWebKit/537.36 (KHTML, like Gecko) Chrome/148.0.7778.96 Mobile Safari/537.36 (compatible; Googlebot/2.1; +http://www.google.com/bot.html)"
148.113.128.66 - - [28/Jun/2026:08:38:50 -0400] "GET /products/8267179 HTTP/1.1" 200 4711 "-" "Mozilla/5.0 (compatible; AhrefsBot/7.0; +http://ahrefs.com/robot/)"
66.249.68.6 - - [28/Jun/2026:08:38:50 -0400] "GET /products/5304490?path=//usr/lib/NetworkManager/conf.d HTTP/1.1" 200 3150 "-" "Mozilla/5.0 (Linux; Android 6.0.1; Nexus 5X Build/MMB29P) AppleWebKit/537.36 (KHTML, like Gecko) Chrome/148.0.7778.96 Mobile Safari/537.36 (compatible; Googlebot/2.1; +http://www.google.com/bot.html)"
148.113.130.83 - - [28/Jun/2026:08:38:53 -0400] "GET /products/81136146 HTTP/1.1" 200 4704 "-" "Mozilla/5.0 (compatible; AhrefsBot/7.0; +http://ahrefs.com/robot/)"
66.249.68.65 - - [28/Jun/2026:08:38:53 -0400] "GET /products/48749670 HTTP/1.1" 200 4685 "-" "Mozilla/5.0 (Linux; Android 6.0.1; Nexus 5X Build/MMB29P) AppleWebKit/537.36 (KHTML, like Gecko) Chrome/148.0.7778.96 Mobile Safari/537.36 (compatible; Googlebot/2.1; +http://www.google.com/bot.html)"
66.249.68.6 - - [28/Jun/2026:08:38:54 -0400] "GET /products/5304490?fileloc=//usr/lib/firmware/s5p-mfc-v8.fw&path=//usr/lib/firmware HTTP/1.1" 200 3085 "-" "Mozilla/5.0 (Linux; Android 6.0.1; Nexus 5X Build/MMB29P) AppleWebKit/537.36 (KHTML, like Gecko) Chrome/148.0.7778.96 Mobile Safari/537.36 (compatible; Googlebot/2.1; +http://www.google.com/bot.html)"
216.73.217.120 - - [28/Jun/2026:08:38:55 -0400] "GET /%22?fileloc=%2F%2Fusr%2Flib%2Fmodules%2F4.18.0-553.124.4.lve.el8.x86_64%2Fkernel%2Ffs%2Fnls%2Fmac-centeuro.ko.xz&path=%2F%2Fusr%2Flib%2Fmodules%2F4.18.0-553.124.4.lve.el8.x86_64%2Fkernel%2Ffs%2Fnls HTTP/1.1" 200 3132 "-" "Mozilla/5.0 AppleWebKit/537.36 (KHTML, like Gecko; compatible; ClaudeBot/1.0; +claudebot@anthropic.com)"
66.249.68.65 - - [28/Jun/2026:08:38:55 -0400] "GET /products/89342848 HTTP/1.1" 200 4680 "-" "Mozilla/5.0 (Linux; Android 6.0.1; Nexus 5X Build/MMB29P) AppleWebKit/537.36 (KHTML, like Gecko) Chrome/148.0.7778.96 Mobile Safari/537.36 (compatible; Googlebot/2.1; +http://www.google.com/bot.html)"
216.73.217.120 - - [28/Jun/2026:08:38:55 -0400] "GET /%22?fileloc=%2F%2Fusr%2Flib%2Fmodules%2F4.18.0-553.124.4.lve.el8.x86_64%2Fkernel%2Ffs%2Fnls%2Fmac-cyrillic.ko.xz&path=%2F%2Fusr%2Flib%2Fmodules%2F4.18.0-553.124.4.lve.el8.x86_64%2Fkernel%2Ffs%2Fnls HTTP/1.1" 200 3135 "-" "Mozilla/5.0 AppleWebKit/537.36 (KHTML, like Gecko; compatible; ClaudeBot/1.0; +claudebot@anthropic.com)"
216.73.217.120 - - [28/Jun/2026:08:38:55 -0400] "GET /%22?fileloc=%2F%2Fusr%2Flib%2Fmodules%2F4.18.0-553.124.4.lve.el8.x86_64%2Fkernel%2Ffs%2Fnls%2Fmac-romanian.ko.xz&path=%2F%2Fusr%2Flib%2Fmodules%2F4.18.0-553.124.4.lve.el8.x86_64%2Fkernel%2Ffs%2Fnls HTTP/1.1" 200 3136 "-" "Mozilla/5.0 AppleWebKit/537.36 (KHTML, like Gecko; compatible; ClaudeBot/1.0; +claudebot@anthropic.com)"
216.73.217.120 - - [28/Jun/2026:08:38:55 -0400] "GET /%22?fileloc=%2F%2Fusr%2Flib%2Fmodules%2F4.18.0-553.124.4.lve.el8.x86_64%2Fkernel%2Ffs%2Fnls%2Fmac-gaelic.ko.xz&path=%2F%2Fusr%2Flib%2Fmodules%2F4.18.0-553.124.4.lve.el8.x86_64%2Fkernel%2Ffs%2Fnls HTTP/1.1" 200 3135 "-" "Mozilla/5.0 AppleWebKit/537.36 (KHTML, like Gecko; compatible; ClaudeBot/1.0; +claudebot@anthropic.com)"
216.73.217.120 - - [28/Jun/2026:08:38:55 -0400] "GET /%22?fileloc=%2F%2Fusr%2Flib%2Fmodules%2F4.18.0-553.124.4.lve.el8.x86_64%2Fkernel%2Ffs%2Fnls%2Fmac-turkish.ko.xz&path=%2F%2Fusr%2Flib%2Fmodules%2F4.18.0-553.124.4.lve.el8.x86_64%2Fkernel%2Ffs%2Fnls HTTP/1.1" 200 3137 "-" "Mozilla/5.0 AppleWebKit/537.36 (KHTML, like Gecko; compatible; ClaudeBot/1.0; +claudebot@anthropic.com)"
216.73.217.120 - - [28/Jun/2026:08:38:55 -0400] "GET /%22?fileloc=%2F%2Fusr%2Flib%2Fmodules%2F4.18.0-553.124.4.lve.el8.x86_64%2Fkernel%2Ffs%2Fsmbfs_common%2Fcifs_arc4.ko.xz&path=%2F%2Fusr%2Flib%2Fmodules%2F4.18.0-553.124.4.lve.el8.x86_64%2Fkernel%2Ffs%2Fsmbfs_common HTTP/1.1" 200 3151 "-" "Mozilla/5.0 AppleWebKit/537.36 (KHTML, like Gecko; compatible; ClaudeBot/1.0; +claudebot@anthropic.com)"
216.73.217.120 - - [28/Jun/2026:08:38:55 -0400] "GET /%22?fileloc=%2F%2Fusr%2Flib%2Fmodules%2F4.18.0-553.124.4.lve.el8.x86_64%2Fkernel%2Ffs%2Ffscache%2Ffscache.ko.xz&path=%2F%2Fusr%2Flib%2Fmodules%2F4.18.0-553.124.4.lve.el8.x86_64%2Fkernel%2Ffs%2Ffscache HTTP/1.1" 200 3121 "-" "Mozilla/5.0 AppleWebKit/537.36 (KHTML, like Gecko; compatible; ClaudeBot/1.0; +claudebot@anthropic.com)"
216.73.217.120 - - [28/Jun/2026:08:38:55 -0400] "GET /%22?fileloc=%2F%2Fusr%2Flib%2Fmodules%2F4.18.0-553.124.4.lve.el8.x86_64%2Fkernel%2Ffs%2Fnls%2Fnls_utf8.ko.xz&path=%2F%2Fusr%2Flib%2Fmodules%2F4.18.0-553.124.4.lve.el8.x86_64%2Fkernel%2Ffs%2Fnls HTTP/1.1" 200 3133 "-" "Mozilla/5.0 AppleWebKit/537.36 (KHTML, like Gecko; compatible; ClaudeBot/1.0; +claudebot@anthropic.com)"
216.73.217.120 - - [28/Jun/2026:08:38:55 -0400] "GET /%22?fileloc=%2F%2Fusr%2Flib%2Fmodules%2F4.18.0-553.124.4.lve.el8.x86_64%2Fkernel%2Ffs%2Fsmbfs_common%2Fcifs_md4.ko.xz&path=%2F%2Fusr%2Flib%2Fmodules%2F4.18.0-553.124.4.lve.el8.x86_64%2Fkernel%2Ffs%2Fsmbfs_common HTTP/1.1" 200 3152 "-" "Mozilla/5.0 AppleWebKit/537.36 (KHTML, like Gecko; compatible; ClaudeBot/1.0; +claudebot@anthropic.com)"
216.73.217.120 - - [28/Jun/2026:08:38:56 -0400] "GET /%22?fileloc=%2F%2Fusr%2Flib%2Fmodules%2F4.18.0-553.124.4.lve.el8.x86_64%2Fkernel%2Ffs%2Fnls%2Fmac-celtic.ko.xz&path=%2F%2Fusr%2Flib%2Fmodules%2F4.18.0-553.124.4.lve.el8.x86_64%2Fkernel%2Ffs%2Fnls HTTP/1.1" 200 3135 "-" "Mozilla/5.0 AppleWebKit/537.36 (KHTML, like Gecko; compatible; ClaudeBot/1.0; +claudebot@anthropic.com)"
66.249.68.6 - - [28/Jun/2026:08:38:57 -0400] "GET /products/5304490?fileloc=//usr/lib/firmware/iwlwifi-Qu-c0-hr-b0-77.ucode&path=//usr/lib/firmware HTTP/1.1" 200 3099 "-" "Mozilla/5.0 (Linux; Android 6.0.1; Nexus 5X Build/MMB29P) AppleWebKit/537.36 (KHTML, like Gecko) Chrome/148.0.7778.96 Mobile Safari/537.36 (compatible; Googlebot/2.1; +http://www.google.com/bot.html)"
51.222.95.86 - - [28/Jun/2026:08:38:57 -0400] "GET /products/8031439 HTTP/1.1" 200 4680 "-" "Mozilla/5.0 (compatible; AhrefsBot/7.0; +http://ahrefs.com/robot/)"
216.73.217.120 - - [28/Jun/2026:08:39:00 -0400] "GET /%22?fileloc=%2F%2Fusr%2Flib%2Fmodules%2F4.18.0-553.124.4.lve.el8.x86_64%2Fkernel%2Ffs%2Fnls%2Fnls_cp861.ko.xz&path=%2F%2Fusr%2Flib%2Fmodules%2F4.18.0-553.124.4.lve.el8.x86_64%2Fkernel%2Ffs%2Fnls HTTP/1.1" 200 3135 "-" "Mozilla/5.0 AppleWebKit/537.36 (KHTML, like Gecko; compatible; ClaudeBot/1.0; +claudebot@anthropic.com)"
216.73.217.120 - - [28/Jun/2026:08:39:00 -0400] "GET /%22?fileloc=%2F%2Fusr%2Flib%2Fmodules%2F4.18.0-553.124.4.lve.el8.x86_64%2Fkernel%2Ffs%2Fnls%2Fnls_cp1255.ko.xz&path=%2F%2Fusr%2Flib%2Fmodules%2F4.18.0-553.124.4.lve.el8.x86_64%2Fkernel%2Ffs%2Fnls HTTP/1.1" 200 3136 "-" "Mozilla/5.0 AppleWebKit/537.36 (KHTML, like Gecko; compatible; ClaudeBot/1.0; +claudebot@anthropic.com)"
216.73.217.120 - - [28/Jun/2026:08:39:00 -0400] "GET /%22?fileloc=%2F%2Fusr%2Flib%2Fmodules%2F4.18.0-553.124.4.lve.el8.x86_64%2Fkernel%2Ffs%2Fnls%2Fnls_cp949.ko.xz&path=%2F%2Fusr%2Flib%2Fmodules%2F4.18.0-553.124.4.lve.el8.x86_64%2Fkernel%2Ffs%2Fnls HTTP/1.1" 200 3135 "-" "Mozilla/5.0 AppleWebKit/537.36 (KHTML, like Gecko; compatible; ClaudeBot/1.0; +claudebot@anthropic.com)"
216.73.217.120 - - [28/Jun/2026:08:39:00 -0400] "GET /%22?fileloc=%2F%2Fusr%2Flib%2Fmodules%2F4.18.0-553.124.4.lve.el8.x86_64%2Fkernel%2Ffs%2Fnls%2Fnls_cp866.ko.xz&path=%2F%2Fusr%2Flib%2Fmodules%2F4.18.0-553.124.4.lve.el8.x86_64%2Fkernel%2Ffs%2Fnls HTTP/1.1" 200 3135 "-" "Mozilla/5.0 AppleWebKit/537.36 (KHTML, like Gecko; compatible; ClaudeBot/1.0; +claudebot@anthropic.com)"
216.73.217.120 - - [28/Jun/2026:08:39:00 -0400] "GET /%22?fileloc=%2F%2Fusr%2Flib%2Fmodules%2F4.18.0-553.124.4.lve.el8.x86_64%2Fkernel%2Ffs%2Fnls%2Fnls_koi8-u.ko.xz&path=%2F%2Fusr%2Flib%2Fmodules%2F4.18.0-553.124.4.lve.el8.x86_64%2Fkernel%2Ffs%2Fnls HTTP/1.1" 200 3136 "-" "Mozilla/5.0 AppleWebKit/537.36 (KHTML, like Gecko; compatible; ClaudeBot/1.0; +claudebot@anthropic.com)"
216.73.217.120 - - [28/Jun/2026:08:39:00 -0400] "GET /%22?fileloc=%2F%2Fusr%2Flib%2Fmodules%2F4.18.0-553.124.4.lve.el8.x86_64%2Fkernel%2Ffs%2Fnls%2Fnls_cp857.ko.xz&path=%2F%2Fusr%2Flib%2Fmodules%2F4.18.0-553.124.4.lve.el8.x86_64%2Fkernel%2Ffs%2Fnls HTTP/1.1" 200 3135 "-" "Mozilla/5.0 AppleWebKit/537.36 (KHTML, like Gecko; compatible; ClaudeBot/1.0; +claudebot@anthropic.com)"
216.73.217.120 - - [28/Jun/2026:08:39:00 -0400] "GET /%22?fileloc=%2F%2Fusr%2Flib%2Fmodules%2F4.18.0-553.124.4.lve.el8.x86_64%2Fkernel%2Ffs%2Fnls%2Fnls_cp865.ko.xz&path=%2F%2Fusr%2Flib%2Fmodules%2F4.18.0-553.124.4.lve.el8.x86_64%2Fkernel%2Ffs%2Fnls HTTP/1.1" 200 3083 "-" "Mozilla/5.0 AppleWebKit/537.36 (KHTML, like Gecko; compatible; ClaudeBot/1.0; +claudebot@anthropic.com)"
216.73.217.120 - - [28/Jun/2026:08:39:00 -0400] "GET /%22?fileloc=%2F%2Fusr%2Flib%2Fmodules%2F4.18.0-553.124.4.lve.el8.x86_64%2Fkernel%2Ffs%2Fnls%2Fnls_cp852.ko.xz&path=%2F%2Fusr%2Flib%2Fmodules%2F4.18.0-553.124.4.lve.el8.x86_64%2Fkernel%2Ffs%2Fnls HTTP/1.1" 200 3135 "-" "Mozilla/5.0 AppleWebKit/537.36 (KHTML, like Gecko; compatible; ClaudeBot/1.0; +claudebot@anthropic.com)"
216.73.217.120 - - [28/Jun/2026:08:39:00 -0400] "GET /%22?fileloc=%2F%2Fusr%2Flib%2Fmodules%2F4.18.0-553.124.4.lve.el8.x86_64%2Fkernel%2Ffs%2Fnls%2Fnls_cp936.ko.xz&path=%2F%2Fusr%2Flib%2Fmodules%2F4.18.0-553.124.4.lve.el8.x86_64%2Fkernel%2Ffs%2Fnls HTTP/1.1" 200 3135 "-" "Mozilla/5.0 AppleWebKit/537.36 (KHTML, like Gecko; compatible; ClaudeBot/1.0; +claudebot@anthropic.com)"
66.249.68.7 - - [28/Jun/2026:08:39:00 -0400] "GET /products/5304490?fileloc=//usr/lib/.build-id/d4/62e49493df2d08718553db46a56a9563828bce&path=//usr/lib/.build-id/d4 HTTP/1.1" 200 3060 "-" "Mozilla/5.0 (Linux; Android 6.0.1; Nexus 5X Build/MMB29P) AppleWebKit/537.36 (KHTML, like Gecko) Chrome/148.0.7778.96 Mobile Safari/537.36 (compatible; Googlebot/2.1; +http://www.google.com/bot.html)"
216.73.217.120 - - [28/Jun/2026:08:39:00 -0400] "GET /%22?fileloc=%2F%2Fusr%2Flib%2Fmodules%2F4.18.0-553.124.4.lve.el8.x86_64%2Fkernel%2Ffs%2Fnls%2Fmac-roman.ko.xz&path=%2F%2Fusr%2Flib%2Fmodules%2F4.18.0-553.124.4.lve.el8.x86_64%2Fkernel%2Ffs%2Fnls HTTP/1.1" 200 3134 "-" "Mozilla/5.0 AppleWebKit/537.36 (KHTML, like Gecko; compatible; ClaudeBot/1.0; +claudebot@anthropic.com)"
216.73.217.120 - - [28/Jun/2026:08:39:00 -0400] "GET /%22?fileloc=%2F%2Fusr%2Flib%2Fmodules%2F4.18.0-553.124.4.lve.el8.x86_64%2Fkernel%2Ffs%2Fnls%2Fnls_cp869.ko.xz&path=%2F%2Fusr%2Flib%2Fmodules%2F4.18.0-553.124.4.lve.el8.x86_64%2Fkernel%2Ffs%2Fnls HTTP/1.1" 200 3083 "-" "Mozilla/5.0 AppleWebKit/537.36 (KHTML, like Gecko; compatible; ClaudeBot/1.0; +claudebot@anthropic.com)"
216.73.217.120 - - [28/Jun/2026:08:39:00 -0400] "GET /%22?fileloc=%2F%2Fusr%2Flib%2Fmodules%2F4.18.0-553.124.4.lve.el8.x86_64%2Fkernel%2Ffs%2Fnls%2Fnls_cp874.ko.xz&path=%2F%2Fusr%2Flib%2Fmodules%2F4.18.0-553.124.4.lve.el8.x86_64%2Fkernel%2Ffs%2Fnls HTTP/1.1" 200 3135 "-" "Mozilla/5.0 AppleWebKit/537.36 (KHTML, like Gecko; compatible; ClaudeBot/1.0; +claudebot@anthropic.com)"
15.235.96.46 - - [28/Jun/2026:08:39:01 -0400] "GET /products/7963918 HTTP/1.1" 200 4625 "-" "Mozilla/5.0 (compatible; AhrefsBot/7.0; +http://ahrefs.com/robot/)"
216.73.217.120 - - [28/Jun/2026:08:39:01 -0400] "GET /%22?fileloc=%2F%2Fusr%2Flib%2Fmodules%2F4.18.0-553.124.4.lve.el8.x86_64%2Fkernel%2Ffs%2Fnls%2Fnls_cp737.ko.xz&path=%2F%2Fusr%2Flib%2Fmodules%2F4.18.0-553.124.4.lve.el8.x86_64%2Fkernel%2Ffs%2Fnls HTTP/1.1" 200 3135 "-" "Mozilla/5.0 AppleWebKit/537.36 (KHTML, like Gecko; compatible; ClaudeBot/1.0; +claudebot@anthropic.com)"
216.73.217.120 - - [28/Jun/2026:08:39:01 -0400] "GET /%22?fileloc=%2F%2Fusr%2Flib%2Fmodules%2F4.18.0-553.124.4.lve.el8.x86_64%2Fkernel%2Ffs%2Fnls%2Fnls_cp932.ko.xz&path=%2F%2Fusr%2Flib%2Fmodules%2F4.18.0-553.124.4.lve.el8.x86_64%2Fkernel%2Ffs%2Fnls HTTP/1.1" 200 3135 "-" "Mozilla/5.0 AppleWebKit/537.36 (KHTML, like Gecko; compatible; ClaudeBot/1.0; +claudebot@anthropic.com)"
216.73.217.120 - - [28/Jun/2026:08:39:01 -0400] "GET /%22?fileloc=%2F%2Fusr%2Flib%2Fmodules%2F4.18.0-553.124.4.lve.el8.x86_64%2Fkernel%2Ffs%2Fnls%2Fnls_cp950.ko.xz&path=%2F%2Fusr%2Flib%2Fmodules%2F4.18.0-553.124.4.lve.el8.x86_64%2Fkernel%2Ffs%2Fnls HTTP/1.1" 200 3135 "-" "Mozilla/5.0 AppleWebKit/537.36 (KHTML, like Gecko; compatible; ClaudeBot/1.0; +claudebot@anthropic.com)"
216.73.217.120 - - [28/Jun/2026:08:39:01 -0400] "GET /%22?fileloc=%2F%2Fusr%2Flib%2Fmodules%2F4.18.0-553.124.4.lve.el8.x86_64%2Fkernel%2Ffs%2Fnls%2Fmac-iceland.ko.xz&path=%2F%2Fusr%2Flib%2Fmodules%2F4.18.0-553.124.4.lve.el8.x86_64%2Fkernel%2Ffs%2Fnls HTTP/1.1" 200 3138 "-" "Mozilla/5.0 AppleWebKit/537.36 (KHTML, like Gecko; compatible; ClaudeBot/1.0; +claudebot@anthropic.com)"
216.73.217.120 - - [28/Jun/2026:08:39:01 -0400] "GET /%22?fileloc=%2F%2Fusr%2Flib%2Fmodules%2F4.18.0-553.124.4.lve.el8.x86_64%2Fkernel%2Ffs%2Fnls%2Fnls_cp863.ko.xz&path=%2F%2Fusr%2Flib%2Fmodules%2F4.18.0-553.124.4.lve.el8.x86_64%2Fkernel%2Ffs%2Fnls HTTP/1.1" 200 3135 "-" "Mozilla/5.0 AppleWebKit/537.36 (KHTML, like Gecko; compatible; ClaudeBot/1.0; +claudebot@anthropic.com)"
216.73.217.120 - - [28/Jun/2026:08:39:01 -0400] "GET /%22?fileloc=%2F%2Fusr%2Flib%2Fmodules%2F4.18.0-553.124.4.lve.el8.x86_64%2Fkernel%2Ffs%2Fnls%2Fnls_cp862.ko.xz&path=%2F%2Fusr%2Flib%2Fmodules%2F4.18.0-553.124.4.lve.el8.x86_64%2Fkernel%2Ffs%2Fnls HTTP/1.1" 200 3135 "-" "Mozilla/5.0 AppleWebKit/537.36 (KHTML, like Gecko; compatible; ClaudeBot/1.0; +claudebot@anthropic.com)"
216.73.217.120 - - [28/Jun/2026:08:39:01 -0400] "GET /%22?fileloc=%2F%2Fusr%2Flib%2Fmodules%2F4.18.0-553.124.4.lve.el8.x86_64%2Fkernel%2Ffs%2Fnls%2Fnls_cp855.ko.xz&path=%2F%2Fusr%2Flib%2Fmodules%2F4.18.0-553.124.4.lve.el8.x86_64%2Fkernel%2Ffs%2Fnls HTTP/1.1" 200 3135 "-" "Mozilla/5.0 AppleWebKit/537.36 (KHTML, like Gecko; compatible; ClaudeBot/1.0; +claudebot@anthropic.com)"
216.73.217.120 - - [28/Jun/2026:08:39:01 -0400] "GET /%22?fileloc=%2F%2Fusr%2Flib%2Fmodules%2F4.18.0-553.124.4.lve.el8.x86_64%2Fkernel%2Ffs%2Fnls%2Fmac-inuit.ko.xz&path=%2F%2Fusr%2Flib%2Fmodules%2F4.18.0-553.124.4.lve.el8.x86_64%2Fkernel%2Ffs%2Fnls HTTP/1.1" 200 3135 "-" "Mozilla/5.0 AppleWebKit/537.36 (KHTML, like Gecko; compatible; ClaudeBot/1.0; +claudebot@anthropic.com)"
216.73.217.120 - - [28/Jun/2026:08:39:01 -0400] "GET /%22?fileloc=%2F%2Fusr%2Flib%2Fmodules%2F4.18.0-553.124.4.lve.el8.x86_64%2Fkernel%2Ffs%2Fnls%2Fnls_euc-jp.ko.xz&path=%2F%2Fusr%2Flib%2Fmodules%2F4.18.0-553.124.4.lve.el8.x86_64%2Fkernel%2Ffs%2Fnls HTTP/1.1" 200 3136 "-" "Mozilla/5.0 AppleWebKit/537.36 (KHTML, like Gecko; compatible; ClaudeBot/1.0; +claudebot@anthropic.com)"
148.113.130.128 - - [28/Jun/2026:08:39:03 -0400] "GET /products/79188426 HTTP/1.1" 200 4685 "-" "Mozilla/5.0 (compatible; AhrefsBot/7.0; +http://ahrefs.com/robot/)"
66.249.68.65 - - [28/Jun/2026:08:39:03 -0400] "GET /products/8683718 HTTP/1.1" 200 4641 "-" "Mozilla/5.0 (Linux; Android 6.0.1; Nexus 5X Build/MMB29P) AppleWebKit/537.36 (KHTML, like Gecko) Chrome/148.0.7778.96 Mobile Safari/537.36 (compatible; Googlebot/2.1; +http://www.google.com/bot.html)"
142.44.233.61 - - [28/Jun/2026:08:39:06 -0400] "GET /products/76300711 HTTP/1.1" 200 4622 "-" "Mozilla/5.0 (compatible; AhrefsBot/7.0; +http://ahrefs.com/robot/)"
66.249.68.6 - - [28/Jun/2026:08:39:06 -0400] "GET /products/5304490?fileloc=//usr/lib/firmware/TAS2XXX3F200.bin&path=//usr/lib/firmware HTTP/1.1" 200 3085 "-" "Mozilla/5.0 (Linux; Android 6.0.1; Nexus 5X Build/MMB29P) AppleWebKit/537.36 (KHTML, like Gecko) Chrome/148.0.7778.96 Mobile Safari/537.36 (compatible; Googlebot/2.1; +http://www.google.com/bot.html)"
54.39.203.228 - - [28/Jun/2026:08:39:09 -0400] "GET /products/7587845 HTTP/1.1" 200 4679 "-" "Mozilla/5.0 (compatible; AhrefsBot/7.0; +http://ahrefs.com/robot/)"
66.249.68.7 - - [28/Jun/2026:08:39:10 -0400] "GET /products/5304490?fileloc=//usr/lib/firmware/iwlwifi-sc-a0-fm-c0-c101.ucode&path=//usr/lib/firmware HTTP/1.1" 200 3097 "-" "Mozilla/5.0 (Linux; Android 6.0.1; Nexus 5X Build/MMB29P) AppleWebKit/537.36 (KHTML, like Gecko) Chrome/148.0.7778.96 Mobile Safari/537.36 (compatible; Googlebot/2.1; +http://www.google.com/bot.html)"
167.114.139.155 - - [28/Jun/2026:08:39:12 -0400] "GET /products/7527661 HTTP/1.1" 200 4639 "-" "Mozilla/5.0 (compatible; AhrefsBot/7.0; +http://ahrefs.com/robot/)"
66.249.68.6 - - [28/Jun/2026:08:39:13 -0400] "GET /products/5304490?fileloc=//usr/lib/firmware/TAS2XXX0C97.bin&path=//usr/lib/firmware HTTP/1.1" 200 3086 "-" "Mozilla/5.0 (Linux; Android 6.0.1; Nexus 5X Build/MMB29P) AppleWebKit/537.36 (KHTML, like Gecko) Chrome/148.0.7778.96 Mobile Safari/537.36 (compatible; Googlebot/2.1; +http://www.google.com/bot.html)"
15.235.98.128 - - [28/Jun/2026:08:39:15 -0400] "GET /products/75099175 HTTP/1.1" 200 4704 "-" "Mozilla/5.0 (compatible; AhrefsBot/7.0; +http://ahrefs.com/robot/)"
66.249.68.66 - - [28/Jun/2026:08:39:16 -0400] "GET /products/554788722 HTTP/1.1" 200 4679 "-" "Mozilla/5.0 (Linux; Android 6.0.1; Nexus 5X Build/MMB29P) AppleWebKit/537.36 (KHTML, like Gecko) Chrome/148.0.7778.96 Mobile Safari/537.36 (compatible; Googlebot/2.1; +http://www.google.com/bot.html)"
54.39.0.107 - - [28/Jun/2026:08:39:19 -0400] "GET /products/7426158 HTTP/1.1" 200 4788 "-" "Mozilla/5.0 (compatible; AhrefsBot/7.0; +http://ahrefs.com/robot/)"
66.249.68.6 - - [28/Jun/2026:08:39:19 -0400] "GET /products/5304490?path=//usr/lib/firmware/Lontium HTTP/1.1" 200 3435 "-" "Mozilla/5.0 (Linux; Android 6.0.1; Nexus 5X Build/MMB29P) AppleWebKit/537.36 (KHTML, like Gecko) Chrome/148.0.7778.96 Mobile Safari/537.36 (compatible; Googlebot/2.1; +http://www.google.com/bot.html)"
66.249.68.6 - - [28/Jun/2026:08:39:22 -0400] "GET /products/5304490?path=//usr/lib/kbd/keymaps HTTP/1.1" 200 3422 "-" "Mozilla/5.0 (Linux; Android 6.0.1; Nexus 5X Build/MMB29P) AppleWebKit/537.36 (KHTML, like Gecko) Chrome/148.0.7778.96 Mobile Safari/537.36 (compatible; Googlebot/2.1; +http://www.google.com/bot.html)"
54.39.210.66 - - [28/Jun/2026:08:39:23 -0400] "GET /products/7211414 HTTP/1.1" 200 4679 "-" "Mozilla/5.0 (compatible; AhrefsBot/7.0; +http://ahrefs.com/robot/)"
66.249.68.65 - - [28/Jun/2026:08:39:25 -0400] "GET /products/9233976 HTTP/1.1" 200 4763 "-" "Mozilla/5.0 (Linux; Android 6.0.1; Nexus 5X Build/MMB29P) AppleWebKit/537.36 (KHTML, like Gecko) Chrome/148.0.7778.96 Mobile Safari/537.36 (compatible; Googlebot/2.1; +http://www.google.com/bot.html)"
216.73.217.120 - - [28/Jun/2026:08:39:25 -0400] "GET /%22?fileloc=%2F%2Fusr%2Flib%2Fmodules%2F4.18.0-553.124.4.lve.el8.x86_64%2Fkernel%2Ffs%2Fnls%2Fnls_iso8859-14.ko.xz&path=%2F%2Fusr%2Flib%2Fmodules%2F4.18.0-553.124.4.lve.el8.x86_64%2Fkernel%2Ffs%2Fnls HTTP/1.1" 200 3140 "-" "Mozilla/5.0 AppleWebKit/537.36 (KHTML, like Gecko; compatible; ClaudeBot/1.0; +claudebot@anthropic.com)"
216.73.217.120 - - [28/Jun/2026:08:39:25 -0400] "GET /%22?fileloc=%2F%2Fusr%2Flib%2Fmodules%2F4.18.0-553.124.4.lve.el8.x86_64%2Fkernel%2Ffs%2Fnls%2Fnls_iso8859-13.ko.xz&path=%2F%2Fusr%2Flib%2Fmodules%2F4.18.0-553.124.4.lve.el8.x86_64%2Fkernel%2Ffs%2Fnls HTTP/1.1" 200 3140 "-" "Mozilla/5.0 AppleWebKit/537.36 (KHTML, like Gecko; compatible; ClaudeBot/1.0; +claudebot@anthropic.com)"
216.73.217.120 - - [28/Jun/2026:08:39:25 -0400] "GET /%22?fileloc=%2F%2Fusr%2Flib%2Fmodules%2F4.18.0-553.124.4.lve.el8.x86_64%2Fkernel%2Ffs%2Fnls%2Fnls_iso8859-15.ko.xz&path=%2F%2Fusr%2Flib%2Fmodules%2F4.18.0-553.124.4.lve.el8.x86_64%2Fkernel%2Ffs%2Fnls HTTP/1.1" 200 3140 "-" "Mozilla/5.0 AppleWebKit/537.36 (KHTML, like Gecko; compatible; ClaudeBot/1.0; +claudebot@anthropic.com)"
216.73.217.120 - - [28/Jun/2026:08:39:26 -0400] "GET /%22?fileloc=%2F%2Fusr%2Flib%2Fmodules%2F4.18.0-553.124.4.lve.el8.x86_64%2Fkernel%2Ffs%2Fnls%2Fnls_iso8859-6.ko.xz&path=%2F%2Fusr%2Flib%2Fmodules%2F4.18.0-553.124.4.lve.el8.x86_64%2Fkernel%2Ffs%2Fnls HTTP/1.1" 200 3138 "-" "Mozilla/5.0 AppleWebKit/537.36 (KHTML, like Gecko; compatible; ClaudeBot/1.0; +claudebot@anthropic.com)"
216.73.217.120 - - [28/Jun/2026:08:39:26 -0400] "GET /%22?fileloc=%2F%2Fusr%2Flib%2Fmodules%2F4.18.0-553.124.4.lve.el8.x86_64%2Fkernel%2Ffs%2Fnls%2Fnls_iso8859-1.ko.xz&path=%2F%2Fusr%2Flib%2Fmodules%2F4.18.0-553.124.4.lve.el8.x86_64%2Fkernel%2Ffs%2Fnls HTTP/1.1" 200 3138 "-" "Mozilla/5.0 AppleWebKit/537.36 (KHTML, like Gecko; compatible; ClaudeBot/1.0; +claudebot@anthropic.com)"
216.73.217.120 - - [28/Jun/2026:08:39:26 -0400] "GET /%22?fileloc=%2F%2Fusr%2Flib%2Fmodules%2F4.18.0-553.124.4.lve.el8.x86_64%2Fkernel%2Ffs%2Fnls%2Fnls_iso8859-5.ko.xz&path=%2F%2Fusr%2Flib%2Fmodules%2F4.18.0-553.124.4.lve.el8.x86_64%2Fkernel%2Ffs%2Fnls HTTP/1.1" 200 3138 "-" "Mozilla/5.0 AppleWebKit/537.36 (KHTML, like Gecko; compatible; ClaudeBot/1.0; +claudebot@anthropic.com)"
216.73.217.120 - - [28/Jun/2026:08:39:26 -0400] "GET /%22?fileloc=%2F%2Fusr%2Flib%2Fmodules%2F4.18.0-553.124.4.lve.el8.x86_64%2Fkernel%2Ffs%2Fnls%2Fnls_iso8859-7.ko.xz&path=%2F%2Fusr%2Flib%2Fmodules%2F4.18.0-553.124.4.lve.el8.x86_64%2Fkernel%2Ffs%2Fnls HTTP/1.1" 200 3138 "-" "Mozilla/5.0 AppleWebKit/537.36 (KHTML, like Gecko; compatible; ClaudeBot/1.0; +claudebot@anthropic.com)"
216.73.217.120 - - [28/Jun/2026:08:39:26 -0400] "GET /%22?fileloc=%2F%2Fusr%2Flib%2Fmodules%2F4.18.0-553.124.4.lve.el8.x86_64%2Fkernel%2Ffs%2Fnls%2Fnls_koi8-r.ko.xz&path=%2F%2Fusr%2Flib%2Fmodules%2F4.18.0-553.124.4.lve.el8.x86_64%2Fkernel%2Ffs%2Fnls HTTP/1.1" 200 3136 "-" "Mozilla/5.0 AppleWebKit/537.36 (KHTML, like Gecko; compatible; ClaudeBot/1.0; +claudebot@anthropic.com)"
216.73.217.120 - - [28/Jun/2026:08:39:26 -0400] "GET /%22?fileloc=%2F%2Fusr%2Flib%2Fmodules%2F4.18.0-553.124.4.lve.el8.x86_64%2Fkernel%2Ffs%2Fnls%2Fnls_iso8859-4.ko.xz&path=%2F%2Fusr%2Flib%2Fmodules%2F4.18.0-553.124.4.lve.el8.x86_64%2Fkernel%2Ffs%2Fnls HTTP/1.1" 200 3138 "-" "Mozilla/5.0 AppleWebKit/537.36 (KHTML, like Gecko; compatible; ClaudeBot/1.0; +claudebot@anthropic.com)"
142.44.228.15 - - [28/Jun/2026:08:39:26 -0400] "GET /products/72099302 HTTP/1.1" 200 4639 "-" "Mozilla/5.0 (compatible; AhrefsBot/7.0; +http://ahrefs.com/robot/)"
216.73.217.120 - - [28/Jun/2026:08:39:26 -0400] "GET /%22?fileloc=%2F%2Fusr%2Flib%2Fmodules%2F4.18.0-553.124.4.lve.el8.x86_64%2Fkernel%2Ffs%2Fnls%2Fnls_iso8859-9.ko.xz&path=%2F%2Fusr%2Flib%2Fmodules%2F4.18.0-553.124.4.lve.el8.x86_64%2Fkernel%2Ffs%2Fnls HTTP/1.1" 200 3138 "-" "Mozilla/5.0 AppleWebKit/537.36 (KHTML, like Gecko; compatible; ClaudeBot/1.0; +claudebot@anthropic.com)"
216.73.217.120 - - [28/Jun/2026:08:39:26 -0400] "GET /%22?fileloc=%2F%2Fusr%2Flib%2Fmodules%2F4.18.0-553.124.4.lve.el8.x86_64%2Fkernel%2Ffs%2Fnls%2Fnls_iso8859-3.ko.xz&path=%2F%2Fusr%2Flib%2Fmodules%2F4.18.0-553.124.4.lve.el8.x86_64%2Fkernel%2Ffs%2Fnls HTTP/1.1" 200 3138 "-" "Mozilla/5.0 AppleWebKit/537.36 (KHTML, like Gecko; compatible; ClaudeBot/1.0; +claudebot@anthropic.com)"
216.73.217.120 - - [28/Jun/2026:08:39:26 -0400] "GET /%22?fileloc=%2F%2Fusr%2Flib%2Fmodules%2F4.18.0-553.124.4.lve.el8.x86_64%2Fkernel%2Ffs%2Fnls%2Fnls_cp1251.ko.xz&path=%2F%2Fusr%2Flib%2Fmodules%2F4.18.0-553.124.4.lve.el8.x86_64%2Fkernel%2Ffs%2Fnls HTTP/1.1" 200 3135 "-" "Mozilla/5.0 AppleWebKit/537.36 (KHTML, like Gecko; compatible; ClaudeBot/1.0; +claudebot@anthropic.com)"
216.73.217.120 - - [28/Jun/2026:08:39:26 -0400] "GET /%22?fileloc=%2F%2Fusr%2Flib%2Fmodules%2F4.18.0-553.124.4.lve.el8.x86_64%2Fkernel%2Ffs%2Fnls%2Fnls_koi8-ru.ko.xz&path=%2F%2Fusr%2Flib%2Fmodules%2F4.18.0-553.124.4.lve.el8.x86_64%2Fkernel%2Ffs%2Fnls HTTP/1.1" 200 3138 "-" "Mozilla/5.0 AppleWebKit/537.36 (KHTML, like Gecko; compatible; ClaudeBot/1.0; +claudebot@anthropic.com)"
216.73.217.120 - - [28/Jun/2026:08:39:26 -0400] "GET /%22?fileloc=%2F%2Fusr%2Flib%2Fmodules%2F4.18.0-553.124.4.lve.el8.x86_64%2Fkernel%2Ffs%2Fnls%2Fnls_iso8859-2.ko.xz&path=%2F%2Fusr%2Flib%2Fmodules%2F4.18.0-553.124.4.lve.el8.x86_64%2Fkernel%2Ffs%2Fnls HTTP/1.1" 200 3138 "-" "Mozilla/5.0 AppleWebKit/537.36 (KHTML, like Gecko; compatible; ClaudeBot/1.0; +claudebot@anthropic.com)"
