{'id': 183207, 'code': 'Y2gQopBX
66.29.146.164 - - [30/Jun/2026:08:02:41 -0400] "POST /wp-cron.php?doing_wp_cron=1782820961.9522330760955810546875 HTTP/1.1" 200 0 "-" "WordPress/7.0; https://www.azollaalgerie.com"
187.73.253.24 - wp_default_admin [30/Jun/2026:08:02:41 -0400] "POST /wp-json/wp/v2/posts HTTP/1.1" 201 57019 "-" "Mozilla/5.0 (Windows NT 10.0; Win64; x64) AppleWebKit/537.36 (KHTML, like Gecko) Chrome/124.0 Safari/537.36"
190.11.212.177 - - [30/Jun/2026:08:02:45 -0400] "GET /2026/06/30/pin-up-casino-az-rbaycan-3767392/?wpmoncb=02362 HTTP/1.1" 200 118516 "-" "Mozilla/5.0 (Windows NT 10.0; Win64; x64) AppleWebKit/537.36 (KHTML, like Gecko) Chrome/124.0 Safari/537.36"
66.29.146.164 - - [30/Jun/2026:08:03:24 -0400] "POST /wp-cron.php?doing_wp_cron=1782821004.8193390369415283203125 HTTP/1.1" 200 0 "-" "WordPress/7.0; https://www.azollaalgerie.com"
41.230.92.141 - wp_default_admin [30/Jun/2026:08:03:24 -0400] "POST /wp-json/wp/v2/posts HTTP/1.1" 201 48487 "-" "Mozilla/5.0 (Windows NT 10.0; Win64; x64) AppleWebKit/537.36 (KHTML, like Gecko) Chrome/124.0 Safari/537.36"
114.119.131.97 - - [30/Jun/2026:08:03:31 -0400] "GET /2026/06/17/non-gamstop-casinos-2026-new-casino-sites-n-525120/ HTTP/1.1" 200 26892 "https://www.azollaalgerie.com/2026/06/17/non-gamstop-casinos-2026-new-casino-sites-n-525120/" "Mozilla/5.0 (Linux; Android 7.0;) AppleWebKit/537.36 (HTML, like Gecko) Mobile Safari/537.36 (compatible; PetalBot;+https://webmaster.petalsearch.com/site/petalbot)"
161.142.151.121 - - [30/Jun/2026:08:05:00 -0400] "GET /2026/06/30/gama-kazino-onlayn-gama-casino-online-obzo-3768540/?wpmoncb=05265 HTTP/1.1" 200 123881 "-" "Mozilla/5.0 (Windows NT 10.0; Win64; x64) AppleWebKit/537.36 (KHTML, like Gecko) Chrome/124.0 Safari/537.36"
31.223.11.21 - - [30/Jun/2026:08:05:44 -0400] "GET /2026/06/30/gama-kazino-onlayn-gama-casino-online-obzo-3769762/?wpmoncb=05357 HTTP/1.1" 200 122109 "-" "Mozilla/5.0 (Windows NT 10.0; Win64; x64) AppleWebKit/537.36 (KHTML, like Gecko) Chrome/124.0 Safari/537.36"
66.29.146.164 - - [30/Jun/2026:08:19:05 -0400] "POST /wp-cron.php?doing_wp_cron=1782821945.2994449138641357421875 HTTP/1.1" 200 0 "-" "WordPress/7.0; https://www.azollaalgerie.com"
85.208.96.210 - - [30/Jun/2026:08:19:01 -0400] "GET /2026/06/07/kazino-sultan-games-vsyo-chto-nuzhno-znat-215267-2/ HTTP/1.1" 200 30975 "-" "Mozilla/5.0 (compatible; SemrushBot/7~bl; +http://www.semrush.com/bot.html)"
40.77.167.123 - - [30/Jun/2026:08:28:47 -0400] "GET /2025/03/05/best-neuropathy-pain-relief-cream/feed/ HTTP/1.1" 200 421 "-" "Mozilla/5.0 AppleWebKit/537.36 (KHTML, like Gecko; compatible; bingbot/2.0; +http://www.bing.com/bingbot.htm) Chrome/116.0.1938.76 Safari/537.36"
85.208.96.207 - - [30/Jun/2026:08:29:00 -0400] "GET /2026/06/20/pinco-casino-t-rkiyede-g-venlik-ve-lisans-1218872/ HTTP/1.1" 200 29980 "-" "Mozilla/5.0 (compatible; SemrushBot/7~bl; +http://www.semrush.com/bot.html)"
66.249.79.70 - - [30/Jun/2026:08:29:46 -0400] "GET /2026/06/27/malina-kasyno-pl-oferta-gier-online-slot-w-3122037/ HTTP/1.1" 200 26916 "-" "Mozilla/5.0 (Linux; Android 6.0.1; Nexus 5X Build/MMB29P) AppleWebKit/537.36 (KHTML, like Gecko) Chrome/148.0.7778.96 Mobile Safari/537.36 (compatible; Googlebot/2.1; +http://www.google.com/bot.html)"
66.249.79.69 - - [30/Jun/2026:08:29:53 -0400] "GET /wp-includes/js/jquery/jquery.min.js?ver=3.7.1 HTTP/1.1" 200 29744 "https://www.azollaalgerie.com/2026/06/27/malina-kasyno-pl-oferta-gier-online-slot-w-3122037/" "Mozilla/5.0 (Linux; Android 6.0.1; Nexus 5X Build/MMB29P) AppleWebKit/537.36 (KHTML, like Gecko) Chrome/148.0.7778.96 Mobile Safari/537.36 (compatible; Googlebot/2.1; +http://www.google.com/bot.html)"
66.249.79.69 - - [30/Jun/2026:08:29:53 -0400] "GET /wp-includes/js/dist/script-modules/block-library/navigation/view.min.js?ver=96a846e1d7b789c39ab9 HTTP/1.1" 200 999 "https://www.azollaalgerie.com/2026/06/27/malina-kasyno-pl-oferta-gier-online-slot-w-3122037/" "Mozilla/5.0 (Linux; Android 6.0.1; Nexus 5X Build/MMB29P) AppleWebKit/537.36 (KHTML, like Gecko) Chrome/148.0.7778.96 Mobile Safari/537.36 (compatible; Googlebot/2.1; +http://www.google.com/bot.html)"
69.165.67.176 - - [30/Jun/2026:08:36:47 -0400] "GET /index.php?rest_route=/wp/v2/posts&per_page=100&_fields=id%2Ccomment_status&page=1 HTTP/1.1" 200 3508 "https://azollaalgerie.com" "Mozilla/5.0 (iPhone; CPU iPhone OS 11_0 like Mac OS X) AppleWebKit/537.36 (KHTML, like Gecko) Chrome/49.0.8832.1524 Mobile Safari/537.36"
107.152.47.63 - - [30/Jun/2026:08:36:48 -0400] "GET /2023/04/17/hello-world/ HTTP/1.1" 200 5676961 "https://www.azollaalgerie.com/" "Mozilla/5.0 (Windows NT 10.0; Win64; x64) AppleWebKit/537.36 (KHTML, like Gecko) Chrome/114.0.0.0 Safari/537.36 OPR/89.0.4447.51"
107.152.47.63 - - [30/Jun/2026:08:37:34 -0400] "GET /2023/04/17/hello-world/ HTTP/1.1" 200 5676954 "https://www.azollaalgerie.com/" "Mozilla/5.0 (Windows NT 10.0; Win64; x64) AppleWebKit/537.36 (KHTML, like Gecko) Chrome/114.0.0.0 Safari/537.36 OPR/89.0.4447.51"
107.152.47.63 - - [30/Jun/2026:08:38:14 -0400] "GET /2023/04/17/hello-world/ HTTP/1.1" 200 5676956 "https://www.azollaalgerie.com/" "Mozilla/5.0 (Windows NT 10.0; Win64; x64) AppleWebKit/537.36 (KHTML, like Gecko) Chrome/114.0.0.0 Safari/537.36 OPR/89.0.4447.51"
72.56.191.14 - - [30/Jun/2026:08:51:54 -0400] "GET /2023/04/17/hello-world/ HTTP/1.1" 200 5677135 "https://www.azollaalgerie.com/" "Mozilla/5.0 (X11; Linux x86_64; rv:147.0) Gecko/20100101 Firefox/147.0"
72.56.188.159 - - [30/Jun/2026:08:54:36 -0400] "GET /2023/04/17/hello-world/ HTTP/1.1" 200 5676979 "https://www.azollaalgerie.com/2023/04/17/hello-world/" "Mozilla/5.0 (Windows NT 6.3; Win64; x64) AppleWebKit/537.36 (KHTML, like Gecko) Chrome/103.0.0.0 Safari/537.36"
110.42.208.131 - - [30/Jun/2026:09:00:31 -0400] "GET / HTTP/1.1" 200 20605 "http://www.azollaalgerie.com" "Mozilla/5.0 (iPhone; CPU iPhone OS 13_2_3 like Mac OS X) AppleWebKit/605.1.15 (KHTML, like Gecko) Version/13.0.3 Mobile/15E148 Safari/604.1"
43.157.142.101 - - [30/Jun/2026:09:04:24 -0400] "GET / HTTP/1.1" 200 20612 "http://azollaalgerie.com" "Mozilla/5.0 (iPhone; CPU iPhone OS 13_2_3 like Mac OS X) AppleWebKit/605.1.15 (KHTML, like Gecko) Version/13.0.3 Mobile/15E148 Safari/604.1"
66.29.146.164 - - [30/Jun/2026:09:08:16 -0400] "POST /wp-cron.php?doing_wp_cron=1782824896.3423280715942382812500 HTTP/1.1" 200 0 "-" "WordPress/7.0; https://www.azollaalgerie.com"
143.255.242.147 - wp_default_admin [30/Jun/2026:09:08:15 -0400] "POST /wp-json/wp/v2/posts HTTP/1.1" 201 60872 "-" "Mozilla/5.0 (Windows NT 10.0; Win64; x64) AppleWebKit/537.36 (KHTML, like Gecko) Chrome/124.0 Safari/537.36"
102.33.200.80 - - [30/Jun/2026:09:10:35 -0400] "GET /2026/06/30/pin-ap-kazino-ofitsialnyy-sayt-pin-up-casi-3796251/?wpmoncb=07276 HTTP/1.1" 200 124482 "-" "Mozilla/5.0 (Windows NT 10.0; Win64; x64) AppleWebKit/537.36 (KHTML, like Gecko) Chrome/124.0 Safari/537.36"
74.7.175.153 - - [30/Jun/2026:09:25:01 -0400] "GET /robots.txt HTTP/1.1" 200 103 "-" "Mozilla/5.0 (Macintosh; Intel Mac OS X 10_15_7) AppleWebKit/537.36 (KHTML, like Gecko) Chrome/131.0.0.0 Safari/537.36; compatible; OAI-SearchBot/1.4; robots.txt; +https://openai.com/searchbot"
74.7.243.234 - - [30/Jun/2026:09:25:01 -0400] "GET /2026/06/27/casino-mafia-france-application-mobile-et-3120171/ HTTP/1.1" 200 27862 "http://masterysuccess.win" "Mozilla/5.0 AppleWebKit/537.36 (KHTML, like Gecko; compatible; GPTBot/1.4; +https://openai.com/gptbot)"
74.7.243.234 - - [30/Jun/2026:09:25:07 -0400] "GET /2026/06/27/casino-mafia-france-application-mobile-et-3120171/feed/ HTTP/1.1" 200 463 "https://www.azollaalgerie.com/2026/06/27/casino-mafia-france-application-mobile-et-3120171/" "Mozilla/5.0 AppleWebKit/537.36 (KHTML, like Gecko; compatible; GPTBot/1.4; +https://openai.com/gptbot)"
74.7.243.234 - - [30/Jun/2026:09:25:10 -0400] "GET /?p=942 HTTP/1.1" 301 0 "https://www.azollaalgerie.com/2026/06/27/casino-mafia-france-application-mobile-et-3120171/" "Mozilla/5.0 AppleWebKit/537.36 (KHTML, like Gecko; compatible; GPTBot/1.4; +https://openai.com/gptbot)"
74.7.243.234 - - [30/Jun/2026:09:25:13 -0400] "GET /wp-json/wp/v2/posts/942 HTTP/1.1" 200 16902 "https://www.azollaalgerie.com/2026/06/27/casino-mafia-france-application-mobile-et-3120171/" "Mozilla/5.0 AppleWebKit/537.36 (KHTML, like Gecko; compatible; GPTBot/1.4; +https://openai.com/gptbot)"
74.7.243.234 - - [30/Jun/2026:09:25:15 -0400] "GET /wp-json/oembed/1.0/embed?format=xml&url=https%3A%2F%2Fwww.azollaalgerie.com%2F2026%2F06%2F27%2Fcasino-mafia-france-application-mobile-et-3120171%2F HTTP/1.1" 200 1140 "https://www.azollaalgerie.com/2026/06/27/casino-mafia-france-application-mobile-et-3120171/" "Mozilla/5.0 AppleWebKit/537.36 (KHTML, like Gecko; compatible; GPTBot/1.4; +https://openai.com/gptbot)"
74.7.243.234 - - [30/Jun/2026:09:25:17 -0400] "GET /wp-json/oembed/1.0/embed?url=https%3A%2F%2Fwww.azollaalgerie.com%2F2026%2F06%2F27%2Fcasino-mafia-france-application-mobile-et-3120171%2F HTTP/1.1" 200 2514 "https://www.azollaalgerie.com/2026/06/27/casino-mafia-france-application-mobile-et-3120171/" "Mozilla/5.0 AppleWebKit/537.36 (KHTML, like Gecko; compatible; GPTBot/1.4; +https://openai.com/gptbot)"
104.211.103.193 - - [30/Jun/2026:09:25:17 -0400] "GET /adminfuns.php HTTP/1.1" 301 0 "-" "Mozilla/5.0 (Windows NT 10.0; Win64; x64) AppleWebKit/537.36 (KHTML, like Gecko) Chrome/120.0.0.0 Safari/537.36"
104.211.103.193 - - [30/Jun/2026:09:25:20 -0400] "GET /file.php HTTP/1.1" 301 0 "-" "Mozilla/5.0 (Windows NT 10.0; Win64; x64) AppleWebKit/537.36 (KHTML, like Gecko) Chrome/120.0.0.0 Safari/537.36"
104.211.103.193 - - [30/Jun/2026:09:25:22 -0400] "GET /admin.php HTTP/1.1" 301 0 "-" "Mozilla/5.0 (Windows NT 10.0; Win64; x64) AppleWebKit/537.36 (KHTML, like Gecko) Chrome/120.0.0.0 Safari/537.36"
104.211.103.193 - - [30/Jun/2026:09:25:25 -0400] "GET /wk/index.php HTTP/1.1" 301 0 "-" "Mozilla/5.0 (Windows NT 10.0; Win64; x64) AppleWebKit/537.36 (KHTML, like Gecko) Chrome/120.0.0.0 Safari/537.36"
104.211.103.193 - - [30/Jun/2026:09:25:28 -0400] "GET /wp-includes/block-bindings/ HTTP/1.1" 403 1242 "-" "Mozilla/5.0 (Windows NT 10.0; Win64; x64) AppleWebKit/537.36 (KHTML, like Gecko) Chrome/120.0.0.0 Safari/537.36"
104.211.103.193 - - [30/Jun/2026:09:25:28 -0400] "GET /inputs.php HTTP/1.1" 301 0 "-" "Mozilla/5.0 (Windows NT 10.0; Win64; x64) AppleWebKit/537.36 (KHTML, like Gecko) Chrome/120.0.0.0 Safari/537.36"
104.211.103.193 - - [30/Jun/2026:09:25:31 -0400] "GET /classwithtostring.php HTTP/1.1" 301 0 "-" "Mozilla/5.0 (Windows NT 10.0; Win64; x64) AppleWebKit/537.36 (KHTML, like Gecko) Chrome/120.0.0.0 Safari/537.36"
104.211.103.193 - - [30/Jun/2026:09:25:33 -0400] "GET /about.php HTTP/1.1" 301 0 "-" "Mozilla/5.0 (Windows NT 10.0; Win64; x64) AppleWebKit/537.36 (KHTML, like Gecko) Chrome/120.0.0.0 Safari/537.36"
104.211.103.193 - - [30/Jun/2026:09:25:36 -0400] "GET /wso.php HTTP/1.1" 301 0 "-" "Mozilla/5.0 (Windows NT 10.0; Win64; x64) AppleWebKit/537.36 (KHTML, like Gecko) Chrome/120.0.0.0 Safari/537.36"
104.211.103.193 - - [30/Jun/2026:09:25:39 -0400] "GET /wp-content/uploads/admin.php HTTP/1.1" 301 0 "-" "Mozilla/5.0 (Windows NT 10.0; Win64; x64) AppleWebKit/537.36 (KHTML, like Gecko) Chrome/120.0.0.0 Safari/537.36"
104.211.103.193 - - [30/Jun/2026:09:25:41 -0400] "GET /wp-file.php HTTP/1.1" 301 0 "-" "Mozilla/5.0 (Windows NT 10.0; Win64; x64) AppleWebKit/537.36 (KHTML, like Gecko) Chrome/120.0.0.0 Safari/537.36"
104.211.103.193 - - [30/Jun/2026:09:25:44 -0400] "GET /wp-content/index.php HTTP/1.1" 200 0 "-" "Mozilla/5.0 (Windows NT 10.0; Win64; x64) AppleWebKit/537.36 (KHTML, like Gecko) Chrome/120.0.0.0 Safari/537.36"
104.211.103.193 - - [30/Jun/2026:09:25:45 -0400] "GET /wp-content/themes/admin.php HTTP/1.1" 301 0 "-" "Mozilla/5.0 (Windows NT 10.0; Win64; x64) AppleWebKit/537.36 (KHTML, like Gecko) Chrome/120.0.0.0 Safari/537.36"
104.211.103.193 - - [30/Jun/2026:09:25:47 -0400] "GET /asd.php HTTP/1.1" 301 0 "-" "Mozilla/5.0 (Windows NT 10.0; Win64; x64) AppleWebKit/537.36 (KHTML, like Gecko) Chrome/120.0.0.0 Safari/537.36"
104.211.103.193 - - [30/Jun/2026:09:25:50 -0400] "GET /1.php HTTP/1.1" 301 0 "-" "Mozilla/5.0 (Windows NT 10.0; Win64; x64) AppleWebKit/537.36 (KHTML, like Gecko) Chrome/120.0.0.0 Safari/537.36"
104.211.103.193 - - [30/Jun/2026:09:25:53 -0400] "GET /wp-content/uploads/ HTTP/1.1" 403 1242 "-" "Mozilla/5.0 (Windows NT 10.0; Win64; x64) AppleWebKit/537.36 (KHTML, like Gecko) Chrome/120.0.0.0 Safari/537.36"
104.211.103.193 - - [30/Jun/2026:09:25:53 -0400] "GET /wp-includes/block-supports/ HTTP/1.1" 403 1242 "-" "Mozilla/5.0 (Windows NT 10.0; Win64; x64) AppleWebKit/537.36 (KHTML, like Gecko) Chrome/120.0.0.0 Safari/537.36"
104.211.103.193 - - [30/Jun/2026:09:25:53 -0400] "GET /wp-includes/js/index.php HTTP/1.1" 301 0 "-" "Mozilla/5.0 (Windows NT 10.0; Win64; x64) AppleWebKit/537.36 (KHTML, like Gecko) Chrome/120.0.0.0 Safari/537.36"
104.211.103.193 - - [30/Jun/2026:09:25:56 -0400] "GET /test1.php HTTP/1.1" 301 0 "-" "Mozilla/5.0 (Windows NT 10.0; Win64; x64) AppleWebKit/537.36 (KHTML, like Gecko) Chrome/120.0.0.0 Safari/537.36"
104.211.103.193 - - [30/Jun/2026:09:25:58 -0400] "GET /wp-content/languages/index.php HTTP/1.1" 301 0 "-" "Mozilla/5.0 (Windows NT 10.0; Win64; x64) AppleWebKit/537.36 (KHTML, like Gecko) Chrome/120.0.0.0 Safari/537.36"
104.211.103.193 - - [30/Jun/2026:09:26:01 -0400] "GET /wp-content/plugins/index.php HTTP/1.1" 200 0 "-" "Mozilla/5.0 (Windows NT 10.0; Win64; x64) AppleWebKit/537.36 (KHTML, like Gecko) Chrome/120.0.0.0 Safari/537.36"
104.211.103.193 - - [30/Jun/2026:09:26:01 -0400] "GET /mini.php HTTP/1.1" 301 0 "-" "Mozilla/5.0 (Windows NT 10.0; Win64; x64) AppleWebKit/537.36 (KHTML, like Gecko) Chrome/120.0.0.0 Safari/537.36"
104.211.103.193 - - [30/Jun/2026:09:26:04 -0400] "GET /wp-includes/PHPMailer/ HTTP/1.1" 403 1242 "-" "Mozilla/5.0 (Windows NT 10.0; Win64; x64) AppleWebKit/537.36 (KHTML, like Gecko) Chrome/120.0.0.0 Safari/537.36"
104.211.103.193 - - [30/Jun/2026:09:26:05 -0400] "GET /wp-includes/index.php HTTP/1.1" 301 0 "-" "Mozilla/5.0 (Windows NT 10.0; Win64; x64) AppleWebKit/537.36 (KHTML, like Gecko) Chrome/120.0.0.0 Safari/537.36"
104.211.103.193 - - [30/Jun/2026:09:26:07 -0400] "GET /222.php HTTP/1.1" 301 0 "-" "Mozilla/5.0 (Windows NT 10.0; Win64; x64) AppleWebKit/537.36 (KHTML, like Gecko) Chrome/120.0.0.0 Safari/537.36"
104.211.103.193 - - [30/Jun/2026:09:26:10 -0400] "GET /wp-includes/customize/index.php HTTP/1.1" 301 0 "-" "Mozilla/5.0 (Windows NT 10.0; Win64; x64) AppleWebKit/537.36 (KHTML, like Gecko) Chrome/120.0.0.0 Safari/537.36"
104.211.103.193 - - [30/Jun/2026:09:26:13 -0400] "GET /css/index.php HTTP/1.1" 301 0 "-" "Mozilla/5.0 (Windows NT 10.0; Win64; x64) AppleWebKit/537.36 (KHTML, like Gecko) Chrome/120.0.0.0 Safari/537.36"
104.211.103.193 - - [30/Jun/2026:09:26:15 -0400] "GET /plugins.php HTTP/1.1" 301 0 "-" "Mozilla/5.0 (Windows NT 10.0; Win64; x64) AppleWebKit/537.36 (KHTML, like Gecko) Chrome/120.0.0.0 Safari/537.36"
104.211.103.193 - - [30/Jun/2026:09:26:18 -0400] "GET /wp-includes/rest-api/fields/ HTTP/1.1" 403 1242 "-" "Mozilla/5.0 (Windows NT 10.0; Win64; x64) AppleWebKit/537.36 (KHTML, like Gecko) Chrome/120.0.0.0 Safari/537.36"
104.211.103.193 - - [30/Jun/2026:09:26:18 -0400] "GET /images/index.php HTTP/1.1" 301 0 "-" "Mozilla/5.0 (Windows NT 10.0; Win64; x64) AppleWebKit/537.36 (KHTML, like Gecko) Chrome/120.0.0.0 Safari/537.36"
104.211.103.193 - - [30/Jun/2026:09:26:21 -0400] "GET /atomlib.php HTTP/1.1" 301 0 "-" "Mozilla/5.0 (Windows NT 10.0; Win64; x64) AppleWebKit/537.36 (KHTML, like Gecko) Chrome/120.0.0.0 Safari/537.36"
104.211.103.193 - - [30/Jun/2026:09:26:23 -0400] "GET /wp-includes/Requests/library/ HTTP/1.1" 403 1242 "-" "Mozilla/5.0 (Windows NT 10.0; Win64; x64) AppleWebKit/537.36 (KHTML, like Gecko) Chrome/120.0.0.0 Safari/537.36"
104.211.103.193 - - [30/Jun/2026:09:26:24 -0400] "GET /wp-content/admin.php HTTP/1.1" 301 0 "-" "Mozilla/5.0 (Windows NT 10.0; Win64; x64) AppleWebKit/537.36 (KHTML, like Gecko) Chrome/120.0.0.0 Safari/537.36"
104.211.103.193 - - [30/Jun/2026:09:26:26 -0400] "GET /wp-content/et-cache/ HTTP/1.1" 301 0 "-" "Mozilla/5.0 (Windows NT 10.0; Win64; x64) AppleWebKit/537.36 (KHTML, like Gecko) Chrome/120.0.0.0 Safari/537.36"
104.211.103.193 - - [30/Jun/2026:09:26:29 -0400] "GET /wp-admin.php HTTP/1.1" 301 0 "-" "Mozilla/5.0 (Windows NT 10.0; Win64; x64) AppleWebKit/537.36 (KHTML, like Gecko) Chrome/120.0.0.0 Safari/537.36"
104.211.103.193 - - [30/Jun/2026:09:26:32 -0400] "GET /wp-includes/html-api/ HTTP/1.1" 403 1242 "-" "Mozilla/5.0 (Windows NT 10.0; Win64; x64) AppleWebKit/537.36 (KHTML, like Gecko) Chrome/120.0.0.0 Safari/537.36"
104.211.103.193 - - [30/Jun/2026:09:26:32 -0400] "GET /edit.php HTTP/1.1" 301 0 "-" "Mozilla/5.0 (Windows NT 10.0; Win64; x64) AppleWebKit/537.36 (KHTML, like Gecko) Chrome/120.0.0.0 Safari/537.36"
104.211.103.193 - - [30/Jun/2026:09:26:35 -0400] "GET /wp-includes/SimplePie/about.php HTTP/1.1" 301 0 "-" "Mozilla/5.0 (Windows NT 10.0; Win64; x64) AppleWebKit/537.36 (KHTML, like Gecko) Chrome/120.0.0.0 Safari/537.36"
104.211.103.193 - - [30/Jun/2026:09:26:37 -0400] "GET /404.php HTTP/1.1" 301 0 "-" "Mozilla/5.0 (Windows NT 10.0; Win64; x64) AppleWebKit/537.36 (KHTML, like Gecko) Chrome/120.0.0.0 Safari/537.36"
104.211.103.193 - - [30/Jun/2026:09:26:40 -0400] "GET /wp-includes/rest-api/ HTTP/1.1" 403 1242 "-" "Mozilla/5.0 (Windows NT 10.0; Win64; x64) AppleWebKit/537.36 (KHTML, like Gecko) Chrome/120.0.0.0 Safari/537.36"
104.211.103.193 - - [30/Jun/2026:09:26:40 -0400] "GET /sf.php HTTP/1.1" 301 0 "-" "Mozilla/5.0 (Windows NT 10.0; Win64; x64) AppleWebKit/537.36 (KHTML, like Gecko) Chrome/120.0.0.0 Safari/537.36"
104.211.103.193 - - [30/Jun/2026:09:26:43 -0400] "GET /ioxi-o.php HTTP/1.1" 301 0 "-" "Mozilla/5.0 (Windows NT 10.0; Win64; x64) AppleWebKit/537.36 (KHTML, like Gecko) Chrome/120.0.0.0 Safari/537.36"
104.211.103.193 - - [30/Jun/2026:09:26:46 -0400] "GET /w.php HTTP/1.1" 301 0 "-" "Mozilla/5.0 (Windows NT 10.0; Win64; x64) AppleWebKit/537.36 (KHTML, like Gecko) Chrome/120.0.0.0 Safari/537.36"
104.211.103.193 - - [30/Jun/2026:09:26:49 -0400] "GET /as.php HTTP/1.1" 301 0 "-" "Mozilla/5.0 (Windows NT 10.0; Win64; x64) AppleWebKit/537.36 (KHTML, like Gecko) Chrome/120.0.0.0 Safari/537.36"
104.211.103.193 - - [30/Jun/2026:09:26:51 -0400] "GET /wp-includes/css/ HTTP/1.1" 403 1242 "-" "Mozilla/5.0 (Windows NT 10.0; Win64; x64) AppleWebKit/537.36 (KHTML, like Gecko) Chrome/120.0.0.0 Safari/537.36"
104.211.103.193 - - [30/Jun/2026:09:26:52 -0400] "GET /php.php HTTP/1.1" 301 0 "-" "Mozilla/5.0 (Windows NT 10.0; Win64; x64) AppleWebKit/537.36 (KHTML, like Gecko) Chrome/120.0.0.0 Safari/537.36"
104.211.103.193 - - [30/Jun/2026:09:26:54 -0400] "GET /403.php HTTP/1.1" 301 0 "-" "Mozilla/5.0 (Windows NT 10.0; Win64; x64) AppleWebKit/537.36 (KHTML, like Gecko) Chrome/120.0.0.0 Safari/537.36"
104.211.103.193 - - [30/Jun/2026:09:26:57 -0400] "GET /wp-content/edit.php HTTP/1.1" 301 0 "-" "Mozilla/5.0 (Windows NT 10.0; Win64; x64) AppleWebKit/537.36 (KHTML, like Gecko) Chrome/120.0.0.0 Safari/537.36"
104.211.103.193 - - [30/Jun/2026:09:27:00 -0400] "GET /2.php HTTP/1.1" 301 0 "-" "Mozilla/5.0 (Windows NT 10.0; Win64; x64) AppleWebKit/537.36 (KHTML, like Gecko) Chrome/120.0.0.0 Safari/537.36"
104.211.103.193 - - [30/Jun/2026:09:27:02 -0400] "GET /wp-configs.php HTTP/1.1" 301 0 "-" "Mozilla/5.0 (Windows NT 10.0; Win64; x64) AppleWebKit/537.36 (KHTML, like Gecko) Chrome/120.0.0.0 Safari/537.36"
104.211.103.193 - - [30/Jun/2026:09:27:05 -0400] "GET /wp-includes/images/crystal/ HTTP/1.1" 403 1242 "-" "Mozilla/5.0 (Windows NT 10.0; Win64; x64) AppleWebKit/537.36 (KHTML, like Gecko) Chrome/120.0.0.0 Safari/537.36"
104.211.103.193 - - [30/Jun/2026:09:27:05 -0400] "GET /wp-content/plugins/admin.php HTTP/1.1" 301 0 "-" "Mozilla/5.0 (Windows NT 10.0; Win64; x64) AppleWebKit/537.36 (KHTML, like Gecko) Chrome/120.0.0.0 Safari/537.36"
104.211.103.193 - - [30/Jun/2026:09:27:08 -0400] "GET /wp-content/themes/index.php HTTP/1.1" 200 0 "-" "Mozilla/5.0 (Windows NT 10.0; Win64; x64) AppleWebKit/537.36 (KHTML, like Gecko) Chrome/120.0.0.0 Safari/537.36"
104.211.103.193 - - [30/Jun/2026:09:27:08 -0400] "GET /wp.php HTTP/1.1" 301 0 "-" "Mozilla/5.0 (Windows NT 10.0; Win64; x64) AppleWebKit/537.36 (KHTML, like Gecko) Chrome/120.0.0.0 Safari/537.36"
104.211.103.193 - - [30/Jun/2026:09:27:11 -0400] "GET /init.php HTTP/1.1" 301 0 "-" "Mozilla/5.0 (Windows NT 10.0; Win64; x64) AppleWebKit/537.36 (KHTML, like Gecko) Chrome/120.0.0.0 Safari/537.36"
104.211.103.193 - - [30/Jun/2026:09:27:13 -0400] "GET /wp-includes/js/crop/ HTTP/1.1" 403 1242 "-" "Mozilla/5.0 (Windows NT 10.0; Win64; x64) AppleWebKit/537.36 (KHTML, like Gecko) Chrome/120.0.0.0 Safari/537.36"
104.211.103.193 - - [30/Jun/2026:09:27:14 -0400] "GET /wp-content/1.php HTTP/1.1" 301 0 "-" "Mozilla/5.0 (Windows NT 10.0; Win64; x64) AppleWebKit/537.36 (KHTML, like Gecko) Chrome/120.0.0.0 Safari/537.36"
104.211.103.193 - - [30/Jun/2026:09:27:16 -0400] "GET /text.php HTTP/1.1" 301 0 "-" "Mozilla/5.0 (Windows NT 10.0; Win64; x64) AppleWebKit/537.36 (KHTML, like Gecko) Chrome/120.0.0.0 Safari/537.36"
104.211.103.193 - - [30/Jun/2026:09:27:19 -0400] "GET /wp-content/shell20211028.php HTTP/1.1" 301 0 "-" "Mozilla/5.0 (Windows NT 10.0; Win64; x64) AppleWebKit/537.36 (KHTML, like Gecko) Chrome/120.0.0.0 Safari/537.36"
104.211.103.193 - - [30/Jun/2026:09:27:21 -0400] "GET /wp-includes/ID3/about.php HTTP/1.1" 301 0 "-" "Mozilla/5.0 (Windows NT 10.0; Win64; x64) AppleWebKit/537.36 (KHTML, like Gecko) Chrome/120.0.0.0 Safari/537.36"
104.211.103.193 - - [30/Jun/2026:09:27:24 -0400] "GET /wp-includes/sitemaps/providers/ HTTP/1.1" 403 1242 "-" "Mozilla/5.0 (Windows NT 10.0; Win64; x64) AppleWebKit/537.36 (KHTML, like Gecko) Chrome/120.0.0.0 Safari/537.36"
104.211.103.193 - - [30/Jun/2026:09:27:24 -0400] "GET /wp-content/uploads/wp-login.php HTTP/1.1" 301 0 "-" "Mozilla/5.0 (Windows NT 10.0; Win64; x64) AppleWebKit/537.36 (KHTML, like Gecko) Chrome/120.0.0.0 Safari/537.36"
104.211.103.193 - - [30/Jun/2026:09:27:27 -0400] "GET /wp-admins.php HTTP/1.1" 301 0 "-" "Mozilla/5.0 (Windows NT 10.0; Win64; x64) AppleWebKit/537.36 (KHTML, like Gecko) Chrome/120.0.0.0 Safari/537.36"
104.211.103.193 - - [30/Jun/2026:09:27:30 -0400] "GET /item.php HTTP/1.1" 301 0 "-" "Mozilla/5.0 (Windows NT 10.0; Win64; x64) AppleWebKit/537.36 (KHTML, like Gecko) Chrome/120.0.0.0 Safari/537.36"
104.211.103.193 - - [30/Jun/2026:09:27:32 -0400] "GET /radio.php HTTP/1.1" 301 0 "-" "Mozilla/5.0 (Windows NT 10.0; Win64; x64) AppleWebKit/537.36 (KHTML, like Gecko) Chrome/120.0.0.0 Safari/537.36"
104.211.103.193 - - [30/Jun/2026:09:27:35 -0400] "GET /wp-includes/blocks/button/index.php HTTP/1.1" 301 0 "-" "Mozilla/5.0 (Windows NT 10.0; Win64; x64) AppleWebKit/537.36 (KHTML, like Gecko) Chrome/120.0.0.0 Safari/537.36"
104.211.103.193 - - [30/Jun/2026:09:27:37 -0400] "GET /wp-includes/SimplePie/index.php HTTP/1.1" 301 0 "-" "Mozilla/5.0 (Windows NT 10.0; Win64; x64) AppleWebKit/537.36 (KHTML, like Gecko) Chrome/120.0.0.0 Safari/537.36"
104.211.103.193 - - [30/Jun/2026:09:27:40 -0400] "GET /.well-known/acme-challenge/makeasmtp.php HTTP/1.1" 301 0 "-" "Mozilla/5.0 (Windows NT 10.0; Win64; x64) AppleWebKit/537.36 (KHTML, like Gecko) Chrome/120.0.0.0 Safari/537.36"
104.211.103.193 - - [30/Jun/2026:09:27:43 -0400] "GET /lol.php HTTP/1.1" 301 0 "-" "Mozilla/5.0 (Windows NT 10.0; Win64; x64) AppleWebKit/537.36 (KHTML, like Gecko) Chrome/120.0.0.0 Safari/537.36"
104.211.103.193 - - [30/Jun/2026:09:27:45 -0400] "GET /wp-includes/block-supports/index.php HTTP/1.1" 301 0 "-" "Mozilla/5.0 (Windows NT 10.0; Win64; x64) AppleWebKit/537.36 (KHTML, like Gecko) Chrome/120.0.0.0 Safari/537.36"
104.211.103.193 - - [30/Jun/2026:09:27:48 -0400] "GET /filemanager/dialog.php HTTP/1.1" 301 0 "-" "Mozilla/5.0 (Windows NT 10.0; Win64; x64) AppleWebKit/537.36 (KHTML, like Gecko) Chrome/120.0.0.0 Safari/537.36"
104.211.103.193 - - [30/Jun/2026:09:27:50 -0400] "GET /wp-includes/Text/Diff/Engine/index.php HTTP/1.1" 301 0 "-" "Mozilla/5.0 (Windows NT 10.0; Win64; x64) AppleWebKit/537.36 (KHTML, like Gecko) Chrome/120.0.0.0 Safari/537.36"
66.249.79.69 - - [30/Jun/2026:09:27:55 -0400] "GET /robots.txt HTTP/1.1" 200 103 "-" "Mozilla/5.0 (compatible; Googlebot/2.1; +http://www.google.com/bot.html)"
104.211.103.193 - - [30/Jun/2026:09:27:53 -0400] "GET /wp-content/atomlib.php HTTP/1.1" 301 0 "-" "Mozilla/5.0 (Windows NT 10.0; Win64; x64) AppleWebKit/537.36 (KHTML, like Gecko) Chrome/120.0.0.0 Safari/537.36"
104.211.103.193 - - [30/Jun/2026:09:27:56 -0400] "GET /9.php HTTP/1.1" 301 0 "-" "Mozilla/5.0 (Windows NT 10.0; Win64; x64) AppleWebKit/537.36 (KHTML, like Gecko) Chrome/120.0.0.0 Safari/537.36"
104.211.103.193 - - [30/Jun/2026:09:27:59 -0400] "GET /send.php HTTP/1.1" 301 0 "-" "Mozilla/5.0 (Windows NT 10.0; Win64; x64) AppleWebKit/537.36 (KHTML, like Gecko) Chrome/120.0.0.0 Safari/537.36"
104.211.103.193 - - [30/Jun/2026:09:28:01 -0400] "GET /size.php HTTP/1.1" 301 0 "-" "Mozilla/5.0 (Windows NT 10.0; Win64; x64) AppleWebKit/537.36 (KHTML, like Gecko) Chrome/120.0.0.0 Safari/537.36"
104.211.103.193 - - [30/Jun/2026:09:28:04 -0400] "GET /sid3.php HTTP/1.1" 301 0 "-" "Mozilla/5.0 (Windows NT 10.0; Win64; x64) AppleWebKit/537.36 (KHTML, like Gecko) Chrome/120.0.0.0 Safari/537.36"
104.211.103.193 - - [30/Jun/2026:09:28:07 -0400] "GET /file56.php HTTP/1.1" 301 0 "-" "Mozilla/5.0 (Windows NT 10.0; Win64; x64) AppleWebKit/537.36 (KHTML, like Gecko) Chrome/120.0.0.0 Safari/537.36"
104.211.103.193 - - [30/Jun/2026:09:28:09 -0400] "GET /wp-cron.php HTTP/1.1" 200 0 "-" "Mozilla/5.0 (Windows NT 10.0; Win64; x64) AppleWebKit/537.36 (KHTML, like Gecko) Chrome/120.0.0.0 Safari/537.36"
104.211.103.193 - - [30/Jun/2026:09:28:09 -0400] "GET /file5.php HTTP/1.1" 301 0 "-" "Mozilla/5.0 (Windows NT 10.0; Win64; x64) AppleWebKit/537.36 (KHTML, like Gecko) Chrome/120.0.0.0 Safari/537.36"
104.211.103.193 - - [30/Jun/2026:09:28:12 -0400] "GET /gg.php HTTP/1.1" 301 0 "-" "Mozilla/5.0 (Windows NT 10.0; Win64; x64) AppleWebKit/537.36 (KHTML, like Gecko) Chrome/120.0.0.0 Safari/537.36"
104.211.103.193 - - [30/Jun/2026:09:28:15 -0400] "GET /wp-includes/IXR/chosen.php HTTP/1.1" 301 0 "-" "Mozilla/5.0 (Windows NT 10.0; Win64; x64) AppleWebKit/537.36 (KHTML, like Gecko) Chrome/120.0.0.0 Safari/537.36"
104.211.103.193 - - [30/Jun/2026:09:28:17 -0400] "GET /m.php HTTP/1.1" 301 0 "-" "Mozilla/5.0 (Windows NT 10.0; Win64; x64) AppleWebKit/537.36 (KHTML, like Gecko) Chrome/120.0.0.0 Safari/537.36"
104.211.103.193 - - [30/Jun/2026:09:28:20 -0400] "GET /wp-includes/Text/about.php HTTP/1.1" 301 0 "-" "Mozilla/5.0 (Windows NT 10.0; Win64; x64) AppleWebKit/537.36 (KHTML, like Gecko) Chrome/120.0.0.0 Safari/537.36"
104.211.103.193 - - [30/Jun/2026:09:28:23 -0400] "GET /wp-includes/blocks/block/ HTTP/1.1" 403 1242 "-" "Mozilla/5.0 (Windows NT 10.0; Win64; x64) AppleWebKit/537.36 (KHTML, like Gecko) Chrome/120.0.0.0 Safari/537.36"
104.211.103.193 - - [30/Jun/2026:09:28:23 -0400] "GET /num.php HTTP/1.1" 301 0 "-" "Mozilla/5.0 (Windows NT 10.0; Win64; x64) AppleWebKit/537.36 (KHTML, like Gecko) Chrome/120.0.0.0 Safari/537.36"
104.211.103.193 - - [30/Jun/2026:09:28:25 -0400] "GET /themes.php HTTP/1.1" 301 0 "-" "Mozilla/5.0 (Windows NT 10.0; Win64; x64) AppleWebKit/537.36 (KHTML, like Gecko) Chrome/120.0.0.0 Safari/537.36"
104.211.103.193 - - [30/Jun/2026:09:28:28 -0400] "GET /wp-content/upgrade/index.php HTTP/1.1" 301 0 "-" "Mozilla/5.0 (Windows NT 10.0; Win64; x64) AppleWebKit/537.36 (KHTML, like Gecko) Chrome/120.0.0.0 Safari/537.36"
104.211.103.193 - - [30/Jun/2026:09:28:31 -0400] "GET /wp-includes/js/codemirror/about.php HTTP/1.1" 301 0 "-" "Mozilla/5.0 (Windows NT 10.0; Win64; x64) AppleWebKit/537.36 (KHTML, like Gecko) Chrome/120.0.0.0 Safari/537.36"
104.211.103.193 - - [30/Jun/2026:09:28:34 -0400] "GET /wp-content/themes/alera/alpha.php HTTP/1.1" 301 0 "-" "Mozilla/5.0 (Windows NT 10.0; Win64; x64) AppleWebKit/537.36 (KHTML, like Gecko) Chrome/120.0.0.0 Safari/537.36"
104.211.103.193 - - [30/Jun/2026:09:28:36 -0400] "GET /wp-content/uploads/2024/ HTTP/1.1" 403 1242 "-" "Mozilla/5.0 (Windows NT 10.0; Win64; x64) AppleWebKit/537.36 (KHTML, like Gecko) Chrome/120.0.0.0 Safari/537.36"
104.211.103.193 - - [30/Jun/2026:09:28:37 -0400] "GET /wp-block.php HTTP/1.1" 301 0 "-" "Mozilla/5.0 (Windows NT 10.0; Win64; x64) AppleWebKit/537.36 (KHTML, like Gecko) Chrome/120.0.0.0 Safari/537.36"
104.211.103.193 - - [30/Jun/2026:09:28:40 -0400] "GET /wp-includes/blocks/about.php HTTP/1.1" 301 0 "-" "Mozilla/5.0 (Windows NT 10.0; Win64; x64) AppleWebKit/537.36 (KHTML, like Gecko) Chrome/120.0.0.0 Safari/537.36"
104.211.103.193 - - [30/Jun/2026:09:28:42 -0400] "GET /goods.php HTTP/1.1" 301 0 "-" "Mozilla/5.0 (Windows NT 10.0; Win64; x64) AppleWebKit/537.36 (KHTML, like Gecko) Chrome/120.0.0.0 Safari/537.36"
104.211.103.193 - - [30/Jun/2026:09:28:45 -0400] "GET /wp-includes/pomo/ HTTP/1.1" 403 1242 "-" "Mozilla/5.0 (Windows NT 10.0; Win64; x64) AppleWebKit/537.36 (KHTML, like Gecko) Chrome/120.0.0.0 Safari/537.36"
104.211.103.193 - - [30/Jun/2026:09:28:45 -0400] "GET /plugin.php HTTP/1.1" 301 0 "-" "Mozilla/5.0 (Windows NT 10.0; Win64; x64) AppleWebKit/537.36 (KHTML, like Gecko) Chrome/120.0.0.0 Safari/537.36"
104.211.103.193 - - [30/Jun/2026:09:28:48 -0400] "GET /wp-includes/IXR/wp-login.php HTTP/1.1" 301 0 "-" "Mozilla/5.0 (Windows NT 10.0; Win64; x64) AppleWebKit/537.36 (KHTML, like Gecko) Chrome/120.0.0.0 Safari/537.36"
104.211.103.193 - - [30/Jun/2026:09:28:50 -0400] "GET /wp-content/plugins/WordPressCore/ HTTP/1.1" 301 0 "-" "Mozilla/5.0 (Windows NT 10.0; Win64; x64) AppleWebKit/537.36 (KHTML, like Gecko) Chrome/120.0.0.0 Safari/537.36"
104.211.103.193 - - [30/Jun/2026:09:28:53 -0400] "GET /alfa.php HTTP/1.1" 301 0 "-" "Mozilla/5.0 (Windows NT 10.0; Win64; x64) AppleWebKit/537.36 (KHTML, like Gecko) Chrome/120.0.0.0 Safari/537.36"
104.211.103.193 - - [30/Jun/2026:09:28:56 -0400] "GET /aaa.php/getid3-core.php HTTP/1.1" 301 0 "-" "Mozilla/5.0 (Windows NT 10.0; Win64; x64) AppleWebKit/537.36 (KHTML, like Gecko) Chrome/120.0.0.0 Safari/537.36"
104.211.103.193 - - [30/Jun/2026:09:28:58 -0400] "GET /wp-content/plugins/dummyyummy/wp-signup.php HTTP/1.1" 301 0 "-" "Mozilla/5.0 (Windows NT 10.0; Win64; x64) AppleWebKit/537.36 (KHTML, like Gecko) Chrome/120.0.0.0 Safari/537.36"
104.211.103.193 - - [30/Jun/2026:09:29:01 -0400] "GET /aa.php HTTP/1.1" 301 0 "-" "Mozilla/5.0 (Windows NT 10.0; Win64; x64) AppleWebKit/537.36 (KHTML, like Gecko) Chrome/120.0.0.0 Safari/537.36"
104.211.103.193 - - [30/Jun/2026:09:29:03 -0400] "GET /wp-includes/css/dist/widgets/ HTTP/1.1" 403 1242 "-" "Mozilla/5.0 (Windows NT 10.0; Win64; x64) AppleWebKit/537.36 (KHTML, like Gecko) Chrome/120.0.0.0 Safari/537.36"
104.211.103.193 - - [30/Jun/2026:09:29:04 -0400] "GET /adminer.php HTTP/1.1" 301 0 "-" "Mozilla/5.0 (Windows NT 10.0; Win64; x64) AppleWebKit/537.36 (KHTML, like Gecko) Chrome/120.0.0.0 Safari/537.36"
104.211.103.193 - - [30/Jun/2026:09:29:06 -0400] "GET /wp-includes/wp-class.php HTTP/1.1" 301 0 "-" "Mozilla/5.0 (Windows NT 10.0; Win64; x64) AppleWebKit/537.36 (KHTML, like Gecko) Chrome/120.0.0.0 Safari/537.36"
104.211.103.193 - - [30/Jun/2026:09:29:09 -0400] "GET /index/function.php HTTP/1.1" 301 0 "-" "Mozilla/5.0 (Windows NT 10.0; Win64; x64) AppleWebKit/537.36 (KHTML, like Gecko) Chrome/120.0.0.0 Safari/537.36"
104.211.103.193 - - [30/Jun/2026:09:29:12 -0400] "GET /mah.php HTTP/1.1" 301 0 "-" "Mozilla/5.0 (Windows NT 10.0; Win64; x64) AppleWebKit/537.36 (KHTML, like Gecko) Chrome/120.0.0.0 Safari/537.36"
104.211.103.193 - - [30/Jun/2026:09:29:14 -0400] "GET /wp-includes/certificates/ HTTP/1.1" 403 1242 "-" "Mozilla/5.0 (Windows NT 10.0; Win64; x64) AppleWebKit/537.36 (KHTML, like Gecko) Chrome/120.0.0.0 Safari/537.36"
104.211.103.193 - - [30/Jun/2026:09:29:14 -0400] "GET /wp-content/plugins/core-plugin/include.php HTTP/1.1" 301 0 "-" "Mozilla/5.0 (Windows NT 10.0; Win64; x64) AppleWebKit/537.36 (KHTML, like Gecko) Chrome/120.0.0.0 Safari/537.36"
104.211.103.193 - - [30/Jun/2026:09:29:17 -0400] "GET /gifclass.php HTTP/1.1" 301 0 "-" "Mozilla/5.0 (Windows NT 10.0; Win64; x64) AppleWebKit/537.36 (KHTML, like Gecko) Chrome/120.0.0.0 Safari/537.36"
66.29.146.164 - - [30/Jun/2026:09:30:19 -0400] "POST /wp-cron.php?doing_wp_cron=1782826219.1622490882873535156250 HTTP/1.1" 200 0 "-" "WordPress/7.0; https://www.azollaalgerie.com"
170.238.84.182 - wp_default_admin [30/Jun/2026:09:30:19 -0400] "POST /wp-json/wp/v2/posts HTTP/1.1" 201 21873 "-" "Mozilla/5.0 (Windows NT 10.0; Win64; x64) AppleWebKit/537.36 (KHTML, like Gecko) Chrome/124.0 Safari/537.36"
52.167.144.158 - - [30/Jun/2026:09:31:12 -0400] "GET /2025/11/10/ts-free-webcam/ HTTP/1.1" 200 27991 "-" "Mozilla/5.0 AppleWebKit/537.36 (KHTML, like Gecko; compatible; bingbot/2.0; +http://www.bing.com/bingbot.htm) Chrome/116.0.1938.76 Safari/537.36"
114.119.157.108 - - [30/Jun/2026:09:31:33 -0400] "GET /wp-sitemap-posts-page-1.xml HTTP/1.1" 200 186 "https://www.azollaalgerie.com/wp-sitemap-posts-page-1.xml" "Mozilla/5.0 (Linux; Android 7.0;) AppleWebKit/537.36 (HTML, like Gecko) Mobile Safari/537.36 (compatible; PetalBot;+https://webmaster.petalsearch.com/site/petalbot)"
188.70.51.126 - - [30/Jun/2026:09:32:39 -0400] "GET /2026/06/30/mostbet-az-bukmeker-ve-kazino-mostbet-giri-3806479/?wpmoncb=08106 HTTP/1.1" 200 118749 "-" "Mozilla/5.0 (Windows NT 10.0; Win64; x64) AppleWebKit/537.36 (KHTML, like Gecko) Chrome/124.0 Safari/537.36"
66.29.146.164 - - [30/Jun/2026:09:34:07 -0400] "POST /wp-cron.php?doing_wp_cron=1782826447.1158030033111572265625 HTTP/1.1" 200 0 "-" "WordPress/7.0; https://www.azollaalgerie.com"
37.99.112.127 - wp_default_admin [30/Jun/2026:09:34:06 -0400] "POST /wp-json/wp/v2/posts HTTP/1.1" 201 19887 "-" "Mozilla/5.0 (Windows NT 10.0; Win64; x64) AppleWebKit/537.36 (KHTML, like Gecko) Chrome/124.0 Safari/537.36"
158.172.227.135 - - [30/Jun/2026:09:36:26 -0400] "GET /2026/06/30/1win-online-betting-and-casino-official-si-3810955/?wpmoncb=04270 HTTP/1.1" 200 121194 "-" "Mozilla/5.0 (Windows NT 10.0; Win64; x64) AppleWebKit/537.36 (KHTML, like Gecko) Chrome/124.0 Safari/537.36"
173.247.255.22 - wp_default_admin [30/Jun/2026:09:43:39 -0400] "GET /wp-json/wp/v2/users/me HTTP/1.1" 401 96 "-" "Mozilla/5.0 (X11; Linux x86_64) AppleWebKit/537.36 (KHTML, like Gecko) Chrome/133.0.0.0 Safari/537.36"
114.119.156.134 - - [30/Jun/2026:09:52:44 -0400] "GET /author/azollaalgerie/ HTTP/1.1" 200 21859 "https://www.azollaalgerie.com/author/azollaalgerie" "Mozilla/5.0 (Linux; Android 7.0;) AppleWebKit/537.36 (HTML, like Gecko) Mobile Safari/537.36 (compatible; PetalBot;+https://webmaster.petalsearch.com/site/petalbot)"
43.162.95.192 - - [30/Jun/2026:09:56:52 -0400] "GET / HTTP/1.1" 200 20603 "http://www.azollaalgerie.com" "Mozilla/5.0 (iPhone; CPU iPhone OS 13_2_3 like Mac OS X) AppleWebKit/605.1.15 (KHTML, like Gecko) Version/13.0.3 Mobile/15E148 Safari/604.1"
66.249.68.133 - - [30/Jun/2026:09:58:28 -0400] "GET /robots.txt HTTP/1.1" 301 0 "-" "Mozilla/5.0 (compatible; Googlebot/2.1; +http://www.google.com/bot.html)"
66.249.68.134 - - [30/Jun/2026:09:58:29 -0400] "GET / HTTP/1.1" 301 0 "-" "Mozilla/5.0 (Linux; Android 6.0.1; Nexus 5X Build/MMB29P) AppleWebKit/537.36 (KHTML, like Gecko) Chrome/148.0.7778.96 Mobile Safari/537.36 (compatible; Googlebot/2.1; +http://www.google.com/bot.html)"
66.249.79.68 - - [30/Jun/2026:09:58:31 -0400] "GET / HTTP/1.1" 200 19131 "-" "Mozilla/5.0 (Linux; Android 6.0.1; Nexus 5X Build/MMB29P) AppleWebKit/537.36 (KHTML, like Gecko) Chrome/148.0.7778.96 Mobile Safari/537.36 (compatible; Googlebot/2.1; +http://www.google.com/bot.html)"
85.208.96.193 - - [30/Jun/2026:10:02:48 -0400] "GET /robots.txt HTTP/1.1" 200 118 "-" "Mozilla/5.0 (compatible; SemrushBot/7~bl; +http://www.semrush.com/bot.html)"
185.191.171.13 - - [30/Jun/2026:10:02:51 -0400] "GET /2026/06/17/kazino-yard-igrovye-vozmozhnosti-i-funktsii-630536/ HTTP/1.1" 200 30962 "-" "Mozilla/5.0 (compatible; SemrushBot/7~bl; +http://www.semrush.com/bot.html)"
85.208.96.197 - - [30/Jun/2026:10:04:20 -0400] "GET /2026/06/19/mostbet-onlayn-kazino-i-stavki-v-bk-zerkalo-943684/ HTTP/1.1" 200 30599 "-" "Mozilla/5.0 (compatible; SemrushBot/7~bl; +http://www.semrush.com/bot.html)"
66.29.146.164 - - [30/Jun/2026:10:06:50 -0400] "POST /wp-cron.php?doing_wp_cron=1782828410.2782039642333984375000 HTTP/1.1" 200 0 "-" "WordPress/7.0; https://www.azollaalgerie.com"
213.230.87.193 - wp_default_admin [30/Jun/2026:10:06:49 -0400] "POST /wp-json/wp/v2/posts HTTP/1.1" 201 23600 "-" "Mozilla/5.0 (Windows NT 10.0; Win64; x64) AppleWebKit/537.36 (KHTML, like Gecko) Chrome/124.0 Safari/537.36"
66.29.146.164 - - [30/Jun/2026:10:09:11 -0400] "POST /wp-cron.php?doing_wp_cron=1782828551.4169619083404541015625 HTTP/1.1" 200 0 "-" "WordPress/7.0; https://www.azollaalgerie.com"
217.168.70.133 - - [30/Jun/2026:10:09:07 -0400] "GET /2026/06/30/prakti-na-analiza-casoola-platforme-donosi-3816980/?wpmoncb=08567 HTTP/1.1" 200 122208 "-" "Mozilla/5.0 (Windows NT 10.0; Win64; x64) AppleWebKit/537.36 (KHTML, like Gecko) Chrome/124.0 Safari/537.36"
85.208.96.209 - - [30/Jun/2026:10:13:12 -0400] "GET /2026/06/19/nv-kasyno-kompletny-przewodnik-po-kasynie-1036977/ HTTP/1.1" 200 29959 "-" "Mozilla/5.0 (compatible; SemrushBot/7~bl; +http://www.semrush.com/bot.html)"
196.242.47.117 - - [30/Jun/2026:10:16:34 -0400] "GET /2023/04/17/hello-world/ HTTP/1.1" 200 5677507 "-" "Mozilla/5.0 (compatible; Googlebot/2.1; +http://www.google.com/bot.html)"
66.29.146.164 - - [30/Jun/2026:10:22:37 -0400] "POST /wp-cron.php?doing_wp_cron=1782829357.6081171035766601562500 HTTP/1.1" 200 0 "-" "WordPress/7.0; https://www.azollaalgerie.com"
185.253.183.205 - wp_default_admin [30/Jun/2026:10:22:36 -0400] "POST /wp-json/wp/v2/posts HTTP/1.1" 201 46794 "-" "Mozilla/5.0 (Windows NT 10.0; Win64; x64) AppleWebKit/537.36 (KHTML, like Gecko) Chrome/124.0 Safari/537.36"
45.185.67.69 - - [30/Jun/2026:10:23:59 -0400] "GET /2026/06/30/pin-ap-kazino-ofitsialnyy-sayt-pin-up-casi-3818433/?wpmoncb=06923 HTTP/1.1" 200 122035 "-" "Mozilla/5.0 (Windows NT 10.0; Win64; x64) AppleWebKit/537.36 (KHTML, like Gecko) Chrome/124.0 Safari/537.36"
85.208.96.203 - - [30/Jun/2026:10:24:04 -0400] "GET /2026/06/19/malina-kasyno-w-polsce-program-bonusowy-i-n-986986/ HTTP/1.1" 200 29584 "-" "Mozilla/5.0 (compatible; SemrushBot/7~bl; +http://www.semrush.com/bot.html)"
66.249.79.68 - - [30/Jun/2026:10:28:22 -0400] "GET /robots.txt HTTP/1.1" 200 103 "-" "Mozilla/5.0 (compatible; Googlebot/2.1; +http://www.google.com/bot.html)"
66.249.79.70 - - [30/Jun/2026:10:29:01 -0400] "GET /wp-content/plugins/pathomation/includes/pma.ui/pma.ui.css?ver=2.5.1 HTTP/1.1" 200 16337 "https://www.azollaalgerie.com/" "Mozilla/5.0 (Linux; Android 6.0.1; Nexus 5X Build/MMB29P) AppleWebKit/537.36 (KHTML, like Gecko) Chrome/148.0.7778.96 Mobile Safari/537.36 (compatible; Googlebot/2.1; +http://www.google.com/bot.html)"
66.249.79.70 - - [30/Jun/2026:10:29:01 -0400] "GET /wp-content/uploads/elementor/google-fonts/css/poppins.css?ver=1742234437 HTTP/1.1" 200 631 "https://www.azollaalgerie.com/" "Mozilla/5.0 (Linux; Android 6.0.1; Nexus 5X Build/MMB29P) AppleWebKit/537.36 (KHTML, like Gecko) Chrome/148.0.7778.96 Mobile Safari/537.36 (compatible; Googlebot/2.1; +http://www.google.com/bot.html)"
66.249.79.69 - - [30/Jun/2026:10:29:19 -0400] "GET /favicon.ico HTTP/1.1" 404 1251 "-" "Googlebot-Image/1.0"
66.249.68.133 - - [30/Jun/2026:10:49:43 -0400] "GET /robots.txt HTTP/1.1" 301 0 "-" "Mozilla/5.0 (compatible; Googlebot/2.1; +http://www.google.com/bot.html)"
52.167.144.222 - - [30/Jun/2026:10:51:43 -0400] "GET /2024/09/22/sruvey/ HTTP/1.1" 200 28348 "-" "Mozilla/5.0 AppleWebKit/537.36 (KHTML, like Gecko; compatible; bingbot/2.0; +http://www.bing.com/bingbot.htm) Chrome/116.0.1938.76 Safari/537.36"
54.71.50.219 - - [30/Jun/2026:11:00:26 -0400] "GET / HTTP/1.1" 200 20613 "-" "Mozilla/5.0 (Windows NT 10.0; Win64; x64) AppleWebKit/537.36 (KHTML, like Gecko) Chrome/113.0.0.0 Safari/537.36"
66.29.146.164 - - [30/Jun/2026:11:03:59 -0400] "POST /wp-cron.php?doing_wp_cron=1782831839.1248219013214111328125 HTTP/1.1" 200 0 "-" "WordPress/7.0; https://www.azollaalgerie.com"
200.119.176.149 - wp_default_admin [30/Jun/2026:11:03:58 -0400] "POST /wp-json/wp/v2/posts HTTP/1.1" 201 18361 "-" "Mozilla/5.0 (Windows NT 10.0; Win64; x64) AppleWebKit/537.36 (KHTML, like Gecko) Chrome/124.0 Safari/537.36"
66.29.146.164 - - [30/Jun/2026:11:05:08 -0400] "POST /wp-cron.php?doing_wp_cron=1782831908.3116199970245361328125 HTTP/1.1" 200 0 "-" "WordPress/7.0; https://www.azollaalgerie.com"
177.246.42.208 - wp_default_admin [30/Jun/2026:11:05:08 -0400] "POST /wp-json/wp/v2/posts HTTP/1.1" 201 55428 "-" "Mozilla/5.0 (Windows NT 10.0; Win64; x64) AppleWebKit/537.36 (KHTML, like Gecko) Chrome/124.0 Safari/537.36"
203.9.211.155 - - [30/Jun/2026:11:06:18 -0400] "GET /2026/06/30/7slots-casino-yelik-ve-kay-t-i-lemleri-3845134/?wpmoncb=07234 HTTP/1.1" 200 118922 "-" "Mozilla/5.0 (Windows NT 10.0; Win64; x64) AppleWebKit/537.36 (KHTML, like Gecko) Chrome/124.0 Safari/537.36"
66.29.146.164 - - [30/Jun/2026:11:07:30 -0400] "POST /wp-cron.php?doing_wp_cron=1782832050.6075630187988281250000 HTTP/1.1" 200 0 "-" "WordPress/7.0; https://www.azollaalgerie.com"
138.36.29.2 - - [30/Jun/2026:11:07:28 -0400] "GET /2026/06/30/olimp-kazino-ofitsialnyy-sayt-v-kazakhstan-3845610/?wpmoncb=01444 HTTP/1.1" 200 123401 "-" "Mozilla/5.0 (Windows NT 10.0; Win64; x64) AppleWebKit/537.36 (KHTML, like Gecko) Chrome/124.0 Safari/537.36"
66.29.146.164 - - [30/Jun/2026:11:09:57 -0400] "POST /wp-cron.php?doing_wp_cron=1782832197.9250059127807617187500 HTTP/1.1" 200 0 "-" "WordPress/7.0; https://www.azollaalgerie.com"
177.248.45.32 - wp_default_admin [30/Jun/2026:11:09:56 -0400] "POST /wp-json/wp/v2/posts HTTP/1.1" 201 55980 "-" "Mozilla/5.0 (Windows NT 10.0; Win64; x64) AppleWebKit/537.36 (KHTML, like Gecko) Chrome/124.0 Safari/537.36"
77.31.109.146 - - [30/Jun/2026:11:12:16 -0400] "GET /2026/06/30/pinko-kazino-ofitsialnyy-sayt-pinco-casino-3848331/?wpmoncb=06133 HTTP/1.1" 200 123481 "-" "Mozilla/5.0 (Windows NT 10.0; Win64; x64) AppleWebKit/537.36 (KHTML, like Gecko) Chrome/124.0 Safari/537.36"
66.29.146.164 - - [30/Jun/2026:11:26:16 -0400] "POST /wp-cron.php?doing_wp_cron=1782833176.8634729385375976562500 HTTP/1.1" 200 0 "-" "WordPress/7.0; https://www.azollaalgerie.com"
190.108.240.241 - wp_default_admin [30/Jun/2026:11:26:16 -0400] "POST /wp-json/wp/v2/posts HTTP/1.1" 201 16887 "-" "Mozilla/5.0 (Windows NT 10.0; Win64; x64) AppleWebKit/537.36 (KHTML, like Gecko) Chrome/124.0 Safari/537.36"
40.77.167.70 - - [30/Jun/2026:11:27:45 -0400] "GET /2024/06/19/natural-ears-ring-relief-reviews/ HTTP/1.1" 200 29747 "-" "Mozilla/5.0 AppleWebKit/537.36 (KHTML, like Gecko; compatible; bingbot/2.0; +http://www.bing.com/bingbot.htm) Chrome/116.0.1938.76 Safari/537.36"
187.188.222.180 - - [30/Jun/2026:11:28:34 -0400] "GET /2026/06/30/7slots-casino-yelik-ve-kay-t-i-lemleri-3854297/?wpmoncb=08487 HTTP/1.1" 200 120811 "-" "Mozilla/5.0 (Windows NT 10.0; Win64; x64) AppleWebKit/537.36 (KHTML, like Gecko) Chrome/124.0 Safari/537.36"
193.24.211.116 - - [30/Jun/2026:11:38:46 -0400] "POST / HTTP/1.1" 200 100 "-" "Mozilla/5.0 (Macintosh; Intel Mac OS X 10_15_7) AppleWebKit/605.1.15 (KHTML, like Gecko) Version/18.4 Safari/605.1.15"
178.130.46.187 - - [30/Jun/2026:11:39:12 -0400] "GET / HTTP/1.0" 200 74653 "https://www.azollaalgerie.com/" "Mozilla/5.0 (Windows NT 10.0; Win64; x64) AppleWebKit/537.36 (KHTML, like Gecko) Chrome/130.0.0.0 Safari/537.36"
66.29.146.164 - - [30/Jun/2026:12:09:12 -0400] "POST /wp-cron.php?doing_wp_cron=1782835752.8649580478668212890625 HTTP/1.1" 200 0 "-" "WordPress/7.0; https://www.azollaalgerie.com"
185.191.171.4 - - [30/Jun/2026:12:09:12 -0400] "GET /robots.txt HTTP/1.1" 200 118 "-" "Mozilla/5.0 (compatible; SemrushBot/7~bl; +http://www.semrush.com/bot.html)"
185.191.171.10 - - [30/Jun/2026:12:09:13 -0400] "GET /2026/06/17/top-online-casinos-in-belgi-618655/ HTTP/1.1" 200 31084 "-" "Mozilla/5.0 (compatible; SemrushBot/7~bl; +http://www.semrush.com/bot.html)"
51.68.111.203 - - [30/Jun/2026:12:10:11 -0400] "GET /robots.txt HTTP/1.1" 301 0 "-" "Mozilla/5.0 (compatible; MJ12bot/v2.0.5; http://mj12bot.com/)"
51.68.111.203 - - [30/Jun/2026:12:10:11 -0400] "GET /robots.txt HTTP/1.1" 200 103 "-" "Mozilla/5.0 (compatible; MJ12bot/v2.0.5; http://mj12bot.com/)"
51.68.111.203 - - [30/Jun/2026:12:10:12 -0400] "GET / HTTP/1.1" 301 0 "-" "Mozilla/5.0 (compatible; MJ12bot/v2.0.5; http://mj12bot.com/)"
51.68.111.203 - - [30/Jun/2026:12:10:14 -0400] "GET / HTTP/1.1" 200 20342 "-" "Mozilla/5.0 (compatible; MJ12bot/v2.0.5; http://mj12bot.com/)"
77.75.76.172 - - [30/Jun/2026:12:20:32 -0400] "GET /robots.txt HTTP/1.1" 200 118 "-" "Mozilla/5.0 (compatible; SeznamBot/4.0; +https://o-seznam.cz/napoveda/vyhledavani/en/seznambot-crawler/)"
77.75.76.172 - - [30/Jun/2026:12:20:32 -0400] "GET /wp-sitemap.xml HTTP/1.1" 200 227 "-" "Mozilla/5.0 (compatible; SeznamBot/4.0; +https://o-seznam.cz/napoveda/vyhledavani/en/seznambot-crawler/)"
178.130.46.187 - - [30/Jun/2026:12:27:44 -0400] "GET /2023/04/17/hello-world/ HTTP/1.0" 200 0 "https://www.azollaalgerie.com/2023/04/17/hello-world/#comment-99" "Mozilla/5.0 (Windows NT 10.0; Win64; x64) AppleWebKit/537.36 (KHTML, like Gecko) Chrome/129.0.0.0 Safari/537.36"
178.130.46.187 - - [30/Jun/2026:12:28:05 -0400] "GET / HTTP/1.0" 200 74653 "https://www.azollaalgerie.com/" "Mozilla/5.0 (Windows NT 10.0; Win64; x64) AppleWebKit/537.36 (KHTML, like Gecko) Chrome/129.0.0.0 Safari/537.36"
109.236.89.97 - - [30/Jun/2026:12:33:39 -0400] "GET / HTTP/1.0" 200 74653 "https://www.azollaalgerie.com/" "Mozilla/5.0 (Windows NT 10.0; Win64; x64) AppleWebKit/537.36 (KHTML, like Gecko) Chrome/129.0.0.0 Safari/537.36"
66.249.79.68 - - [30/Jun/2026:12:37:44 -0400] "GET /robots.txt HTTP/1.1" 200 103 "-" "Mozilla/5.0 (compatible; Googlebot/2.1; +http://www.google.com/bot.html)"
66.29.146.164 - - [30/Jun/2026:12:38:52 -0400] "POST /wp-cron.php?doing_wp_cron=1782837532.7395420074462890625000 HTTP/1.1" 200 0 "-" "WordPress/7.0; https://www.azollaalgerie.com"
181.58.39.228 - wp_default_admin [30/Jun/2026:12:38:52 -0400] "POST /wp-json/wp/v2/posts HTTP/1.1" 201 24682 "-" "Mozilla/5.0 (Windows NT 10.0; Win64; x64) AppleWebKit/537.36 (KHTML, like Gecko) Chrome/124.0 Safari/537.36"
185.138.88.243 - - [30/Jun/2026:12:40:15 -0400] "GET / HTTP/1.0" 200 74653 "https://www.azollaalgerie.com/" "Mozilla/5.0 (Windows NT 10.0; Win64; x64) AppleWebKit/537.36 (KHTML, like Gecko) Chrome/131.0.0.0 Safari/537.36"
189.162.134.171 - - [30/Jun/2026:12:41:11 -0400] "GET /2026/06/30/glory-casino-login-3881703/?wpmoncb=09802 HTTP/1.1" 200 125972 "-" "Mozilla/5.0 (Windows NT 10.0; Win64; x64) AppleWebKit/537.36 (KHTML, like Gecko) Chrome/124.0 Safari/537.36"
51.89.44.65 - - [30/Jun/2026:12:43:42 -0400] "GET /wp-content/plugins/profilegrid-user-profiles-groups-and-communities/public/css/pg-profile-menu.css HTTP/1.1" 301 0 "-" "Mozilla/5.0 (Windows NT 10.0; Win64; x64) AppleWebKit/537.36 (KHTML, like Gecko) Chrome/149.0.0.0 Safari/537.36"
51.89.44.65 - - [30/Jun/2026:12:43:46 -0400] "GET /wp-content/plugins/profilegrid-user-profiles-groups-and-communities/public/css/pg-profile-menu.css HTTP/1.1" 404 98350 "-" "Mozilla/5.0 (Windows NT 10.0; Win64; x64) AppleWebKit/537.36 (KHTML, like Gecko) Chrome/149.0.0.0 Safari/537.36"
51.89.44.65 - - [30/Jun/2026:12:43:46 -0400] "GET /assets/images/accesson.php HTTP/1.1" 301 0 "-" "Mozilla/5.0 (Windows NT 10.0; Win64; x64) AppleWebKit/537.36 (KHTML, like Gecko) Chrome/146.0.0.0 Safari/537.36"
51.89.44.65 - - [30/Jun/2026:12:43:49 -0400] "GET /assets/images/accesson.php HTTP/1.1" 404 98350 "-" "Mozilla/5.0 (Windows NT 10.0; Win64; x64) AppleWebKit/537.36 (KHTML, like Gecko) Chrome/146.0.0.0 Safari/537.36"
66.29.146.164 - - [30/Jun/2026:12:44:58 -0400] "POST /wp-cron.php?doing_wp_cron=1782837898.1501629352569580078125 HTTP/1.1" 200 0 "-" "WordPress/7.0; https://www.azollaalgerie.com"
190.44.119.175 - wp_default_admin [30/Jun/2026:12:44:57 -0400] "POST /wp-json/wp/v2/posts HTTP/1.1" 201 18334 "-" "Mozilla/5.0 (Windows NT 10.0; Win64; x64) AppleWebKit/537.36 (KHTML, like Gecko) Chrome/124.0 Safari/537.36"
66.29.146.164 - - [30/Jun/2026:12:47:21 -0400] "POST /wp-cron.php?doing_wp_cron=1782838041.4829421043395996093750 HTTP/1.1" 200 0 "-" "WordPress/7.0; https://www.azollaalgerie.com"
89.148.12.19 - - [30/Jun/2026:12:47:17 -0400] "GET /2026/06/30/1win-online-betting-and-casino-official-si-3883411/?wpmoncb=05171 HTTP/1.1" 200 122878 "-" "Mozilla/5.0 (Windows NT 10.0; Win64; x64) AppleWebKit/537.36 (KHTML, like Gecko) Chrome/124.0 Safari/537.36"
66.29.146.164 - - [30/Jun/2026:12:48:06 -0400] "POST /wp-cron.php?doing_wp_cron=1782838086.2308590412139892578125 HTTP/1.1" 200 0 "-" "WordPress/7.0; https://www.azollaalgerie.com"
37.67.79.96 - wp_default_admin [30/Jun/2026:12:48:05 -0400] "POST /wp-json/wp/v2/posts HTTP/1.1" 201 18423 "-" "Mozilla/5.0 (Windows NT 10.0; Win64; x64) AppleWebKit/537.36 (KHTML, like Gecko) Chrome/124.0 Safari/537.36"
66.29.146.164 - - [30/Jun/2026:12:50:27 -0400] "POST /wp-cron.php?doing_wp_cron=1782838227.7059440612792968750000 HTTP/1.1" 200 0 "-" "WordPress/7.0; https://www.azollaalgerie.com"
167.0.109.94 - - [30/Jun/2026:12:50:24 -0400] "GET /2026/06/30/chicken-road-online-casino-slot-with-excit-3888234/?wpmoncb=05242 HTTP/1.1" 200 122978 "-" "Mozilla/5.0 (Windows NT 10.0; Win64; x64) AppleWebKit/537.36 (KHTML, like Gecko) Chrome/124.0 Safari/537.36"
40.160.21.81 - - [30/Jun/2026:12:52:22 -0400] "GET / HTTP/1.1" 200 74653 "https://front-page.com" "Mozilla/5.0 (Windows NT 10.0; Win64; x64) AppleWebKit/537.36 (KHTML, like Gecko) Chrome/103.0.5060.53 Safari/537.36 Edg/103.0.1264.37"
