51.161.65.53 - - [23/Jun/2026:08:35:57 -0400] "GET /products/21868393 HTTP/1.1" 200 4703 "-" "Mozilla/5.0 (compatible; AhrefsBot/7.0; +http://ahrefs.com/robot/)"
66.249.68.66 - - [23/Jun/2026:08:35:57 -0400] "GET /products/83472367?fileloc=//lib64/libtic.so.5&path=//lib64 HTTP/1.1" 200 3006 "-" "Mozilla/5.0 (Linux; Android 6.0.1; Nexus 5X Build/MMB29P) AppleWebKit/537.36 (KHTML, like Gecko) Chrome/148.0.7778.96 Mobile Safari/537.36 (compatible; GoogleOther)"
66.249.68.67 - - [23/Jun/2026:08:35:59 -0400] "GET /products/402546204?path=/home/aurelytl/rinzaauto.com HTTP/1.1" 200 4639 "-" "Mozilla/5.0 (Linux; Android 6.0.1; Nexus 5X Build/MMB29P) AppleWebKit/537.36 (KHTML, like Gecko) Chrome/148.0.7778.96 Mobile Safari/537.36 (compatible; Googlebot/2.1; +http://www.google.com/bot.html)"
66.249.68.66 - - [23/Jun/2026:08:35:59 -0400] "GET /products/398268490?path=/home/aurelytl HTTP/1.1" 200 4842 "-" "Mozilla/5.0 (Linux; Android 6.0.1; Nexus 5X Build/MMB29P) AppleWebKit/537.36 (KHTML, like Gecko) Chrome/148.0.7778.96 Mobile Safari/537.36 (compatible; GoogleOther)"
66.249.68.65 - - [23/Jun/2026:08:35:59 -0400] "GET /products/6119967?fileloc=//lib64/libkmod.so.2&path=//lib64 HTTP/1.1" 200 3006 "-" "Mozilla/5.0 (Linux; Android 6.0.1; Nexus 5X Build/MMB29P) AppleWebKit/537.36 (KHTML, like Gecko) Chrome/148.0.7778.96 Mobile Safari/537.36 (compatible; GoogleOther)"
66.249.68.65 - - [23/Jun/2026:08:36:02 -0400] "GET /products/8539939?path=/home/aurelytl/rinzaauto.com/wp-content HTTP/1.1" 200 4098 "-" "Mozilla/5.0 (Linux; Android 6.0.1; Nexus 5X Build/MMB29P) AppleWebKit/537.36 (KHTML, like Gecko) Chrome/148.0.7778.96 Mobile Safari/537.36 (compatible; GoogleOther)"
66.249.68.67 - - [23/Jun/2026:08:36:03 -0400] "GET /products/12193004?path=/home/aurelytl/rinzaauto.com/wp-includes/ID3 HTTP/1.1" 200 4082 "-" "Mozilla/5.0 (Linux; Android 6.0.1; Nexus 5X Build/MMB29P) AppleWebKit/537.36 (KHTML, like Gecko) Chrome/148.0.7778.96 Mobile Safari/537.36 (compatible; GoogleOther)"
66.249.68.8 - - [23/Jun/2026:08:36:04 -0400] "GET /products/2358685 HTTP/1.1" 200 4677 "-" "Mozilla/5.0 (Linux; Android 6.0.1; Nexus 5X Build/MMB29P) AppleWebKit/537.36 (KHTML, like Gecko) Chrome/148.0.7778.96 Mobile Safari/537.36 (compatible; GoogleOther)"
15.235.98.132 - - [23/Jun/2026:08:36:04 -0400] "GET /products/218546967 HTTP/1.1" 200 4677 "-" "Mozilla/5.0 (compatible; AhrefsBot/7.0; +http://ahrefs.com/robot/)"
66.249.68.66 - - [23/Jun/2026:08:36:04 -0400] "GET /products/5090979 HTTP/1.1" 200 4645 "-" "Mozilla/5.0 (Linux; Android 6.0.1; Nexus 5X Build/MMB29P) AppleWebKit/537.36 (KHTML, like Gecko) Chrome/148.0.7778.96 Mobile Safari/537.36 (compatible; Googlebot/2.1; +http://www.google.com/bot.html)"
66.249.68.66 - - [23/Jun/2026:08:36:07 -0400] "GET /products/61037598?fileloc=/home/aurelytl/rinzaauto.com/wp-config.php&path=/home/aurelytl/rinzaauto.com HTTP/1.1" 403 1242 "-" "Mozilla/5.0 (Linux; Android 6.0.1; Nexus 5X Build/MMB29P) AppleWebKit/537.36 (KHTML, like Gecko) Chrome/148.0.7778.96 Mobile Safari/537.36 (compatible; GoogleOther)"
66.249.68.65 - - [23/Jun/2026:08:36:08 -0400] "GET /products/2966675?fileloc=//lib64/libxcb-xinerama.so&path=//lib64 HTTP/1.1" 200 3009 "-" "Mozilla/5.0 (Linux; Android 6.0.1; Nexus 5X Build/MMB29P) AppleWebKit/537.36 (KHTML, like Gecko) Chrome/148.0.7778.96 Mobile Safari/537.36 (compatible; GoogleOther)"
66.249.68.66 - - [23/Jun/2026:08:36:08 -0400] "GET /products/25866449 HTTP/1.1" 200 4708 "-" "Mozilla/5.0 (Linux; Android 6.0.1; Nexus 5X Build/MMB29P) AppleWebKit/537.36 (KHTML, like Gecko) Chrome/148.0.7778.96 Mobile Safari/537.36 (compatible; Googlebot/2.1; +http://www.google.com/bot.html)"
66.249.68.66 - - [23/Jun/2026:08:36:09 -0400] "GET /products/336730054?fileloc=//bin/pdf2dsc&path=//bin HTTP/1.1" 200 3518 "-" "Mozilla/5.0 (Linux; Android 6.0.1; Nexus 5X Build/MMB29P) AppleWebKit/537.36 (KHTML, like Gecko) Chrome/148.0.7778.96 Mobile Safari/537.36 (compatible; GoogleOther)"
66.249.68.66 - - [23/Jun/2026:08:36:10 -0400] "GET /products/22350346?fileloc=/home/aurelytl/rinzaauto.com/archives-1780923266.php&path=/home/aurelytl/rinzaauto.com HTTP/1.1" 200 3091 "-" "Mozilla/5.0 (Linux; Android 6.0.1; Nexus 5X Build/MMB29P) AppleWebKit/537.36 (KHTML, like Gecko) Chrome/148.0.7778.96 Mobile Safari/537.36 (compatible; GoogleOther)"
66.249.68.65 - - [23/Jun/2026:08:36:10 -0400] "GET /products/69492576?fileloc=//lib64/libxmlrpc_util.so.4&path=//lib64 HTTP/1.1" 200 3064 "-" "Mozilla/5.0 (Linux; Android 6.0.1; Nexus 5X Build/MMB29P) AppleWebKit/537.36 (KHTML, like Gecko) Chrome/148.0.7778.96 Mobile Safari/537.36 (compatible; GoogleOther)"
51.222.168.176 - - [23/Jun/2026:08:36:12 -0400] "GET /products/217758725 HTTP/1.1" 200 4703 "-" "Mozilla/5.0 (compatible; AhrefsBot/7.0; +http://ahrefs.com/robot/)"
66.249.68.65 - - [23/Jun/2026:08:36:13 -0400] "GET /products/9587284?path=/home/aurelytl/rifkabjm.com HTTP/1.1" 200 3399 "-" "Mozilla/5.0 (Linux; Android 6.0.1; Nexus 5X Build/MMB29P) AppleWebKit/537.36 (KHTML, like Gecko) Chrome/148.0.7778.96 Mobile Safari/537.36 (compatible; GoogleOther)"
66.249.68.65 - - [23/Jun/2026:08:36:13 -0400] "GET /products/333410598?fileloc=/home/aurelytl/rinzaauto.com/wp-mail.php&path=/home/aurelytl/rinzaauto.com HTTP/1.1" 200 6232 "-" "Mozilla/5.0 (Linux; Android 6.0.1; Nexus 5X Build/MMB29P) AppleWebKit/537.36 (KHTML, like Gecko) Chrome/148.0.7778.96 Mobile Safari/537.36 (compatible; GoogleOther)"
85.208.96.208 - - [23/Jun/2026:08:36:14 -0400] "GET /products/9431156 HTTP/1.1" 200 5778 "-" "Mozilla/5.0 (compatible; SemrushBot/7~bl; +http://www.semrush.com/bot.html)"
66.249.68.65 - - [23/Jun/2026:08:36:16 -0400] "GET /products/14919934?fileloc=//lib64/libefa.so.1.2.48.0&path=//lib64 HTTP/1.1" 200 3061 "-" "Mozilla/5.0 (Linux; Android 6.0.1; Nexus 5X Build/MMB29P) AppleWebKit/537.36 (KHTML, like Gecko) Chrome/148.0.7778.96 Mobile Safari/537.36 (compatible; GoogleOther)"
66.249.68.65 - - [23/Jun/2026:08:36:16 -0400] "GET /products/6119967?fileloc=//lib64/libbabeltrace-ctf.so.1.0.0&path=//lib64 HTTP/1.1" 200 3069 "-" "Mozilla/5.0 (Linux; Android 6.0.1; Nexus 5X Build/MMB29P) AppleWebKit/537.36 (KHTML, like Gecko) Chrome/148.0.7778.96 Mobile Safari/537.36 (compatible; GoogleOther)"
66.249.68.65 - - [23/Jun/2026:08:36:18 -0400] "GET /products/294118640?path=/home/aurelytl/rinzaauto.com/wp-content HTTP/1.1" 200 4098 "-" "Mozilla/5.0 (Linux; Android 6.0.1; Nexus 5X Build/MMB29P) AppleWebKit/537.36 (KHTML, like Gecko) Chrome/148.0.7778.96 Mobile Safari/537.36 (compatible; GoogleOther)"
66.249.68.65 - - [23/Jun/2026:08:36:20 -0400] "GET /products/56448140?fileloc=/home/aurelytl/rinzaauto.com/wp-config.php&path=/home/aurelytl/rinzaauto.com HTTP/1.1" 403 1242 "-" "Mozilla/5.0 (Linux; Android 6.0.1; Nexus 5X Build/MMB29P) AppleWebKit/537.36 (KHTML, like Gecko) Chrome/148.0.7778.96 Mobile Safari/537.36 (compatible; GoogleOther)"
66.249.68.65 - - [23/Jun/2026:08:36:21 -0400] "GET /products/69492576?fileloc=//lib64/libhdf5hl_fortran.so.100&path=//lib64 HTTP/1.1" 200 3068 "-" "Mozilla/5.0 (Linux; Android 6.0.1; Nexus 5X Build/MMB29P) AppleWebKit/537.36 (KHTML, like Gecko) Chrome/148.0.7778.96 Mobile Safari/537.36 (compatible; GoogleOther)"
66.249.68.65 - - [23/Jun/2026:08:36:23 -0400] "GET /products/6207382?fileloc=/home/aurelytl/rinzaauto.com/archives-1780923266.php&path=/home/aurelytl/rinzaauto.com HTTP/1.1" 200 3091 "-" "Mozilla/5.0 (Linux; Android 6.0.1; Nexus 5X Build/MMB29P) AppleWebKit/537.36 (KHTML, like Gecko) Chrome/148.0.7778.96 Mobile Safari/537.36 (compatible; GoogleOther)"
66.249.68.65 - - [23/Jun/2026:08:36:23 -0400] "GET /products/301251241?fileloc=/home/aurelytl/rinzaauto.com/wp-config.php&path=/home/aurelytl/rinzaauto.com HTTP/1.1" 403 1242 "-" "Mozilla/5.0 (Linux; Android 6.0.1; Nexus 5X Build/MMB29P) AppleWebKit/537.36 (KHTML, like Gecko) Chrome/148.0.7778.96 Mobile Safari/537.36 (compatible; GoogleOther)"
15.235.27.69 - - [23/Jun/2026:08:36:24 -0400] "GET /products/21639754 HTTP/1.1" 200 4703 "-" "Mozilla/5.0 (compatible; AhrefsBot/7.0; +http://ahrefs.com/robot/)"
66.249.68.65 - - [23/Jun/2026:08:36:26 -0400] "GET /products/62705223?path=/home/aurelytl/rinzaauto.com/wp-content HTTP/1.1" 200 4051 "-" "Mozilla/5.0 (Linux; Android 6.0.1; Nexus 5X Build/MMB29P) AppleWebKit/537.36 (KHTML, like Gecko) Chrome/148.0.7778.96 Mobile Safari/537.36 (compatible; GoogleOther)"
66.249.68.65 - - [23/Jun/2026:08:36:28 -0400] "GET /products/584047905?fileloc=/home/aurelytl/rinzaauto.com/goods.php&path=/home/aurelytl/rinzaauto.com HTTP/1.1" 200 3287 "-" "Mozilla/5.0 (Linux; Android 6.0.1; Nexus 5X Build/MMB29P) AppleWebKit/537.36 (KHTML, like Gecko) Chrome/148.0.7778.96 Mobile Safari/537.36 (compatible; GoogleOther)"
66.249.68.65 - - [23/Jun/2026:08:36:28 -0400] "GET /products/4097714?path=/ HTTP/1.1" 200 3742 "-" "Mozilla/5.0 (Linux; Android 6.0.1; Nexus 5X Build/MMB29P) AppleWebKit/537.36 (KHTML, like Gecko) Chrome/148.0.7778.96 Mobile Safari/537.36 (compatible; GoogleOther)"
66.249.68.65 - - [23/Jun/2026:08:36:29 -0400] "GET /products/3625506 HTTP/1.1" 200 4690 "-" "Mozilla/5.0 (Linux; Android 6.0.1; Nexus 5X Build/MMB29P) AppleWebKit/537.36 (KHTML, like Gecko) Chrome/148.0.7778.96 Mobile Safari/537.36 (compatible; Googlebot/2.1; +http://www.google.com/bot.html)"
66.249.68.65 - - [23/Jun/2026:08:36:30 -0400] "GET /products/420059359?path=/home/aurelytl HTTP/1.1" 200 4812 "-" "Mozilla/5.0 (Linux; Android 6.0.1; Nexus 5X Build/MMB29P) AppleWebKit/537.36 (KHTML, like Gecko) Chrome/148.0.7778.96 Mobile Safari/537.36 (compatible; GoogleOther)"
66.249.68.65 - - [23/Jun/2026:08:36:31 -0400] "GET /products/583158312?path=/home/aurelytl/azollaalgerie.com HTTP/1.1" 200 4363 "-" "Mozilla/5.0 (Linux; Android 6.0.1; Nexus 5X Build/MMB29P) AppleWebKit/537.36 (KHTML, like Gecko) Chrome/148.0.7778.96 Mobile Safari/537.36 (compatible; Googlebot/2.1; +http://www.google.com/bot.html)"
15.235.96.174 - - [23/Jun/2026:08:36:32 -0400] "GET /products/2157089 HTTP/1.1" 200 4677 "-" "Mozilla/5.0 (compatible; AhrefsBot/7.0; +http://ahrefs.com/robot/)"
66.249.68.65 - - [23/Jun/2026:08:36:32 -0400] "GET /products/67818171?fileloc=/home/aurelytl/rinzaauto.com/wp-activate.php&path=/home/aurelytl/rinzaauto.com HTTP/1.1" 200 5573 "-" "Mozilla/5.0 (Linux; Android 6.0.1; Nexus 5X Build/MMB29P) AppleWebKit/537.36 (KHTML, like Gecko) Chrome/148.0.7778.96 Mobile Safari/537.36 (compatible; GoogleOther)"
66.249.68.65 - - [23/Jun/2026:08:36:33 -0400] "GET /products/472340916?fileloc=/home/aurelytl/rinzaauto.com/wp-includes/robots-template.php&path=/home/aurelytl/rinzaauto.com/wp-includes HTTP/1.1" 200 4292 "-" "Mozilla/5.0 (Linux; Android 6.0.1; Nexus 5X Build/MMB29P) AppleWebKit/537.36 (KHTML, like Gecko) Chrome/148.0.7778.96 Mobile Safari/537.36 (compatible; GoogleOther)"
66.249.68.65 - - [23/Jun/2026:08:36:33 -0400] "GET /products/98907870?path=/home/aurelytl/rinzaauto.com/wp-content HTTP/1.1" 200 4098 "-" "Mozilla/5.0 (Linux; Android 6.0.1; Nexus 5X Build/MMB29P) AppleWebKit/537.36 (KHTML, like Gecko) Chrome/148.0.7778.96 Mobile Safari/537.36 (compatible; GoogleOther)"
66.249.68.65 - - [23/Jun/2026:08:36:34 -0400] "GET /products/70129189?fileloc=//lib64/libboost_serialization.so.1.66.0&path=//lib64 HTTP/1.1" 200 3069 "-" "Mozilla/5.0 (Linux; Android 6.0.1; Nexus 5X Build/MMB29P) AppleWebKit/537.36 (KHTML, like Gecko) Chrome/148.0.7778.96 Mobile Safari/537.36 (compatible; GoogleOther)"
66.249.68.65 - - [23/Jun/2026:08:36:35 -0400] "GET /products/200071977?fileloc=/home/aurelytl/rinzaauto.com/goods.php&path=/home/aurelytl/rinzaauto.com HTTP/1.1" 200 3287 "-" "Mozilla/5.0 (Linux; Android 6.0.1; Nexus 5X Build/MMB29P) AppleWebKit/537.36 (KHTML, like Gecko) Chrome/148.0.7778.96 Mobile Safari/537.36 (compatible; GoogleOther)"
85.208.96.200 - - [23/Jun/2026:08:36:37 -0400] "GET /products/69223903 HTTP/1.1" 200 5820 "-" "Mozilla/5.0 (compatible; SemrushBot/7~bl; +http://www.semrush.com/bot.html)"
66.249.68.65 - - [23/Jun/2026:08:36:37 -0400] "GET /products/5425655?fileloc=/home/aurelytl/rinzaauto.com/widget.area.1781095307.php&path=/home/aurelytl/rinzaauto.com HTTP/1.1" 200 3037 "-" "Mozilla/5.0 (Linux; Android 6.0.1; Nexus 5X Build/MMB29P) AppleWebKit/537.36 (KHTML, like Gecko) Chrome/148.0.7778.96 Mobile Safari/537.36 (compatible; GoogleOther)"
15.235.98.175 - - [23/Jun/2026:08:36:38 -0400] "GET /products/2125557 HTTP/1.1" 200 4703 "-" "Mozilla/5.0 (compatible; AhrefsBot/7.0; +http://ahrefs.com/robot/)"
66.249.68.65 - - [23/Jun/2026:08:36:38 -0400] "GET /products/96734261?fileloc=/home/aurelytl/rinzaauto.com/wp-comments-post.php&path=/home/aurelytl/rinzaauto.com HTTP/1.1" 200 4135 "-" "Mozilla/5.0 (Linux; Android 6.0.1; Nexus 5X Build/MMB29P) AppleWebKit/537.36 (KHTML, like Gecko) Chrome/148.0.7778.96 Mobile Safari/537.36 (compatible; GoogleOther)"
66.249.68.65 - - [23/Jun/2026:08:36:40 -0400] "GET /products/70129189?fileloc=//lib64/libcom_err.so.2.1&path=//lib64 HTTP/1.1" 200 3061 "-" "Mozilla/5.0 (Linux; Android 6.0.1; Nexus 5X Build/MMB29P) AppleWebKit/537.36 (KHTML, like Gecko) Chrome/148.0.7778.96 Mobile Safari/537.36 (compatible; GoogleOther)"
66.249.68.65 - - [23/Jun/2026:08:36:40 -0400] "GET /products/6167930?fileloc=/home/aurelytl/rinzaauto.com/wp-includes/pluggable.php&path=/home/aurelytl/rinzaauto.com/wp-includes HTTP/1.1" 200 33042 "-" "Mozilla/5.0 (Linux; Android 6.0.1; Nexus 5X Build/MMB29P) AppleWebKit/537.36 (KHTML, like Gecko) Chrome/148.0.7778.96 Mobile Safari/537.36 (compatible; GoogleOther)"
66.249.68.65 - - [23/Jun/2026:08:36:43 -0400] "GET /products/9120160?fileloc=//lib64/ld-linux-x86-64.so.2&path=//lib64 HTTP/1.1" 200 3064 "-" "Mozilla/5.0 (Linux; Android 6.0.1; Nexus 5X Build/MMB29P) AppleWebKit/537.36 (KHTML, like Gecko) Chrome/148.0.7778.96 Mobile Safari/537.36 (compatible; GoogleOther)"
66.249.68.65 - - [23/Jun/2026:08:36:43 -0400] "GET /products/263451293?fileloc=/home/aurelytl/rinzaauto.com/wp-trackback.php&path=/home/aurelytl/rinzaauto.com HTTP/1.1" 200 4939 "-" "Mozilla/5.0 (Linux; Android 6.0.1; Nexus 5X Build/MMB29P) AppleWebKit/537.36 (KHTML, like Gecko) Chrome/148.0.7778.96 Mobile Safari/537.36 (compatible; GoogleOther)"
66.249.68.65 - - [23/Jun/2026:08:36:44 -0400] "GET /products/60105455?fileloc=/home/aurelytl/rinzaauto.com/wp-cron.php&path=/home/aurelytl/rinzaauto.com HTTP/1.1" 200 5185 "-" "Mozilla/5.0 (Linux; Android 6.0.1; Nexus 5X Build/MMB29P) AppleWebKit/537.36 (KHTML, like Gecko) Chrome/148.0.7778.96 Mobile Safari/537.36 (compatible; GoogleOther)"
51.161.37.23 - - [23/Jun/2026:08:36:45 -0400] "GET /products/21226038 HTTP/1.1" 200 4642 "-" "Mozilla/5.0 (compatible; AhrefsBot/7.0; +http://ahrefs.com/robot/)"
66.249.68.65 - - [23/Jun/2026:08:36:47 -0400] "GET /products/285202421?fileloc=/home/aurelytl/rinzaauto.com/wp-links-opml.php&path=/home/aurelytl/rinzaauto.com HTTP/1.1" 200 4223 "-" "Mozilla/5.0 (Linux; Android 6.0.1; Nexus 5X Build/MMB29P) AppleWebKit/537.36 (KHTML, like Gecko) Chrome/148.0.7778.96 Mobile Safari/537.36 (compatible; GoogleOther)"
66.249.68.65 - - [23/Jun/2026:08:36:48 -0400] "GET /products/591395955?path=/home/aurelytl/mohamedbaabit.com HTTP/1.1" 200 4351 "-" "Mozilla/5.0 (Linux; Android 6.0.1; Nexus 5X Build/MMB29P) AppleWebKit/537.36 (KHTML, like Gecko) Chrome/148.0.7778.96 Mobile Safari/537.36 (compatible; GoogleOther)"
167.114.139.232 - - [23/Jun/2026:08:36:49 -0400] "GET /products/211666769 HTTP/1.1" 200 4707 "-" "Mozilla/5.0 (compatible; AhrefsBot/7.0; +http://ahrefs.com/robot/)"
85.208.96.200 - - [23/Jun/2026:08:36:49 -0400] "GET /products/395361272 HTTP/1.1" 200 5715 "-" "Mozilla/5.0 (compatible; SemrushBot/7~bl; +http://www.semrush.com/bot.html)"
66.249.68.65 - - [23/Jun/2026:08:36:50 -0400] "GET /products/93124717 HTTP/1.1" 200 4639 "-" "Mozilla/5.0 (Linux; Android 6.0.1; Nexus 5X Build/MMB29P) AppleWebKit/537.36 (KHTML, like Gecko) Chrome/148.0.7778.96 Mobile Safari/537.36 (compatible; Googlebot/2.1; +http://www.google.com/bot.html)"
66.249.68.65 - - [23/Jun/2026:08:36:50 -0400] "GET /products/332055344?path=/home/aurelytl HTTP/1.1" 200 4799 "-" "Mozilla/5.0 (Linux; Android 6.0.1; Nexus 5X Build/MMB29P) AppleWebKit/537.36 (KHTML, like Gecko) Chrome/148.0.7778.96 Mobile Safari/537.36 (compatible; GoogleOther)"
66.249.68.65 - - [23/Jun/2026:08:36:52 -0400] "GET /products/9120160?fileloc=//lib64/libnl-cli-3.so.200.26.0&path=//lib64 HTTP/1.1" 200 3069 "-" "Mozilla/5.0 (Linux; Android 6.0.1; Nexus 5X Build/MMB29P) AppleWebKit/537.36 (KHTML, like Gecko) Chrome/148.0.7778.96 Mobile Safari/537.36 (compatible; GoogleOther)"
66.249.68.65 - - [23/Jun/2026:08:36:53 -0400] "GET /products/246512123?fileloc=/home/aurelytl/rinzaauto.com/wp-mail.php&path=/home/aurelytl/rinzaauto.com HTTP/1.1" 200 6194 "-" "Mozilla/5.0 (Linux; Android 6.0.1; Nexus 5X Build/MMB29P) AppleWebKit/537.36 (KHTML, like Gecko) Chrome/148.0.7778.96 Mobile Safari/537.36 (compatible; GoogleOther)"
85.208.96.208 - - [23/Jun/2026:08:36:54 -0400] "GET /products/6748202 HTTP/1.1" 200 5735 "-" "Mozilla/5.0 (compatible; SemrushBot/7~bl; +http://www.semrush.com/bot.html)"
66.249.68.65 - - [23/Jun/2026:08:36:54 -0400] "GET /products/398268490?fileloc=/home/aurelytl/rinzaauto.com/goods.php&path=/home/aurelytl/rinzaauto.com HTTP/1.1" 200 3237 "-" "Mozilla/5.0 (Linux; Android 6.0.1; Nexus 5X Build/MMB29P) AppleWebKit/537.36 (KHTML, like Gecko) Chrome/148.0.7778.96 Mobile Safari/537.36 (compatible; GoogleOther)"
66.249.68.65 - - [23/Jun/2026:08:36:54 -0400] "GET /products/208434564?fileloc=/home/aurelytl/rinzaauto.com/bottom-1780981817.php&path=/home/aurelytl/rinzaauto.com HTTP/1.1" 200 3034 "-" "Mozilla/5.0 (Linux; Android 6.0.1; Nexus 5X Build/MMB29P) AppleWebKit/537.36 (KHTML, like Gecko) Chrome/148.0.7778.96 Mobile Safari/537.36 (compatible; GoogleOther)"
142.44.225.230 - - [23/Jun/2026:08:36:56 -0400] "GET /products/211101091 HTTP/1.1" 200 4638 "-" "Mozilla/5.0 (compatible; AhrefsBot/7.0; +http://ahrefs.com/robot/)"
66.249.68.66 - - [23/Jun/2026:08:36:57 -0400] "GET /products/63559333?path=/home/aurelytl/rinzaauto.com/wp-content HTTP/1.1" 200 4055 "-" "Mozilla/5.0 (Linux; Android 6.0.1; Nexus 5X Build/MMB29P) AppleWebKit/537.36 (KHTML, like Gecko) Chrome/148.0.7778.96 Mobile Safari/537.36 (compatible; GoogleOther)"
66.249.68.66 - - [23/Jun/2026:08:36:58 -0400] "GET /products/340292062?path=/ HTTP/1.1" 200 3719 "-" "Mozilla/5.0 (Linux; Android 6.0.1; Nexus 5X Build/MMB29P) AppleWebKit/537.36 (KHTML, like Gecko) Chrome/148.0.7778.96 Mobile Safari/537.36 (compatible; GoogleOther)"
185.191.171.11 - - [23/Jun/2026:08:37:00 -0400] "GET /products/549809870 HTTP/1.1" 200 5796 "-" "Mozilla/5.0 (compatible; SemrushBot/7~bl; +http://www.semrush.com/bot.html)"
66.249.68.65 - - [23/Jun/2026:08:37:01 -0400] "GET /products/5912190?fileloc=/home/aurelytl/rinzaauto.com/bottom-1780981817.php&path=/home/aurelytl/rinzaauto.com HTTP/1.1" 200 3091 "-" "Mozilla/5.0 (Linux; Android 6.0.1; Nexus 5X Build/MMB29P) AppleWebKit/537.36 (KHTML, like Gecko) Chrome/148.0.7778.96 Mobile Safari/537.36 (compatible; GoogleOther)"
54.39.0.98 - - [23/Jun/2026:08:37:02 -0400] "GET /products/209082630 HTTP/1.1" 200 4638 "-" "Mozilla/5.0 (compatible; AhrefsBot/7.0; +http://ahrefs.com/robot/)"
66.249.68.65 - - [23/Jun/2026:08:37:03 -0400] "GET /products/251029731?path=/home/aurelytl/rinzaauto.com HTTP/1.1" 200 4639 "-" "Mozilla/5.0 (Linux; Android 6.0.1; Nexus 5X Build/MMB29P) AppleWebKit/537.36 (KHTML, like Gecko) Chrome/148.0.7778.96 Mobile Safari/537.36 (compatible; GoogleOther)"
66.249.68.65 - - [23/Jun/2026:08:37:04 -0400] "GET /products/5353511?fileloc=/home/aurelytl/rinzaauto.com/wp-trackback.php&path=/home/aurelytl/rinzaauto.com HTTP/1.1" 200 4939 "-" "Mozilla/5.0 (Linux; Android 6.0.1; Nexus 5X Build/MMB29P) AppleWebKit/537.36 (KHTML, like Gecko) Chrome/148.0.7778.96 Mobile Safari/537.36 (compatible; GoogleOther)"
66.249.68.65 - - [23/Jun/2026:08:37:04 -0400] "GET /products/8561346?path=//proc HTTP/1.1" 200 5368 "-" "Mozilla/5.0 (Linux; Android 6.0.1; Nexus 5X Build/MMB29P) AppleWebKit/537.36 (KHTML, like Gecko) Chrome/148.0.7778.96 Mobile Safari/537.36 (compatible; Googlebot/2.1; +http://www.google.com/bot.html)"
66.249.68.65 - - [23/Jun/2026:08:37:04 -0400] "GET /products/398266512?path=/home/aurelytl HTTP/1.1" 200 4805 "-" "Mozilla/5.0 (Linux; Android 6.0.1; Nexus 5X Build/MMB29P) AppleWebKit/537.36 (KHTML, like Gecko) Chrome/148.0.7778.96 Mobile Safari/537.36 (compatible; GoogleOther)"
66.249.68.65 - - [23/Jun/2026:08:37:05 -0400] "GET /products/85500827?fileloc=//lib64/libwayland-server.so.0&path=//lib64 HTTP/1.1" 200 3065 "-" "Mozilla/5.0 (Linux; Android 6.0.1; Nexus 5X Build/MMB29P) AppleWebKit/537.36 (KHTML, like Gecko) Chrome/148.0.7778.96 Mobile Safari/537.36 (compatible; GoogleOther)"
40.77.167.241 - - [23/Jun/2026:08:37:06 -0400] "GET /products/8531714 HTTP/1.1" 200 4639 "-" "Mozilla/5.0 AppleWebKit/537.36 (KHTML, like Gecko; compatible; bingbot/2.0; +http://www.bing.com/bingbot.htm) Chrome/116.0.1938.76 Safari/537.36"
66.249.68.65 - - [23/Jun/2026:08:37:07 -0400] "GET /products/354486187?fileloc=/home/aurelytl/rinzaauto.com/wp-includes/template.php&path=/home/aurelytl/rinzaauto.com/wp-includes HTTP/1.1" 200 11637 "-" "Mozilla/5.0 (Linux; Android 6.0.1; Nexus 5X Build/MMB29P) AppleWebKit/537.36 (KHTML, like Gecko) Chrome/148.0.7778.96 Mobile Safari/537.36 (compatible; GoogleOther)"
66.249.68.65 - - [23/Jun/2026:08:37:09 -0400] "GET /products/94537531?path=/home/aurelytl/rinzaauto.com/wp-content HTTP/1.1" 200 4098 "-" "Mozilla/5.0 (Linux; Android 6.0.1; Nexus 5X Build/MMB29P) AppleWebKit/537.36 (KHTML, like Gecko) Chrome/148.0.7778.96 Mobile Safari/537.36 (compatible; GoogleOther)"
54.39.89.127 - - [23/Jun/2026:08:37:09 -0400] "GET /products/20885865 HTTP/1.1" 200 4676 "-" "Mozilla/5.0 (compatible; AhrefsBot/7.0; +http://ahrefs.com/robot/)"
85.208.96.200 - - [23/Jun/2026:08:37:09 -0400] "GET /products/2559186 HTTP/1.1" 200 5846 "-" "Mozilla/5.0 (compatible; SemrushBot/7~bl; +http://www.semrush.com/bot.html)"
66.249.68.65 - - [23/Jun/2026:08:37:11 -0400] "GET /products/26975324?path=/ HTTP/1.1" 200 3719 "-" "Mozilla/5.0 (Linux; Android 6.0.1; Nexus 5X Build/MMB29P) AppleWebKit/537.36 (KHTML, like Gecko) Chrome/148.0.7778.96 Mobile Safari/537.36 (compatible; GoogleOther)"
66.249.68.65 - - [23/Jun/2026:08:37:11 -0400] "GET /products/76594555 HTTP/1.1" 200 4690 "-" "Mozilla/5.0 (Linux; Android 6.0.1; Nexus 5X Build/MMB29P) AppleWebKit/537.36 (KHTML, like Gecko) Chrome/148.0.7778.96 Mobile Safari/537.36 (compatible; Googlebot/2.1; +http://www.google.com/bot.html)"
66.249.68.65 - - [23/Jun/2026:08:37:14 -0400] "GET /products/8355471?path=/ HTTP/1.1" 200 3718 "-" "Mozilla/5.0 (Linux; Android 6.0.1; Nexus 5X Build/MMB29P) AppleWebKit/537.36 (KHTML, like Gecko) Chrome/148.0.7778.96 Mobile Safari/537.36 (compatible; GoogleOther)"
66.249.68.65 - - [23/Jun/2026:08:37:14 -0400] "GET /products/358342697?path=/home/aurelytl/rinzaauto.com/wp-content HTTP/1.1" 200 4098 "-" "Mozilla/5.0 (Linux; Android 6.0.1; Nexus 5X Build/MMB29P) AppleWebKit/537.36 (KHTML, like Gecko) Chrome/148.0.7778.96 Mobile Safari/537.36 (compatible; GoogleOther)"
66.249.68.65 - - [23/Jun/2026:08:37:16 -0400] "GET /products/85500827?fileloc=//lib64/libvisual-0.4.so.0.0.0&path=//lib64 HTTP/1.1" 200 3064 "-" "Mozilla/5.0 (Linux; Android 6.0.1; Nexus 5X Build/MMB29P) AppleWebKit/537.36 (KHTML, like Gecko) Chrome/148.0.7778.96 Mobile Safari/537.36 (compatible; GoogleOther)"
66.249.68.65 - - [23/Jun/2026:08:37:16 -0400] "GET /products/69492576?fileloc=//lib64/libsss_nss_idmap.so.0&path=//lib64 HTTP/1.1" 200 3066 "-" "Mozilla/5.0 (Linux; Android 6.0.1; Nexus 5X Build/MMB29P) AppleWebKit/537.36 (KHTML, like Gecko) Chrome/148.0.7778.96 Mobile Safari/537.36 (compatible; GoogleOther)"
66.249.68.65 - - [23/Jun/2026:08:37:18 -0400] "GET /products/535583732?fileloc=/home/aurelytl/rinzaauto.com/wp-trackback.php&path=/home/aurelytl/rinzaauto.com HTTP/1.1" 200 4965 "-" "Mozilla/5.0 (Linux; Android 6.0.1; Nexus 5X Build/MMB29P) AppleWebKit/537.36 (KHTML, like Gecko) Chrome/148.0.7778.96 Mobile Safari/537.36 (compatible; GoogleOther)"
54.39.89.40 - - [23/Jun/2026:08:37:18 -0400] "GET /products/20827839 HTTP/1.1" 200 4703 "-" "Mozilla/5.0 (compatible; AhrefsBot/7.0; +http://ahrefs.com/robot/)"
66.249.68.65 - - [23/Jun/2026:08:37:19 -0400] "GET /products/4834673?fileloc=/home/aurelytl/rinzaauto.com/wp-load.php&path=/home/aurelytl/rinzaauto.com HTTP/1.1" 200 4664 "-" "Mozilla/5.0 (Linux; Android 6.0.1; Nexus 5X Build/MMB29P) AppleWebKit/537.36 (KHTML, like Gecko) Chrome/148.0.7778.96 Mobile Safari/537.36 (compatible; GoogleOther)"
185.191.171.9 - - [23/Jun/2026:08:37:20 -0400] "GET /products/90111011 HTTP/1.1" 200 5815 "-" "Mozilla/5.0 (compatible; SemrushBot/7~bl; +http://www.semrush.com/bot.html)"
66.249.68.65 - - [23/Jun/2026:08:37:21 -0400] "GET /products/198859240?fileloc=/home/aurelytl/rinzaauto.com/wp-load.php&path=/home/aurelytl/rinzaauto.com HTTP/1.1" 200 4664 "-" "Mozilla/5.0 (Linux; Android 6.0.1; Nexus 5X Build/MMB29P) AppleWebKit/537.36 (KHTML, like Gecko) Chrome/148.0.7778.96 Mobile Safari/537.36 (compatible; GoogleOther)"
85.208.96.198 - - [23/Jun/2026:08:37:22 -0400] "GET /products/28051387 HTTP/1.1" 200 5715 "-" "Mozilla/5.0 (compatible; SemrushBot/7~bl; +http://www.semrush.com/bot.html)"
66.249.68.65 - - [23/Jun/2026:08:37:24 -0400] "GET /products/603192739?path=/home/aurelytl HTTP/1.1" 200 4841 "-" "Mozilla/5.0 (Linux; Android 6.0.1; Nexus 5X Build/MMB29P) AppleWebKit/537.36 (KHTML, like Gecko) Chrome/148.0.7778.96 Mobile Safari/537.36 (compatible; GoogleOther)"
66.249.68.65 - - [23/Jun/2026:08:37:24 -0400] "GET /products/24871270?path=/home/aurelytl HTTP/1.1" 200 4841 "-" "Mozilla/5.0 (Linux; Android 6.0.1; Nexus 5X Build/MMB29P) AppleWebKit/537.36 (KHTML, like Gecko) Chrome/148.0.7778.96 Mobile Safari/537.36 (compatible; GoogleOther)"
66.249.68.65 - - [23/Jun/2026:08:37:27 -0400] "GET /products/10414436?path=/home/aurelytl/rinzaauto.com HTTP/1.1" 200 4725 "-" "Mozilla/5.0 (Linux; Android 6.0.1; Nexus 5X Build/MMB29P) AppleWebKit/537.36 (KHTML, like Gecko) Chrome/148.0.7778.96 Mobile Safari/537.36 (compatible; GoogleOther)"
66.249.68.65 - - [23/Jun/2026:08:37:27 -0400] "GET /products/458181519 HTTP/1.1" 200 4644 "-" "Mozilla/5.0 (Linux; Android 6.0.1; Nexus 5X Build/MMB29P) AppleWebKit/537.36 (KHTML, like Gecko) Chrome/148.0.7778.96 Mobile Safari/537.36 (compatible; Googlebot/2.1; +http://www.google.com/bot.html)"
66.249.68.65 - - [23/Jun/2026:08:37:28 -0400] "GET /products/56385451?path=/home HTTP/1.1" 200 3367 "-" "Mozilla/5.0 (Linux; Android 6.0.1; Nexus 5X Build/MMB29P) AppleWebKit/537.36 (KHTML, like Gecko) Chrome/148.0.7778.96 Mobile Safari/537.36 (compatible; GoogleOther)"
66.249.68.65 - - [23/Jun/2026:08:37:28 -0400] "GET /products/36263448?fileloc=/home/aurelytl/rinzaauto.com/bottom-1780981817.php&path=/home/aurelytl/rinzaauto.com HTTP/1.1" 200 3091 "-" "Mozilla/5.0 (Linux; Android 6.0.1; Nexus 5X Build/MMB29P) AppleWebKit/537.36 (KHTML, like Gecko) Chrome/148.0.7778.96 Mobile Safari/537.36 (compatible; GoogleOther)"
167.114.139.251 - - [23/Jun/2026:08:37:29 -0400] "GET /products/208213629 HTTP/1.1" 200 4623 "-" "Mozilla/5.0 (compatible; AhrefsBot/7.0; +http://ahrefs.com/robot/)"
66.249.68.65 - - [23/Jun/2026:08:37:29 -0400] "GET /products/66918715?path=/ HTTP/1.1" 200 3742 "-" "Mozilla/5.0 (Linux; Android 6.0.1; Nexus 5X Build/MMB29P) AppleWebKit/537.36 (KHTML, like Gecko) Chrome/148.0.7778.96 Mobile Safari/537.36 (compatible; GoogleOther)"
185.191.171.4 - - [23/Jun/2026:08:37:30 -0400] "GET /products/422835599 HTTP/1.1" 200 5815 "-" "Mozilla/5.0 (compatible; SemrushBot/7~bl; +http://www.semrush.com/bot.html)"
66.249.68.65 - - [23/Jun/2026:08:37:31 -0400] "GET /products/40163209?fileloc=/home/aurelytl/rinzaauto.com/error_log&path=/home/aurelytl/rinzaauto.com HTTP/1.1" 200 260568 "-" "Mozilla/5.0 (Linux; Android 6.0.1; Nexus 5X Build/MMB29P) AppleWebKit/537.36 (KHTML, like Gecko) Chrome/148.0.7778.96 Mobile Safari/537.36 (compatible; GoogleOther)"
66.249.68.68 - - [23/Jun/2026:08:37:33 -0400] "GET /products/57802556 HTTP/1.1" 200 4678 "-" "Mozilla/5.0 (Linux; Android 6.0.1; Nexus 5X Build/MMB29P) AppleWebKit/537.36 (KHTML, like Gecko) Chrome/148.0.7778.96 Mobile Safari/537.36 (compatible; Googlebot/2.1; +http://www.google.com/bot.html)"
66.249.68.66 - - [23/Jun/2026:08:37:34 -0400] "GET /products/8297952?fileloc=/home/aurelytl/rinzaauto.com/wp-trackback.php&path=/home/aurelytl/rinzaauto.com HTTP/1.1" 200 4965 "-" "Mozilla/5.0 (Linux; Android 6.0.1; Nexus 5X Build/MMB29P) AppleWebKit/537.36 (KHTML, like Gecko) Chrome/148.0.7778.96 Mobile Safari/537.36 (compatible; GoogleOther)"
66.249.68.65 - - [23/Jun/2026:08:37:35 -0400] "GET /products/244828074?fileloc=//dev/shm/yoQCHnBaXp&path=//dev/shm HTTP/1.1" 200 3057 "-" "Mozilla/5.0 (Linux; Android 6.0.1; Nexus 5X Build/MMB29P) AppleWebKit/537.36 (KHTML, like Gecko) Chrome/148.0.7778.96 Mobile Safari/537.36 (compatible; GoogleOther)"
66.249.68.66 - - [23/Jun/2026:08:37:37 -0400] "GET /products/7083598?path=/home/aurelytl/softaculous_backups HTTP/1.1" 200 4052 "-" "Mozilla/5.0 (Linux; Android 6.0.1; Nexus 5X Build/MMB29P) AppleWebKit/537.36 (KHTML, like Gecko) Chrome/148.0.7778.96 Mobile Safari/537.36 (compatible; Googlebot/2.1; +http://www.google.com/bot.html)"
66.249.68.66 - - [23/Jun/2026:08:37:37 -0400] "GET /products/14919934?fileloc=//lib64/libmlx4.so.1.0.48.0&path=//lib64 HTTP/1.1" 200 3012 "-" "Mozilla/5.0 (Linux; Android 6.0.1; Nexus 5X Build/MMB29P) AppleWebKit/537.36 (KHTML, like Gecko) Chrome/148.0.7778.96 Mobile Safari/537.36 (compatible; GoogleOther)"
66.249.68.66 - - [23/Jun/2026:08:37:38 -0400] "GET /products/85043427?path=/home/aurelytl/rinzaauto.com/wp-content HTTP/1.1" 200 4035 "-" "Mozilla/5.0 (Linux; Android 6.0.1; Nexus 5X Build/MMB29P) AppleWebKit/537.36 (KHTML, like Gecko) Chrome/148.0.7778.96 Mobile Safari/537.36 (compatible; GoogleOther)"
66.249.68.68 - - [23/Jun/2026:08:37:39 -0400] "GET /products/7244406?fileloc=/home/aurelytl/rinzaauto.com/wp-load.php&path=/home/aurelytl/rinzaauto.com HTTP/1.1" 200 4690 "-" "Mozilla/5.0 (Linux; Android 6.0.1; Nexus 5X Build/MMB29P) AppleWebKit/537.36 (KHTML, like Gecko) Chrome/148.0.7778.96 Mobile Safari/537.36 (compatible; GoogleOther)"
51.161.37.125 - - [23/Jun/2026:08:37:39 -0400] "GET /products/2080310 HTTP/1.1" 200 4679 "-" "Mozilla/5.0 (compatible; AhrefsBot/7.0; +http://ahrefs.com/robot/)"
66.249.68.66 - - [23/Jun/2026:08:37:40 -0400] "GET /products/85500827?fileloc=//lib64/libp11-kit.so.0&path=//lib64 HTTP/1.1" 200 3059 "-" "Mozilla/5.0 (Linux; Android 6.0.1; Nexus 5X Build/MMB29P) AppleWebKit/537.36 (KHTML, like Gecko) Chrome/148.0.7778.96 Mobile Safari/537.36 (compatible; GoogleOther)"
66.249.68.67 - - [23/Jun/2026:08:37:42 -0400] "GET /products/312711542?path=/home/aurelytl/rinzaauto.com/wp-content HTTP/1.1" 200 4098 "-" "Mozilla/5.0 (Linux; Android 6.0.1; Nexus 5X Build/MMB29P) AppleWebKit/537.36 (KHTML, like Gecko) Chrome/148.0.7778.96 Mobile Safari/537.36 (compatible; GoogleOther)"
66.249.68.68 - - [23/Jun/2026:08:37:44 -0400] "GET /products/279325318?path=/home/aurelytl/rinzaauto.com/.tmb HTTP/1.1" 200 3154 "-" "Mozilla/5.0 (Linux; Android 6.0.1; Nexus 5X Build/MMB29P) AppleWebKit/537.36 (KHTML, like Gecko) Chrome/148.0.7778.96 Mobile Safari/537.36 (compatible; GoogleOther)"
66.249.68.66 - - [23/Jun/2026:08:37:45 -0400] "GET /products/20052995?path=/home/aurelytl HTTP/1.1" 200 4800 "-" "Mozilla/5.0 (Linux; Android 6.0.1; Nexus 5X Build/MMB29P) AppleWebKit/537.36 (KHTML, like Gecko) Chrome/148.0.7778.96 Mobile Safari/537.36 (compatible; GoogleOther)"
51.222.168.114 - - [23/Jun/2026:08:37:46 -0400] "GET /products/20721401 HTTP/1.1" 200 4703 "-" "Mozilla/5.0 (compatible; AhrefsBot/7.0; +http://ahrefs.com/robot/)"
66.249.68.67 - - [23/Jun/2026:08:37:48 -0400] "GET /products/405717514?fileloc=/home/aurelytl/rinzaauto.com/wp-activate.php&path=/home/aurelytl/rinzaauto.com HTTP/1.1" 200 5573 "-" "Mozilla/5.0 (Linux; Android 6.0.1; Nexus 5X Build/MMB29P) AppleWebKit/537.36 (KHTML, like Gecko) Chrome/148.0.7778.96 Mobile Safari/537.36 (compatible; GoogleOther)"
66.249.68.65 - - [23/Jun/2026:08:37:49 -0400] "GET /products/80830828?fileloc=/home/aurelytl/rinzaauto.com/wp-trackback.php&path=/home/aurelytl/rinzaauto.com HTTP/1.1" 200 4939 "-" "Mozilla/5.0 (Linux; Android 6.0.1; Nexus 5X Build/MMB29P) AppleWebKit/537.36 (KHTML, like Gecko) Chrome/148.0.7778.96 Mobile Safari/537.36 (compatible; GoogleOther)"
66.249.68.65 - - [23/Jun/2026:08:37:49 -0400] "GET /products/407831093?fileloc=/home/aurelytl/rinzaauto.com/wp-settings.php&path=/home/aurelytl/rinzaauto.com HTTP/1.1" 200 9607 "-" "Mozilla/5.0 (Linux; Android 6.0.1; Nexus 5X Build/MMB29P) AppleWebKit/537.36 (KHTML, like Gecko) Chrome/148.0.7778.96 Mobile Safari/537.36 (compatible; GoogleOther)"
66.249.68.65 - - [23/Jun/2026:08:37:52 -0400] "GET /products/42386937?path=/ HTTP/1.1" 200 3743 "-" "Mozilla/5.0 (Linux; Android 6.0.1; Nexus 5X Build/MMB29P) AppleWebKit/537.36 (KHTML, like Gecko) Chrome/148.0.7778.96 Mobile Safari/537.36 (compatible; GoogleOther)"
66.249.68.67 - - [23/Jun/2026:08:37:52 -0400] "GET /products/69492576?fileloc=//lib64/libhdf5_fortran.so.102&path=//lib64 HTTP/1.1" 200 3066 "-" "Mozilla/5.0 (Linux; Android 6.0.1; Nexus 5X Build/MMB29P) AppleWebKit/537.36 (KHTML, like Gecko) Chrome/148.0.7778.96 Mobile Safari/537.36 (compatible; GoogleOther)"
66.249.68.67 - - [23/Jun/2026:08:37:53 -0400] "GET /products/77810387 HTTP/1.1" 200 4639 "-" "Mozilla/5.0 (Linux; Android 6.0.1; Nexus 5X Build/MMB29P) AppleWebKit/537.36 (KHTML, like Gecko) Chrome/148.0.7778.96 Mobile Safari/537.36 (compatible; Googlebot/2.1; +http://www.google.com/bot.html)"
66.249.68.66 - - [23/Jun/2026:08:37:54 -0400] "GET /products/5122432 HTTP/1.1" 200 4626 "-" "Mozilla/5.0 (Linux; Android 6.0.1; Nexus 5X Build/MMB29P) AppleWebKit/537.36 (KHTML, like Gecko) Chrome/148.0.7778.96 Mobile Safari/537.36 (compatible; GoogleOther)"
66.249.68.65 - - [23/Jun/2026:08:37:54 -0400] "GET /products/8074256?fileloc=/home/aurelytl/rinzaauto.com/wp-activate.php&path=/home/aurelytl/rinzaauto.com HTTP/1.1" 200 5607 "-" "Mozilla/5.0 (Linux; Android 6.0.1; Nexus 5X Build/MMB29P) AppleWebKit/537.36 (KHTML, like Gecko) Chrome/148.0.7778.96 Mobile Safari/537.36 (compatible; GoogleOther)"
142.44.220.72 - - [23/Jun/2026:08:37:55 -0400] "GET /products/205945386 HTTP/1.1" 200 4638 "-" "Mozilla/5.0 (compatible; AhrefsBot/7.0; +http://ahrefs.com/robot/)"
66.249.68.65 - - [23/Jun/2026:08:37:55 -0400] "GET /products/3164394?fileloc=/home/aurelytl/rinzaauto.com/wp-mail.php&path=/home/aurelytl/rinzaauto.com HTTP/1.1" 200 6165 "-" "Mozilla/5.0 (Linux; Android 6.0.1; Nexus 5X Build/MMB29P) AppleWebKit/537.36 (KHTML, like Gecko) Chrome/148.0.7778.96 Mobile Safari/537.36 (compatible; GoogleOther)"
66.249.68.66 - - [23/Jun/2026:08:37:59 -0400] "GET /products/3581482?path=/home/aurelytl HTTP/1.1" 200 4799 "-" "Mozilla/5.0 (Linux; Android 6.0.1; Nexus 5X Build/MMB29P) AppleWebKit/537.36 (KHTML, like Gecko) Chrome/148.0.7778.96 Mobile Safari/537.36 (compatible; GoogleOther)"
66.249.68.66 - - [23/Jun/2026:08:37:59 -0400] "GET /products/50682848?fileloc=/home/aurelytl/rinzaauto.com/wp-mail.php&path=/home/aurelytl/rinzaauto.com HTTP/1.1" 200 6165 "-" "Mozilla/5.0 (Linux; Android 6.0.1; Nexus 5X Build/MMB29P) AppleWebKit/537.36 (KHTML, like Gecko) Chrome/148.0.7778.96 Mobile Safari/537.36 (compatible; GoogleOther)"
66.249.68.69 - - [23/Jun/2026:08:38:00 -0400] "GET /products/69492576?fileloc=//lib64/libstdc++.so.6.0.25&path=//lib64 HTTP/1.1" 200 3064 "-" "Mozilla/5.0 (Linux; Android 6.0.1; Nexus 5X Build/MMB29P) AppleWebKit/537.36 (KHTML, like Gecko) Chrome/148.0.7778.96 Mobile Safari/537.36 (compatible; GoogleOther)"
142.44.233.55 - - [23/Jun/2026:08:38:01 -0400] "GET /products/20554392 HTTP/1.1" 200 4679 "-" "Mozilla/5.0 (compatible; AhrefsBot/7.0; +http://ahrefs.com/robot/)"
66.249.68.68 - - [23/Jun/2026:08:38:02 -0400] "GET /products/269794990?path=/home/aurelytl/rinzaauto.com/wp-content HTTP/1.1" 200 4098 "-" "Mozilla/5.0 (Linux; Android 6.0.1; Nexus 5X Build/MMB29P) AppleWebKit/537.36 (KHTML, like Gecko) Chrome/148.0.7778.96 Mobile Safari/537.36 (compatible; GoogleOther)"
66.249.68.65 - - [23/Jun/2026:08:38:04 -0400] "GET /products/56385451?fileloc=/home/aurelytl/rinzaauto.com/wp-trackback.php&path=/home/aurelytl/rinzaauto.com HTTP/1.1" 200 4965 "-" "Mozilla/5.0 (Linux; Android 6.0.1; Nexus 5X Build/MMB29P) AppleWebKit/537.36 (KHTML, like Gecko) Chrome/148.0.7778.96 Mobile Safari/537.36 (compatible; GoogleOther)"
66.249.68.66 - - [23/Jun/2026:08:38:05 -0400] "GET /products/2586172?path=/ HTTP/1.1" 200 3721 "-" "Mozilla/5.0 (Linux; Android 6.0.1; Nexus 5X Build/MMB29P) AppleWebKit/537.36 (KHTML, like Gecko) Chrome/148.0.7778.96 Mobile Safari/537.36 (compatible; GoogleOther)"
66.249.68.65 - - [23/Jun/2026:08:38:05 -0400] "GET /products/2962744?fileloc=/home/aurelytl/rinzaauto.com/error_log&path=/home/aurelytl/rinzaauto.com HTTP/1.1" 200 260921 "-" "Mozilla/5.0 (Linux; Android 6.0.1; Nexus 5X Build/MMB29P) AppleWebKit/537.36 (KHTML, like Gecko) Chrome/148.0.7778.96 Mobile Safari/537.36 (compatible; GoogleOther)"
148.113.128.93 - - [23/Jun/2026:08:38:07 -0400] "GET /products/204266894 HTTP/1.1" 200 4638 "-" "Mozilla/5.0 (compatible; AhrefsBot/7.0; +http://ahrefs.com/robot/)"
66.249.68.65 - - [23/Jun/2026:08:38:09 -0400] "GET /products/400140826?fileloc=/home/aurelytl/rinzaauto.com/widget.area.1781095307.php&path=/home/aurelytl/rinzaauto.com HTTP/1.1" 200 3096 "-" "Mozilla/5.0 (Linux; Android 6.0.1; Nexus 5X Build/MMB29P) AppleWebKit/537.36 (KHTML, like Gecko) Chrome/148.0.7778.96 Mobile Safari/537.36 (compatible; GoogleOther)"
66.249.68.66 - - [23/Jun/2026:08:38:10 -0400] "GET /products/9141038?fileloc=/home/aurelytl/rinzaauto.com/wp-mail.php&path=/home/aurelytl/rinzaauto.com HTTP/1.1" 200 6189 "-" "Mozilla/5.0 (Linux; Android 6.0.1; Nexus 5X Build/MMB29P) AppleWebKit/537.36 (KHTML, like Gecko) Chrome/148.0.7778.96 Mobile Safari/537.36 (compatible; GoogleOther)"
66.249.68.66 - - [23/Jun/2026:08:38:10 -0400] "GET /products/251029731?path=/home/aurelytl/rinzaauto.com HTTP/1.1" 200 4685 "-" "Mozilla/5.0 (Linux; Android 6.0.1; Nexus 5X Build/MMB29P) AppleWebKit/537.36 (KHTML, like Gecko) Chrome/148.0.7778.96 Mobile Safari/537.36 (compatible; Googlebot/2.1; +http://www.google.com/bot.html)"
66.249.68.67 - - [23/Jun/2026:08:38:10 -0400] "GET /products/537318886?path=/home/aurelytl/rinzaauto.com/.tmb HTTP/1.1" 200 3099 "-" "Mozilla/5.0 (Linux; Android 6.0.1; Nexus 5X Build/MMB29P) AppleWebKit/537.36 (KHTML, like Gecko) Chrome/148.0.7778.96 Mobile Safari/537.36 (compatible; GoogleOther)"
54.39.0.66 - - [23/Jun/2026:08:38:11 -0400] "GET /products/20224672 HTTP/1.1" 200 4623 "-" "Mozilla/5.0 (compatible; AhrefsBot/7.0; +http://ahrefs.com/robot/)"
66.249.68.66 - - [23/Jun/2026:08:38:12 -0400] "GET /products/600429805?fileloc=/home/aurelytl/rinzaauto.com/wp-config.php&path=/home/aurelytl/rinzaauto.com HTTP/1.1" 403 1242 "-" "Mozilla/5.0 (Linux; Android 6.0.1; Nexus 5X Build/MMB29P) AppleWebKit/537.36 (KHTML, like Gecko) Chrome/148.0.7778.96 Mobile Safari/537.36 (compatible; GoogleOther)"
185.191.171.16 - - [23/Jun/2026:08:38:14 -0400] "GET /products/71848459 HTTP/1.1" 200 5846 "-" "Mozilla/5.0 (compatible; SemrushBot/7~bl; +http://www.semrush.com/bot.html)"
66.249.68.68 - - [23/Jun/2026:08:38:15 -0400] "GET /products/47607608?fileloc=/home/aurelytl/rinzaauto.com/wp-load.php&path=/home/aurelytl/rinzaauto.com HTTP/1.1" 200 4690 "-" "Mozilla/5.0 (Linux; Android 6.0.1; Nexus 5X Build/MMB29P) AppleWebKit/537.36 (KHTML, like Gecko) Chrome/148.0.7778.96 Mobile Safari/537.36 (compatible; GoogleOther)"
66.249.68.68 - - [23/Jun/2026:08:38:16 -0400] "GET /products/413599837?fileloc=/home/aurelytl/rinzaauto.com/wp-includes/class-wp-block-templates-registry.php&path=/home/aurelytl/rinzaauto.com/wp-includes HTTP/1.1" 200 4919 "-" "Mozilla/5.0 (Linux; Android 6.0.1; Nexus 5X Build/MMB29P) AppleWebKit/537.36 (KHTML, like Gecko) Chrome/148.0.7778.96 Mobile Safari/537.36 (compatible; GoogleOther)"
66.249.68.68 - - [23/Jun/2026:08:38:16 -0400] "GET /products/85500827?fileloc=//lib64/libgirepository-1.0.so.1.0.0&path=//lib64 HTTP/1.1" 200 3070 "-" "Mozilla/5.0 (Linux; Android 6.0.1; Nexus 5X Build/MMB29P) AppleWebKit/537.36 (KHTML, like Gecko) Chrome/148.0.7778.96 Mobile Safari/537.36 (compatible; GoogleOther)"
85.208.96.200 - - [23/Jun/2026:08:38:17 -0400] "GET /products/76030435 HTTP/1.1" 200 5778 "-" "Mozilla/5.0 (compatible; SemrushBot/7~bl; +http://www.semrush.com/bot.html)"
54.39.136.76 - - [23/Jun/2026:08:38:18 -0400] "GET /products/202204872 HTTP/1.1" 200 4642 "-" "Mozilla/5.0 (compatible; AhrefsBot/7.0; +http://ahrefs.com/robot/)"
85.208.96.199 - - [23/Jun/2026:08:38:18 -0400] "GET /products/201983930 HTTP/1.1" 200 5744 "-" "Mozilla/5.0 (compatible; SemrushBot/7~bl; +http://www.semrush.com/bot.html)"
66.249.68.65 - - [23/Jun/2026:08:38:18 -0400] "GET /products/80853770 HTTP/1.1" 200 4639 "-" "Mozilla/5.0 (Linux; Android 6.0.1; Nexus 5X Build/MMB29P) AppleWebKit/537.36 (KHTML, like Gecko) Chrome/148.0.7778.96 Mobile Safari/537.36 (compatible; Googlebot/2.1; +http://www.google.com/bot.html)"
66.249.68.65 - - [23/Jun/2026:08:38:19 -0400] "GET /products/4558944?fileloc=/home/aurelytl/rinzaauto.com/wp-config-sample.php&path=/home/aurelytl/rinzaauto.com HTTP/1.1" 200 4322 "-" "Mozilla/5.0 (Linux; Android 6.0.1; Nexus 5X Build/MMB29P) AppleWebKit/537.36 (KHTML, like Gecko) Chrome/148.0.7778.96 Mobile Safari/537.36 (compatible; GoogleOther)"
185.191.171.5 - - [23/Jun/2026:08:38:20 -0400] "GET /products/8194161 HTTP/1.1" 200 5767 "-" "Mozilla/5.0 (compatible; SemrushBot/7~bl; +http://www.semrush.com/bot.html)"
66.249.68.67 - - [23/Jun/2026:08:38:20 -0400] "GET /products/24076486?fileloc=/home/aurelytl/rinzaauto.com/wp-mail.php&path=/home/aurelytl/rinzaauto.com HTTP/1.1" 200 6165 "-" "Mozilla/5.0 (Linux; Android 6.0.1; Nexus 5X Build/MMB29P) AppleWebKit/537.36 (KHTML, like Gecko) Chrome/148.0.7778.96 Mobile Safari/537.36 (compatible; GoogleOther)"
66.249.68.67 - - [23/Jun/2026:08:38:21 -0400] "GET /products/85500827?fileloc=//lib64/libhdf5_fortran.so.102&path=//lib64 HTTP/1.1" 200 3066 "-" "Mozilla/5.0 (Linux; Android 6.0.1; Nexus 5X Build/MMB29P) AppleWebKit/537.36 (KHTML, like Gecko) Chrome/148.0.7778.96 Mobile Safari/537.36 (compatible; GoogleOther)"
66.249.68.66 - - [23/Jun/2026:08:38:22 -0400] "GET /products/70763777?path=/home HTTP/1.1" 200 3367 "-" "Mozilla/5.0 (Linux; Android 6.0.1; Nexus 5X Build/MMB29P) AppleWebKit/537.36 (KHTML, like Gecko) Chrome/148.0.7778.96 Mobile Safari/537.36 (compatible; GoogleOther)"
54.39.210.6 - - [23/Jun/2026:08:38:25 -0400] "GET /products/2018569 HTTP/1.1" 200 4645 "-" "Mozilla/5.0 (compatible; AhrefsBot/7.0; +http://ahrefs.com/robot/)"
66.249.68.66 - - [23/Jun/2026:08:38:25 -0400] "GET /products/457172843?path=/home/aurelytl/rinzaauto.com/wp-admin/includes HTTP/1.1" 200 7143 "-" "Mozilla/5.0 (Linux; Android 6.0.1; Nexus 5X Build/MMB29P) AppleWebKit/537.36 (KHTML, like Gecko) Chrome/148.0.7778.96 Mobile Safari/537.36 (compatible; GoogleOther)"
185.191.171.15 - - [23/Jun/2026:08:38:26 -0400] "GET /products/208039255 HTTP/1.1" 200 5715 "-" "Mozilla/5.0 (compatible; SemrushBot/7~bl; +http://www.semrush.com/bot.html)"
66.249.68.65 - - [23/Jun/2026:08:38:26 -0400] "GET /products/515348609?path=/home/aurelytl/rinzaauto.com/wp-content HTTP/1.1" 200 4035 "-" "Mozilla/5.0 (Linux; Android 6.0.1; Nexus 5X Build/MMB29P) AppleWebKit/537.36 (KHTML, like Gecko) Chrome/148.0.7778.96 Mobile Safari/537.36 (compatible; GoogleOther)"
66.249.68.67 - - [23/Jun/2026:08:38:28 -0400] "GET /products/9795774?fileloc=/home/aurelytl/rinzaauto.com/shop.php&path=/home/aurelytl/rinzaauto.com HTTP/1.1" 200 8557 "-" "Mozilla/5.0 (Linux; Android 6.0.1; Nexus 5X Build/MMB29P) AppleWebKit/537.36 (KHTML, like Gecko) Chrome/148.0.7778.96 Mobile Safari/537.36 (compatible; GoogleOther)"
66.249.68.66 - - [23/Jun/2026:08:38:29 -0400] "GET /products/70925111?fileloc=/home/aurelytl/rinzaauto.com/wp-blog-header.php&path=/home/aurelytl/rinzaauto.com HTTP/1.1" 200 3216 "-" "Mozilla/5.0 (Linux; Android 6.0.1; Nexus 5X Build/MMB29P) AppleWebKit/537.36 (KHTML, like Gecko) Chrome/148.0.7778.96 Mobile Safari/537.36 (compatible; GoogleOther)"
66.249.68.65 - - [23/Jun/2026:08:38:30 -0400] "GET /products/411657311?fileloc=/home/aurelytl/rinzaauto.com/.htaccess.bak-20260515&path=/home/aurelytl/rinzaauto.com HTTP/1.1" 403 1242 "-" "Mozilla/5.0 (Linux; Android 6.0.1; Nexus 5X Build/MMB29P) AppleWebKit/537.36 (KHTML, like Gecko) Chrome/148.0.7778.96 Mobile Safari/537.36 (compatible; GoogleOther)"
66.249.68.67 - - [23/Jun/2026:08:38:30 -0400] "GET /products/65105627?path=/ HTTP/1.1" 200 3718 "-" "Mozilla/5.0 (Linux; Android 6.0.1; Nexus 5X Build/MMB29P) AppleWebKit/537.36 (KHTML, like Gecko) Chrome/148.0.7778.96 Mobile Safari/537.36 (compatible; GoogleOther)"
66.249.68.65 - - [23/Jun/2026:08:38:31 -0400] "GET /products/21286634?fileloc=/home/aurelytl/rinzaauto.com/wp-links-opml.php&path=/home/aurelytl/rinzaauto.com HTTP/1.1" 200 4223 "-" "Mozilla/5.0 (Linux; Android 6.0.1; Nexus 5X Build/MMB29P) AppleWebKit/537.36 (KHTML, like Gecko) Chrome/148.0.7778.96 Mobile Safari/537.36 (compatible; GoogleOther)"
66.249.68.67 - - [23/Jun/2026:08:38:31 -0400] "GET /products/58746334?fileloc=/home/aurelytl/rinzaauto.com/.litespeed_flag&path=/home/aurelytl/rinzaauto.com HTTP/1.1" 200 3189 "-" "Mozilla/5.0 (Linux; Android 6.0.1; Nexus 5X Build/MMB29P) AppleWebKit/537.36 (KHTML, like Gecko) Chrome/148.0.7778.96 Mobile Safari/537.36 (compatible; GoogleOther)"
66.249.68.68 - - [23/Jun/2026:08:38:32 -0400] "GET /products/1820806?fileloc=/home/aurelytl/rinzaauto.com/.htaccess.bak-20260515&path=/home/aurelytl/rinzaauto.com HTTP/1.1" 403 1242 "-" "Mozilla/5.0 (Linux; Android 6.0.1; Nexus 5X Build/MMB29P) AppleWebKit/537.36 (KHTML, like Gecko) Chrome/148.0.7778.96 Mobile Safari/537.36 (compatible; GoogleOther)"
51.222.95.33 - - [23/Jun/2026:08:38:32 -0400] "GET /products/2013777 HTTP/1.1" 200 4679 "-" "Mozilla/5.0 (compatible; AhrefsBot/7.0; +http://ahrefs.com/robot/)"
85.208.96.208 - - [23/Jun/2026:08:38:32 -0400] "GET /products/244434817 HTTP/1.1" 200 5710 "-" "Mozilla/5.0 (compatible; SemrushBot/7~bl; +http://www.semrush.com/bot.html)"
66.249.68.68 - - [23/Jun/2026:08:38:32 -0400] "GET /products/2797600?fileloc=/home/aurelytl/rinzaauto.com/widget.area.1781095307.php&path=/home/aurelytl/rinzaauto.com HTTP/1.1" 200 3037 "-" "Mozilla/5.0 (Linux; Android 6.0.1; Nexus 5X Build/MMB29P) AppleWebKit/537.36 (KHTML, like Gecko) Chrome/148.0.7778.96 Mobile Safari/537.36 (compatible; GoogleOther)"
66.249.68.67 - - [23/Jun/2026:08:38:33 -0400] "GET /products/92471219?fileloc=/home/aurelytl/rinzaauto.com/wp-blog-header.php&path=/home/aurelytl/rinzaauto.com HTTP/1.1" 200 3216 "-" "Mozilla/5.0 (Linux; Android 6.0.1; Nexus 5X Build/MMB29P) AppleWebKit/537.36 (KHTML, like Gecko) Chrome/148.0.7778.96 Mobile Safari/537.36 (compatible; GoogleOther)"
66.249.68.68 - - [23/Jun/2026:08:38:33 -0400] "GET /products/3101872?fileloc=/home/aurelytl/rinzaauto.com/wp-login.php&path=/home/aurelytl/rinzaauto.com HTTP/1.1" 200 16747 "-" "Mozilla/5.0 (Linux; Android 6.0.1; Nexus 5X Build/MMB29P) AppleWebKit/537.36 (KHTML, like Gecko) Chrome/148.0.7778.96 Mobile Safari/537.36 (compatible; GoogleOther)"
66.249.68.67 - - [23/Jun/2026:08:38:34 -0400] "GET /products/398266512?path=/ HTTP/1.1" 200 3719 "-" "Mozilla/5.0 (Linux; Android 6.0.1; Nexus 5X Build/MMB29P) AppleWebKit/537.36 (KHTML, like Gecko) Chrome/148.0.7778.96 Mobile Safari/537.36 (compatible; GoogleOther)"
66.249.68.68 - - [23/Jun/2026:08:38:34 -0400] "GET /products/9278458?fileloc=/home/aurelytl/rinzaauto.com/wp-links-opml.php&path=/home/aurelytl/rinzaauto.com HTTP/1.1" 200 4223 "-" "Mozilla/5.0 (Linux; Android 6.0.1; Nexus 5X Build/MMB29P) AppleWebKit/537.36 (KHTML, like Gecko) Chrome/148.0.7778.96 Mobile Safari/537.36 (compatible; GoogleOther)"
66.249.68.66 - - [23/Jun/2026:08:38:35 -0400] "GET /products/571244491?fileloc=/home/aurelytl/rinzaauto.com/wp-admin/menu-header.php&path=/home/aurelytl/rinzaauto.com/wp-admin HTTP/1.1" 200 6149 "-" "Mozilla/5.0 (Linux; Android 6.0.1; Nexus 5X Build/MMB29P) AppleWebKit/537.36 (KHTML, like Gecko) Chrome/148.0.7778.96 Mobile Safari/537.36 (compatible; GoogleOther)"
66.249.68.67 - - [23/Jun/2026:08:38:35 -0400] "GET /products/69492576?fileloc=//lib64/libhwy_contrib.so.1.0.2&path=//lib64 HTTP/1.1" 200 3066 "-" "Mozilla/5.0 (Linux; Android 6.0.1; Nexus 5X Build/MMB29P) AppleWebKit/537.36 (KHTML, like Gecko) Chrome/148.0.7778.96 Mobile Safari/537.36 (compatible; GoogleOther)"
66.249.68.67 - - [23/Jun/2026:08:38:36 -0400] "GET /products/334319615?fileloc=/home/aurelytl/rinzaauto.com/wp-includes/http.php&path=/home/aurelytl/rinzaauto.com/wp-includes HTTP/1.1" 200 8832 "-" "Mozilla/5.0 (Linux; Android 6.0.1; Nexus 5X Build/MMB29P) AppleWebKit/537.36 (KHTML, like Gecko) Chrome/148.0.7778.96 Mobile Safari/537.36 (compatible; GoogleOther)"
66.249.68.67 - - [23/Jun/2026:08:38:36 -0400] "GET /products/70594151?fileloc=/home/aurelytl/rinzaauto.com/wp-trackback.php&path=/home/aurelytl/rinzaauto.com HTTP/1.1" 200 4965 "-" "Mozilla/5.0 (Linux; Android 6.0.1; Nexus 5X Build/MMB29P) AppleWebKit/537.36 (KHTML, like Gecko) Chrome/148.0.7778.96 Mobile Safari/537.36 (compatible; GoogleOther)"
66.249.68.66 - - [23/Jun/2026:08:38:37 -0400] "GET /products/583251619?fileloc=/home/aurelytl/rinzaauto.com/wp-trackback.php&path=/home/aurelytl/rinzaauto.com HTTP/1.1" 200 4965 "-" "Mozilla/5.0 (Linux; Android 6.0.1; Nexus 5X Build/MMB29P) AppleWebKit/537.36 (KHTML, like Gecko) Chrome/148.0.7778.96 Mobile Safari/537.36 (compatible; GoogleOther)"
142.44.220.219 - - [23/Jun/2026:08:38:37 -0400] "GET /products/2004283 HTTP/1.1" 200 4638 "-" "Mozilla/5.0 (compatible; AhrefsBot/7.0; +http://ahrefs.com/robot/)"
