66.249.68.70 - - [23/Jun/2026:09:51:55 -0400] "GET /products/10318288?path=/home HTTP/1.1" 200 3325 "-" "Mozilla/5.0 (Linux; Android 6.0.1; Nexus 5X Build/MMB29P) AppleWebKit/537.36 (KHTML, like Gecko) Chrome/148.0.7778.96 Mobile Safari/537.36 (compatible; GoogleOther)"
66.249.68.69 - - [23/Jun/2026:09:51:56 -0400] "GET /products/54068344?path=/home/aurelytl/rinzaauto.com/wp-content HTTP/1.1" 200 4064 "-" "Mozilla/5.0 (Linux; Android 6.0.1; Nexus 5X Build/MMB29P) AppleWebKit/537.36 (KHTML, like Gecko) Chrome/148.0.7778.96 Mobile Safari/537.36 (compatible; GoogleOther)"
66.249.68.69 - - [23/Jun/2026:09:51:57 -0400] "GET /products/9120160?fileloc=//lib64/libxmlrpc_xmlparse.so.3&path=//lib64 HTTP/1.1" 200 3067 "-" "Mozilla/5.0 (Linux; Android 6.0.1; Nexus 5X Build/MMB29P) AppleWebKit/537.36 (KHTML, like Gecko) Chrome/148.0.7778.96 Mobile Safari/537.36 (compatible; GoogleOther)"
66.249.68.66 - - [23/Jun/2026:09:51:57 -0400] "GET /products/6160722?fileloc=//lib64/libglib-2.0.so.0&path=//lib64 HTTP/1.1" 200 3060 "-" "Mozilla/5.0 (Linux; Android 6.0.1; Nexus 5X Build/MMB29P) AppleWebKit/537.36 (KHTML, like Gecko) Chrome/148.0.7778.96 Mobile Safari/537.36 (compatible; GoogleOther)"
148.113.128.83 - - [23/Jun/2026:09:51:58 -0400] "GET /products/3970734 HTTP/1.1" 200 4679 "-" "Mozilla/5.0 (compatible; AhrefsBot/7.0; +http://ahrefs.com/robot/)"
66.249.68.69 - - [23/Jun/2026:09:51:58 -0400] "GET /products/8193235?fileloc=//lib64/libnftables.so.1&path=//lib64 HTTP/1.1" 200 3059 "-" "Mozilla/5.0 (Linux; Android 6.0.1; Nexus 5X Build/MMB29P) AppleWebKit/537.36 (KHTML, like Gecko) Chrome/148.0.7778.96 Mobile Safari/537.36 (compatible; GoogleOther)"
66.249.68.70 - - [23/Jun/2026:09:51:58 -0400] "GET /products/462520067?fileloc=//lib64/python2.7/fractions.pyo&path=//lib64/python2.7 HTTP/1.1" 200 3073 "-" "Mozilla/5.0 (Linux; Android 6.0.1; Nexus 5X Build/MMB29P) AppleWebKit/537.36 (KHTML, like Gecko) Chrome/148.0.7778.96 Mobile Safari/537.36 (compatible; GoogleOther)"
185.191.171.2 - - [23/Jun/2026:09:51:58 -0400] "GET /products/335173540 HTTP/1.1" 200 5755 "-" "Mozilla/5.0 (compatible; SemrushBot/7~bl; +http://www.semrush.com/bot.html)"
66.249.68.66 - - [23/Jun/2026:09:51:59 -0400] "GET /products/9120160?fileloc=//lib64/libvmtools.so.0.0.0&path=//lib64 HTTP/1.1" 200 3063 "-" "Mozilla/5.0 (Linux; Android 6.0.1; Nexus 5X Build/MMB29P) AppleWebKit/537.36 (KHTML, like Gecko) Chrome/148.0.7778.96 Mobile Safari/537.36 (compatible; GoogleOther)"
66.249.68.66 - - [23/Jun/2026:09:51:59 -0400] "GET /products/50703226?path=/home/aurelytl/rinzaauto.com/wp-content HTTP/1.1" 200 4098 "-" "Mozilla/5.0 (Linux; Android 6.0.1; Nexus 5X Build/MMB29P) AppleWebKit/537.36 (KHTML, like Gecko) Chrome/148.0.7778.96 Mobile Safari/537.36 (compatible; GoogleOther)"
66.249.68.67 - - [23/Jun/2026:09:52:01 -0400] "GET /products/310546234?fileloc=/home/aurelytl/rinzaauto.com/error_log&path=/home/aurelytl/rinzaauto.com HTTP/1.1" 200 312444 "-" "Mozilla/5.0 (Linux; Android 6.0.1; Nexus 5X Build/MMB29P) AppleWebKit/537.36 (KHTML, like Gecko) Chrome/148.0.7778.96 Mobile Safari/537.36 (compatible; GoogleOther)"
66.249.68.70 - - [23/Jun/2026:09:52:01 -0400] "GET /products/348861692?path=/home/aurelytl/rinzaauto.com/wp-content HTTP/1.1" 200 4035 "-" "Mozilla/5.0 (Linux; Android 6.0.1; Nexus 5X Build/MMB29P) AppleWebKit/537.36 (KHTML, like Gecko) Chrome/148.0.7778.96 Mobile Safari/537.36 (compatible; GoogleOther)"
66.249.68.68 - - [23/Jun/2026:09:52:01 -0400] "GET /products/57931378?path=/home/aurelytl/rinzaauto.com/wp-content HTTP/1.1" 200 4035 "-" "Mozilla/5.0 (Linux; Android 6.0.1; Nexus 5X Build/MMB29P) AppleWebKit/537.36 (KHTML, like Gecko) Chrome/148.0.7778.96 Mobile Safari/537.36 (compatible; GoogleOther)"
66.249.68.69 - - [23/Jun/2026:09:52:02 -0400] "GET /products/351151686?fileloc=/home/aurelytl/rinzaauto.com/wp-includes/style-engine.php&path=/home/aurelytl/rinzaauto.com/wp-includes HTTP/1.1" 200 5155 "-" "Mozilla/5.0 (Linux; Android 6.0.1; Nexus 5X Build/MMB29P) AppleWebKit/537.36 (KHTML, like Gecko) Chrome/148.0.7778.96 Mobile Safari/537.36 (compatible; GoogleOther)"
66.249.68.69 - - [23/Jun/2026:09:52:02 -0400] "GET /products/238381166?fileloc=/home/aurelytl/rinzaauto.com/wp-cron.php&path=/home/aurelytl/rinzaauto.com HTTP/1.1" 200 5185 "-" "Mozilla/5.0 (Linux; Android 6.0.1; Nexus 5X Build/MMB29P) AppleWebKit/537.36 (KHTML, like Gecko) Chrome/148.0.7778.96 Mobile Safari/537.36 (compatible; GoogleOther)"
51.161.37.163 - - [23/Jun/2026:09:52:03 -0400] "GET /products/395394767 HTTP/1.1" 200 4638 "-" "Mozilla/5.0 (compatible; AhrefsBot/7.0; +http://ahrefs.com/robot/)"
66.249.68.66 - - [23/Jun/2026:09:52:03 -0400] "GET /products/406402006?fileloc=/home/aurelytl/rinzaauto.com/wp-includes/class-wp-list-util.php&path=/home/aurelytl/rinzaauto.com/wp-includes HTTP/1.1" 200 5308 "-" "Mozilla/5.0 (Linux; Android 6.0.1; Nexus 5X Build/MMB29P) AppleWebKit/537.36 (KHTML, like Gecko) Chrome/148.0.7778.96 Mobile Safari/537.36 (compatible; GoogleOther)"
66.249.68.68 - - [23/Jun/2026:09:52:04 -0400] "GET /products/9120160?fileloc=//lib64/libpolkit-gobject-1.so.0.0.0&path=//lib64 HTTP/1.1" 200 3071 "-" "Mozilla/5.0 (Linux; Android 6.0.1; Nexus 5X Build/MMB29P) AppleWebKit/537.36 (KHTML, like Gecko) Chrome/148.0.7778.96 Mobile Safari/537.36 (compatible; GoogleOther)"
66.249.68.66 - - [23/Jun/2026:09:52:04 -0400] "GET /products/412734331 HTTP/1.1" 200 4677 "-" "Mozilla/5.0 (Linux; Android 6.0.1; Nexus 5X Build/MMB29P) AppleWebKit/537.36 (KHTML, like Gecko) Chrome/148.0.7778.96 Mobile Safari/537.36 (compatible; Googlebot/2.1; +http://www.google.com/bot.html)"
66.249.68.66 - - [23/Jun/2026:09:52:04 -0400] "GET /products/85500827?fileloc=//lib64/libelf-0.190.so&path=//lib64 HTTP/1.1" 200 3059 "-" "Mozilla/5.0 (Linux; Android 6.0.1; Nexus 5X Build/MMB29P) AppleWebKit/537.36 (KHTML, like Gecko) Chrome/148.0.7778.96 Mobile Safari/537.36 (compatible; GoogleOther)"
66.249.68.67 - - [23/Jun/2026:09:52:05 -0400] "GET /products/56975011?fileloc=/home/aurelytl/rinzaauto.com/bottom-1780981817.php&path=/home/aurelytl/rinzaauto.com HTTP/1.1" 200 3091 "-" "Mozilla/5.0 (Linux; Android 6.0.1; Nexus 5X Build/MMB29P) AppleWebKit/537.36 (KHTML, like Gecko) Chrome/148.0.7778.96 Mobile Safari/537.36 (compatible; GoogleOther)"
66.249.68.67 - - [23/Jun/2026:09:52:05 -0400] "GET /products/32464282?fileloc=/home/aurelytl/rinzaauto.com/wp-settings.php&path=/home/aurelytl/rinzaauto.com HTTP/1.1" 200 9607 "-" "Mozilla/5.0 (Linux; Android 6.0.1; Nexus 5X Build/MMB29P) AppleWebKit/537.36 (KHTML, like Gecko) Chrome/148.0.7778.96 Mobile Safari/537.36 (compatible; GoogleOther)"
66.249.68.65 - - [23/Jun/2026:09:52:07 -0400] "GET /products/1834399?fileloc=/home/aurelytl/rinzaauto.com/wp-config.php&path=/home/aurelytl/rinzaauto.com HTTP/1.1" 403 1242 "-" "Mozilla/5.0 (Linux; Android 6.0.1; Nexus 5X Build/MMB29P) AppleWebKit/537.36 (KHTML, like Gecko) Chrome/148.0.7778.96 Mobile Safari/537.36 (compatible; GoogleOther)"
66.249.68.67 - - [23/Jun/2026:09:52:07 -0400] "GET /products/96092082?path=/home/aurelytl HTTP/1.1" 200 4841 "-" "Mozilla/5.0 (Linux; Android 6.0.1; Nexus 5X Build/MMB29P) AppleWebKit/537.36 (KHTML, like Gecko) Chrome/148.0.7778.96 Mobile Safari/537.36 (compatible; GoogleOther)"
51.222.168.6 - - [23/Jun/2026:09:52:08 -0400] "GET /products/395387371 HTTP/1.1" 200 4638 "-" "Mozilla/5.0 (compatible; AhrefsBot/7.0; +http://ahrefs.com/robot/)"
66.249.68.68 - - [23/Jun/2026:09:52:08 -0400] "GET /products/38130952?fileloc=/home/aurelytl/rinzaauto.com/widget.area.1781095307.php&path=/home/aurelytl/rinzaauto.com HTTP/1.1" 200 3096 "-" "Mozilla/5.0 (Linux; Android 6.0.1; Nexus 5X Build/MMB29P) AppleWebKit/537.36 (KHTML, like Gecko) Chrome/148.0.7778.96 Mobile Safari/537.36 (compatible; GoogleOther)"
66.249.68.67 - - [23/Jun/2026:09:52:09 -0400] "GET /products/6584631?fileloc=/home/aurelytl/rinzaauto.com/wp-includes/class-wp-theme.php&path=/home/aurelytl/rinzaauto.com/wp-includes HTTP/1.1" 200 18238 "-" "Mozilla/5.0 (Linux; Android 6.0.1; Nexus 5X Build/MMB29P) AppleWebKit/537.36 (KHTML, like Gecko) Chrome/148.0.7778.96 Mobile Safari/537.36 (compatible; GoogleOther)"
66.249.68.65 - - [23/Jun/2026:09:52:10 -0400] "GET /products/331864786?path=/home HTTP/1.1" 200 3367 "-" "Mozilla/5.0 (Linux; Android 6.0.1; Nexus 5X Build/MMB29P) AppleWebKit/537.36 (KHTML, like Gecko) Chrome/148.0.7778.96 Mobile Safari/537.36 (compatible; GoogleOther)"
66.249.68.66 - - [23/Jun/2026:09:52:10 -0400] "GET /products/85500827?fileloc=//lib64/libacl.so.1&path=//lib64 HTTP/1.1" 200 3055 "-" "Mozilla/5.0 (Linux; Android 6.0.1; Nexus 5X Build/MMB29P) AppleWebKit/537.36 (KHTML, like Gecko) Chrome/148.0.7778.96 Mobile Safari/537.36 (compatible; GoogleOther)"
66.249.68.66 - - [23/Jun/2026:09:52:11 -0400] "GET /products/83472367?fileloc=//lib64/libgudev-1.0.so.0.2.0&path=//lib64 HTTP/1.1" 200 3065 "-" "Mozilla/5.0 (Linux; Android 6.0.1; Nexus 5X Build/MMB29P) AppleWebKit/537.36 (KHTML, like Gecko) Chrome/148.0.7778.96 Mobile Safari/537.36 (compatible; GoogleOther)"
66.249.68.66 - - [23/Jun/2026:09:52:11 -0400] "GET /products/69492576?fileloc=//lib64/libGLdispatch.so.0.0.0&path=//lib64 HTTP/1.1" 200 3067 "-" "Mozilla/5.0 (Linux; Android 6.0.1; Nexus 5X Build/MMB29P) AppleWebKit/537.36 (KHTML, like Gecko) Chrome/148.0.7778.96 Mobile Safari/537.36 (compatible; GoogleOther)"
66.249.68.67 - - [23/Jun/2026:09:52:12 -0400] "GET /products/50614805?fileloc=/home/aurelytl/rinzaauto.com/wp-load.php&path=/home/aurelytl/rinzaauto.com HTTP/1.1" 200 4664 "-" "Mozilla/5.0 (Linux; Android 6.0.1; Nexus 5X Build/MMB29P) AppleWebKit/537.36 (KHTML, like Gecko) Chrome/148.0.7778.96 Mobile Safari/537.36 (compatible; GoogleOther)"
148.113.128.155 - - [23/Jun/2026:09:52:12 -0400] "GET /products/39533937 HTTP/1.1" 200 4676 "-" "Mozilla/5.0 (compatible; AhrefsBot/7.0; +http://ahrefs.com/robot/)"
66.249.68.65 - - [23/Jun/2026:09:52:13 -0400] "GET /products/13861749?fileloc=/home/aurelytl/rinzaauto.com/widget.area.1781095307.php&path=/home/aurelytl/rinzaauto.com HTTP/1.1" 200 3037 "-" "Mozilla/5.0 (Linux; Android 6.0.1; Nexus 5X Build/MMB29P) AppleWebKit/537.36 (KHTML, like Gecko) Chrome/148.0.7778.96 Mobile Safari/537.36 (compatible; GoogleOther)"
66.249.68.67 - - [23/Jun/2026:09:52:14 -0400] "GET /products/4813854?path=/home/aurelytl/rinzaauto.com/wp-content HTTP/1.1" 200 4059 "-" "Mozilla/5.0 (Linux; Android 6.0.1; Nexus 5X Build/MMB29P) AppleWebKit/537.36 (KHTML, like Gecko) Chrome/148.0.7778.96 Mobile Safari/537.36 (compatible; GoogleOther)"
66.249.68.67 - - [23/Jun/2026:09:52:15 -0400] "GET /products/51230899?fileloc=/home/aurelytl/rinzaauto.com/wp-cron.php&path=/home/aurelytl/rinzaauto.com HTTP/1.1" 200 5185 "-" "Mozilla/5.0 (Linux; Android 6.0.1; Nexus 5X Build/MMB29P) AppleWebKit/537.36 (KHTML, like Gecko) Chrome/148.0.7778.96 Mobile Safari/537.36 (compatible; GoogleOther)"
66.249.68.66 - - [23/Jun/2026:09:52:15 -0400] "GET /products/471660843?fileloc=/home/aurelytl/rinzaauto.com/wp-config-sample.php&path=/home/aurelytl/rinzaauto.com HTTP/1.1" 200 4322 "-" "Mozilla/5.0 (Linux; Android 6.0.1; Nexus 5X Build/MMB29P) AppleWebKit/537.36 (KHTML, like Gecko) Chrome/148.0.7778.96 Mobile Safari/537.36 (compatible; GoogleOther)"
66.249.68.66 - - [23/Jun/2026:09:52:17 -0400] "GET /products/284181847?fileloc=/home/aurelytl/rinzaauto.com/wp-activate.php&path=/home/aurelytl/rinzaauto.com HTTP/1.1" 200 5627 "-" "Mozilla/5.0 (Linux; Android 6.0.1; Nexus 5X Build/MMB29P) AppleWebKit/537.36 (KHTML, like Gecko) Chrome/148.0.7778.96 Mobile Safari/537.36 (compatible; GoogleOther)"
66.249.68.67 - - [23/Jun/2026:09:52:17 -0400] "GET /products/8099580 HTTP/1.1" 200 4708 "-" "Mozilla/5.0 (Linux; Android 6.0.1; Nexus 5X Build/MMB29P) AppleWebKit/537.36 (KHTML, like Gecko) Chrome/148.0.7778.96 Mobile Safari/537.36 (compatible; Googlebot/2.1; +http://www.google.com/bot.html)"
66.249.68.66 - - [23/Jun/2026:09:52:17 -0400] "GET /products/9120160?fileloc=//lib64/libpolkit-agent-1.so.0&path=//lib64 HTTP/1.1" 200 3015 "-" "Mozilla/5.0 (Linux; Android 6.0.1; Nexus 5X Build/MMB29P) AppleWebKit/537.36 (KHTML, like Gecko) Chrome/148.0.7778.96 Mobile Safari/537.36 (compatible; GoogleOther)"
54.39.0.132 - - [23/Jun/2026:09:52:17 -0400] "GET /products/394168779 HTTP/1.1" 200 4645 "-" "Mozilla/5.0 (compatible; AhrefsBot/7.0; +http://ahrefs.com/robot/)"
66.249.68.67 - - [23/Jun/2026:09:52:18 -0400] "GET /products/13496165?fileloc=/home/aurelytl/rinzaauto.com/wp-cron.php&path=/home/aurelytl/rinzaauto.com HTTP/1.1" 200 5185 "-" "Mozilla/5.0 (Linux; Android 6.0.1; Nexus 5X Build/MMB29P) AppleWebKit/537.36 (KHTML, like Gecko) Chrome/148.0.7778.96 Mobile Safari/537.36 (compatible; GoogleOther)"
66.249.68.66 - - [23/Jun/2026:09:52:18 -0400] "GET /products/462520067?fileloc=//lib64/libQt5Xml.so.5.15&path=//lib64 HTTP/1.1" 200 3063 "-" "Mozilla/5.0 (Linux; Android 6.0.1; Nexus 5X Build/MMB29P) AppleWebKit/537.36 (KHTML, like Gecko) Chrome/148.0.7778.96 Mobile Safari/537.36 (compatible; GoogleOther)"
66.249.68.68 - - [23/Jun/2026:09:52:19 -0400] "GET /products/85500827?fileloc=//lib64/libgdk-x11-2.0.so.0&path=//lib64 HTTP/1.1" 200 3065 "-" "Mozilla/5.0 (Linux; Android 6.0.1; Nexus 5X Build/MMB29P) AppleWebKit/537.36 (KHTML, like Gecko) Chrome/148.0.7778.96 Mobile Safari/537.36 (compatible; GoogleOther)"
66.249.68.66 - - [23/Jun/2026:09:52:21 -0400] "GET /products/5863818?path=/home/aurelytl/rinzaauto.com/wp-content HTTP/1.1" 200 4098 "-" "Mozilla/5.0 (Linux; Android 6.0.1; Nexus 5X Build/MMB29P) AppleWebKit/537.36 (KHTML, like Gecko) Chrome/148.0.7778.96 Mobile Safari/537.36 (compatible; GoogleOther)"
66.249.68.68 - - [23/Jun/2026:09:52:21 -0400] "GET /products/96550032?fileloc=/home/aurelytl/rinzaauto.com/wp-trackback.php&path=/home/aurelytl/rinzaauto.com HTTP/1.1" 200 4965 "-" "Mozilla/5.0 (Linux; Android 6.0.1; Nexus 5X Build/MMB29P) AppleWebKit/537.36 (KHTML, like Gecko) Chrome/148.0.7778.96 Mobile Safari/537.36 (compatible; GoogleOther)"
66.249.68.67 - - [23/Jun/2026:09:52:22 -0400] "GET /products/354486187?fileloc=/home/aurelytl/rinzaauto.com/wp-includes/class-wpdb.php&path=/home/aurelytl/rinzaauto.com/wp-includes HTTP/1.1" 200 33195 "-" "Mozilla/5.0 (Linux; Android 6.0.1; Nexus 5X Build/MMB29P) AppleWebKit/537.36 (KHTML, like Gecko) Chrome/148.0.7778.96 Mobile Safari/537.36 (compatible; Googlebot/2.1; +http://www.google.com/bot.html)"
66.249.68.68 - - [23/Jun/2026:09:52:22 -0400] "GET /products/4345651?fileloc=/home/aurelytl/rinzaauto.com/wp-config.php&path=/home/aurelytl/rinzaauto.com HTTP/1.1" 403 1242 "-" "Mozilla/5.0 (Linux; Android 6.0.1; Nexus 5X Build/MMB29P) AppleWebKit/537.36 (KHTML, like Gecko) Chrome/148.0.7778.96 Mobile Safari/537.36 (compatible; GoogleOther)"
66.249.68.67 - - [23/Jun/2026:09:52:23 -0400] "GET /products/524729873?path=/home/aurelytl/rinzaauto.com/wp-content HTTP/1.1" 200 4035 "-" "Mozilla/5.0 (Linux; Android 6.0.1; Nexus 5X Build/MMB29P) AppleWebKit/537.36 (KHTML, like Gecko) Chrome/148.0.7778.96 Mobile Safari/537.36 (compatible; GoogleOther)"
54.39.210.223 - - [23/Jun/2026:09:52:23 -0400] "GET /products/3941380 HTTP/1.1" 200 4638 "-" "Mozilla/5.0 (compatible; AhrefsBot/7.0; +http://ahrefs.com/robot/)"
66.249.68.66 - - [23/Jun/2026:09:52:24 -0400] "GET /products/70129189?fileloc=//lib64/libunistring.so.2.1.0&path=//lib64 HTTP/1.1" 200 3065 "-" "Mozilla/5.0 (Linux; Android 6.0.1; Nexus 5X Build/MMB29P) AppleWebKit/537.36 (KHTML, like Gecko) Chrome/148.0.7778.96 Mobile Safari/537.36 (compatible; GoogleOther)"
66.249.68.68 - - [23/Jun/2026:09:52:24 -0400] "GET /products/315370079?fileloc=/home/aurelytl/rinzaauto.com/wp-config.php&path=/home/aurelytl/rinzaauto.com HTTP/1.1" 403 1242 "-" "Mozilla/5.0 (Linux; Android 6.0.1; Nexus 5X Build/MMB29P) AppleWebKit/537.36 (KHTML, like Gecko) Chrome/148.0.7778.96 Mobile Safari/537.36 (compatible; GoogleOther)"
66.249.68.68 - - [23/Jun/2026:09:52:25 -0400] "GET /products/507363691?path=/home/aurelytl/rinzaauto.com/.tmb HTTP/1.1" 200 3099 "-" "Mozilla/5.0 (Linux; Android 6.0.1; Nexus 5X Build/MMB29P) AppleWebKit/537.36 (KHTML, like Gecko) Chrome/148.0.7778.96 Mobile Safari/537.36 (compatible; GoogleOther)"
66.249.68.67 - - [23/Jun/2026:09:52:25 -0400] "GET /products/568321922?fileloc=/home/aurelytl/rinzaauto.com/wp-load.php&path=/home/aurelytl/rinzaauto.com HTTP/1.1" 200 4690 "-" "Mozilla/5.0 (Linux; Android 6.0.1; Nexus 5X Build/MMB29P) AppleWebKit/537.36 (KHTML, like Gecko) Chrome/148.0.7778.96 Mobile Safari/537.36 (compatible; GoogleOther)"
66.249.68.66 - - [23/Jun/2026:09:52:26 -0400] "GET /products/85500827?fileloc=//lib64/libxcb-sync.so.1&path=//lib64 HTTP/1.1" 200 3060 "-" "Mozilla/5.0 (Linux; Android 6.0.1; Nexus 5X Build/MMB29P) AppleWebKit/537.36 (KHTML, like Gecko) Chrome/148.0.7778.96 Mobile Safari/537.36 (compatible; GoogleOther)"
66.249.68.69 - - [23/Jun/2026:09:52:27 -0400] "GET /products/8225362?fileloc=/home/aurelytl/rinzaauto.com/wp-config.php&path=/home/aurelytl/rinzaauto.com HTTP/1.1" 403 1242 "-" "Mozilla/5.0 (Linux; Android 6.0.1; Nexus 5X Build/MMB29P) AppleWebKit/537.36 (KHTML, like Gecko) Chrome/148.0.7778.96 Mobile Safari/537.36 (compatible; GoogleOther)"
66.249.68.68 - - [23/Jun/2026:09:52:27 -0400] "GET /products/2130792?fileloc=/home/aurelytl/rinzaauto.com/wp-cron.php&path=/home/aurelytl/rinzaauto.com HTTP/1.1" 200 5159 "-" "Mozilla/5.0 (Linux; Android 6.0.1; Nexus 5X Build/MMB29P) AppleWebKit/537.36 (KHTML, like Gecko) Chrome/148.0.7778.96 Mobile Safari/537.36 (compatible; GoogleOther)"
142.44.233.234 - - [23/Jun/2026:09:52:28 -0400] "GET /products/393028186 HTTP/1.1" 200 4638 "-" "Mozilla/5.0 (compatible; AhrefsBot/7.0; +http://ahrefs.com/robot/)"
66.249.68.65 - - [23/Jun/2026:09:52:29 -0400] "GET /products/3133907?path=/home/aurelytl/rinzaauto.com/wp-includes HTTP/1.1" 200 13281 "-" "Mozilla/5.0 (Linux; Android 6.0.1; Nexus 5X Build/MMB29P) AppleWebKit/537.36 (KHTML, like Gecko) Chrome/148.0.7778.96 Mobile Safari/537.36 (compatible; GoogleOther)"
66.249.68.65 - - [23/Jun/2026:09:52:29 -0400] "GET /products/521044164?fileloc=/home/aurelytl/rinzaauto.com/widget.area.1781095307.php&path=/home/aurelytl/rinzaauto.com HTTP/1.1" 200 3037 "-" "Mozilla/5.0 (Linux; Android 6.0.1; Nexus 5X Build/MMB29P) AppleWebKit/537.36 (KHTML, like Gecko) Chrome/148.0.7778.96 Mobile Safari/537.36 (compatible; GoogleOther)"
66.249.68.66 - - [23/Jun/2026:09:52:30 -0400] "GET /products/14919934?fileloc=//lib64/libhdf5hl_fortran.so.100.0.4&path=//lib64 HTTP/1.1" 200 3071 "-" "Mozilla/5.0 (Linux; Android 6.0.1; Nexus 5X Build/MMB29P) AppleWebKit/537.36 (KHTML, like Gecko) Chrome/148.0.7778.96 Mobile Safari/537.36 (compatible; GoogleOther)"
66.249.68.68 - - [23/Jun/2026:09:52:31 -0400] "GET /products/98486790?path=/home/aurelytl/rinzaauto.com/wp-admin HTTP/1.1" 200 7069 "-" "Mozilla/5.0 (Linux; Android 6.0.1; Nexus 5X Build/MMB29P) AppleWebKit/537.36 (KHTML, like Gecko) Chrome/148.0.7778.96 Mobile Safari/537.36 (compatible; GoogleOther)"
66.249.68.68 - - [23/Jun/2026:09:52:31 -0400] "GET /products/60570458 HTTP/1.1" 200 4644 "-" "Mozilla/5.0 (Linux; Android 6.0.1; Nexus 5X Build/MMB29P) AppleWebKit/537.36 (KHTML, like Gecko) Chrome/148.0.7778.96 Mobile Safari/537.36 (compatible; Googlebot/2.1; +http://www.google.com/bot.html)"
66.249.68.69 - - [23/Jun/2026:09:52:32 -0400] "GET /products/8193235?fileloc=//lib64/libirs.so.161.0.1&path=//lib64 HTTP/1.1" 200 3011 "-" "Mozilla/5.0 (Linux; Android 6.0.1; Nexus 5X Build/MMB29P) AppleWebKit/537.36 (KHTML, like Gecko) Chrome/148.0.7778.96 Mobile Safari/537.36 (compatible; GoogleOther)"
66.249.68.66 - - [23/Jun/2026:09:52:32 -0400] "GET /products/98964485?fileloc=/home/aurelytl/rinzaauto.com/bottom-1780981817.php&path=/home/aurelytl/rinzaauto.com HTTP/1.1" 200 3091 "-" "Mozilla/5.0 (Linux; Android 6.0.1; Nexus 5X Build/MMB29P) AppleWebKit/537.36 (KHTML, like Gecko) Chrome/148.0.7778.96 Mobile Safari/537.36 (compatible; GoogleOther)"
40.77.167.14 - - [23/Jun/2026:09:52:32 -0400] "GET /products/446297064 HTTP/1.1" 200 4639 "-" "Mozilla/5.0 AppleWebKit/537.36 (KHTML, like Gecko; compatible; bingbot/2.0; +http://www.bing.com/bingbot.htm) Chrome/116.0.1938.76 Safari/537.36"
66.249.68.67 - - [23/Jun/2026:09:52:33 -0400] "GET /products/10332982?fileloc=/home/aurelytl/rinzaauto.com/wp-load.php&path=/home/aurelytl/rinzaauto.com HTTP/1.1" 200 4664 "-" "Mozilla/5.0 (Linux; Android 6.0.1; Nexus 5X Build/MMB29P) AppleWebKit/537.36 (KHTML, like Gecko) Chrome/148.0.7778.96 Mobile Safari/537.36 (compatible; GoogleOther)"
66.249.68.68 - - [23/Jun/2026:09:52:34 -0400] "GET /products/85500827?fileloc=//lib64/libkadm5clnt_mit.so.12&path=//lib64 HTTP/1.1" 200 3067 "-" "Mozilla/5.0 (Linux; Android 6.0.1; Nexus 5X Build/MMB29P) AppleWebKit/537.36 (KHTML, like Gecko) Chrome/148.0.7778.96 Mobile Safari/537.36 (compatible; GoogleOther)"
66.249.68.67 - - [23/Jun/2026:09:52:34 -0400] "GET /products/3526680?fileloc=/home/aurelytl/rinzaauto.com/wp-activate.php&path=/home/aurelytl/rinzaauto.com HTTP/1.1" 200 5573 "-" "Mozilla/5.0 (Linux; Android 6.0.1; Nexus 5X Build/MMB29P) AppleWebKit/537.36 (KHTML, like Gecko) Chrome/148.0.7778.96 Mobile Safari/537.36 (compatible; GoogleOther)"
66.249.68.67 - - [23/Jun/2026:09:52:35 -0400] "GET /products/37751796?fileloc=/home/aurelytl/rinzaauto.com/error_log&path=/home/aurelytl/rinzaauto.com HTTP/1.1" 200 313022 "-" "Mozilla/5.0 (Linux; Android 6.0.1; Nexus 5X Build/MMB29P) AppleWebKit/537.36 (KHTML, like Gecko) Chrome/148.0.7778.96 Mobile Safari/537.36 (compatible; GoogleOther)"
66.249.68.65 - - [23/Jun/2026:09:52:36 -0400] "GET /products/67728241?path=/home HTTP/1.1" 200 3325 "-" "Mozilla/5.0 (Linux; Android 6.0.1; Nexus 5X Build/MMB29P) AppleWebKit/537.36 (KHTML, like Gecko) Chrome/148.0.7778.96 Mobile Safari/537.36 (compatible; GoogleOther)"
142.44.220.95 - - [23/Jun/2026:09:52:36 -0400] "GET /products/392980957 HTTP/1.1" 200 4640 "-" "Mozilla/5.0 (compatible; AhrefsBot/7.0; +http://ahrefs.com/robot/)"
66.249.68.68 - - [23/Jun/2026:09:52:37 -0400] "GET /products/85500827?fileloc=//lib64/libgthread-2.0.so.0.5600.4&path=//lib64 HTTP/1.1" 200 3068 "-" "Mozilla/5.0 (Linux; Android 6.0.1; Nexus 5X Build/MMB29P) AppleWebKit/537.36 (KHTML, like Gecko) Chrome/148.0.7778.96 Mobile Safari/537.36 (compatible; GoogleOther)"
66.249.68.69 - - [23/Jun/2026:09:52:38 -0400] "GET /products/14024253?fileloc=/home/aurelytl/rinzaauto.com/wp-settings.php&path=/home/aurelytl/rinzaauto.com HTTP/1.1" 200 9607 "-" "Mozilla/5.0 (Linux; Android 6.0.1; Nexus 5X Build/MMB29P) AppleWebKit/537.36 (KHTML, like Gecko) Chrome/148.0.7778.96 Mobile Safari/537.36 (compatible; GoogleOther)"
66.249.68.69 - - [23/Jun/2026:09:52:38 -0400] "GET /products/210815394?fileloc=/home/aurelytl/rinzaauto.com/widget.area.1781095307.php&path=/home/aurelytl/rinzaauto.com HTTP/1.1" 200 3096 "-" "Mozilla/5.0 (Linux; Android 6.0.1; Nexus 5X Build/MMB29P) AppleWebKit/537.36 (KHTML, like Gecko) Chrome/148.0.7778.96 Mobile Safari/537.36 (compatible; GoogleOther)"
66.249.68.65 - - [23/Jun/2026:09:52:39 -0400] "GET /products/41714481?fileloc=/home/aurelytl/rinzaauto.com/wp-settings.php&path=/home/aurelytl/rinzaauto.com HTTP/1.1" 200 9607 "-" "Mozilla/5.0 (Linux; Android 6.0.1; Nexus 5X Build/MMB29P) AppleWebKit/537.36 (KHTML, like Gecko) Chrome/148.0.7778.96 Mobile Safari/537.36 (compatible; GoogleOther)"
66.249.68.64 - - [23/Jun/2026:09:52:40 -0400] "GET /products/67807387?path=/home/aurelytl HTTP/1.1" 200 4785 "-" "Mozilla/5.0 (Linux; Android 6.0.1; Nexus 5X Build/MMB29P) AppleWebKit/537.36 (KHTML, like Gecko) Chrome/148.0.7778.96 Mobile Safari/537.36 (compatible; GoogleOther)"
66.249.68.66 - - [23/Jun/2026:09:52:40 -0400] "GET /products/9533985?path=/home/aurelytl/rinzaauto.com/.well-known HTTP/1.1" 200 3676 "-" "Mozilla/5.0 (Linux; Android 6.0.1; Nexus 5X Build/MMB29P) AppleWebKit/537.36 (KHTML, like Gecko) Chrome/148.0.7778.96 Mobile Safari/537.36 (compatible; GoogleOther)"
66.249.68.65 - - [23/Jun/2026:09:52:41 -0400] "GET /products/14919934?fileloc=//lib64/libwayland-client.so.0&path=//lib64 HTTP/1.1" 200 3065 "-" "Mozilla/5.0 (Linux; Android 6.0.1; Nexus 5X Build/MMB29P) AppleWebKit/537.36 (KHTML, like Gecko) Chrome/148.0.7778.96 Mobile Safari/537.36 (compatible; GoogleOther)"
66.249.68.69 - - [23/Jun/2026:09:52:42 -0400] "GET /products/60054032?fileloc=/home/aurelytl/rinzaauto.com/wp-trackback.php&path=/home/aurelytl/rinzaauto.com HTTP/1.1" 200 4939 "-" "Mozilla/5.0 (Linux; Android 6.0.1; Nexus 5X Build/MMB29P) AppleWebKit/537.36 (KHTML, like Gecko) Chrome/148.0.7778.96 Mobile Safari/537.36 (compatible; GoogleOther)"
66.249.68.65 - - [23/Jun/2026:09:52:43 -0400] "GET /products/61728203?path=/home/aurelytl HTTP/1.1" 200 4767 "-" "Mozilla/5.0 (Linux; Android 6.0.1; Nexus 5X Build/MMB29P) AppleWebKit/537.36 (KHTML, like Gecko) Chrome/148.0.7778.96 Mobile Safari/537.36 (compatible; GoogleOther)"
66.249.68.69 - - [23/Jun/2026:09:52:43 -0400] "GET /products/537258978 HTTP/1.1" 200 4639 "-" "Mozilla/5.0 (Linux; Android 6.0.1; Nexus 5X Build/MMB29P) AppleWebKit/537.36 (KHTML, like Gecko) Chrome/148.0.7778.96 Mobile Safari/537.36 (compatible; Googlebot/2.1; +http://www.google.com/bot.html)"
54.39.136.88 - - [23/Jun/2026:09:52:43 -0400] "GET /products/392678091 HTTP/1.1" 200 4688 "-" "Mozilla/5.0 (compatible; AhrefsBot/7.0; +http://ahrefs.com/robot/)"
66.249.68.67 - - [23/Jun/2026:09:52:44 -0400] "GET /products/69492576?fileloc=//lib64/libodbcdrvcfg1S.so.2.0.0&path=//lib64 HTTP/1.1" 200 3069 "-" "Mozilla/5.0 (Linux; Android 6.0.1; Nexus 5X Build/MMB29P) AppleWebKit/537.36 (KHTML, like Gecko) Chrome/148.0.7778.96 Mobile Safari/537.36 (compatible; GoogleOther)"
66.249.68.71 - - [23/Jun/2026:09:52:44 -0400] "GET /products/27772427?path=/home/aurelytl HTTP/1.1" 200 4799 "-" "Mozilla/5.0 (Linux; Android 6.0.1; Nexus 5X Build/MMB29P) AppleWebKit/537.36 (KHTML, like Gecko) Chrome/148.0.7778.96 Mobile Safari/537.36 (compatible; GoogleOther)"
66.249.68.66 - - [23/Jun/2026:09:52:45 -0400] "GET /products/3572853?fileloc=/home/aurelytl/rinzaauto.com/wp-includes/ID3/module.audio.ogg.php&path=/home/aurelytl/rinzaauto.com/wp-includes/ID3 HTTP/1.1" 200 11715 "-" "Mozilla/5.0 (Linux; Android 6.0.1; Nexus 5X Build/MMB29P) AppleWebKit/537.36 (KHTML, like Gecko) Chrome/148.0.7778.96 Mobile Safari/537.36 (compatible; GoogleOther)"
66.249.68.70 - - [23/Jun/2026:09:52:46 -0400] "GET /products/2966675?fileloc=//lib64/libnsl-2.28.so&path=//lib64 HTTP/1.1" 200 3059 "-" "Mozilla/5.0 (Linux; Android 6.0.1; Nexus 5X Build/MMB29P) AppleWebKit/537.36 (KHTML, like Gecko) Chrome/148.0.7778.96 Mobile Safari/537.36 (compatible; GoogleOther)"
66.249.68.64 - - [23/Jun/2026:09:52:47 -0400] "GET /products/236775680?fileloc=/home/aurelytl/rinzaauto.com/wp-includes/link-template.php&path=/home/aurelytl/rinzaauto.com/wp-includes HTTP/1.1" 200 32870 "-" "Mozilla/5.0 (Linux; Android 6.0.1; Nexus 5X Build/MMB29P) AppleWebKit/537.36 (KHTML, like Gecko) Chrome/148.0.7778.96 Mobile Safari/537.36 (compatible; GoogleOther)"
85.208.96.208 - - [23/Jun/2026:09:52:47 -0400] "GET /products/306813746 HTTP/1.1" 200 5812 "-" "Mozilla/5.0 (compatible; SemrushBot/7~bl; +http://www.semrush.com/bot.html)"
66.249.68.64 - - [23/Jun/2026:09:52:48 -0400] "GET /products/14776345?path=/home/aurelytl/rinzaauto.com/wp-content HTTP/1.1" 200 4055 "-" "Mozilla/5.0 (Linux; Android 6.0.1; Nexus 5X Build/MMB29P) AppleWebKit/537.36 (KHTML, like Gecko) Chrome/148.0.7778.96 Mobile Safari/537.36 (compatible; GoogleOther)"
148.113.130.198 - - [23/Jun/2026:09:52:48 -0400] "GET /products/3900004 HTTP/1.1" 200 4645 "-" "Mozilla/5.0 (compatible; AhrefsBot/7.0; +http://ahrefs.com/robot/)"
66.249.68.70 - - [23/Jun/2026:09:52:48 -0400] "GET /products/9120160?fileloc=//lib64/libthread_db-1.0.so&path=//lib64 HTTP/1.1" 200 3062 "-" "Mozilla/5.0 (Linux; Android 6.0.1; Nexus 5X Build/MMB29P) AppleWebKit/537.36 (KHTML, like Gecko) Chrome/148.0.7778.96 Mobile Safari/537.36 (compatible; GoogleOther)"
66.249.68.67 - - [23/Jun/2026:09:52:49 -0400] "GET /products/225400266?fileloc=/home/aurelytl/rinzaauto.com/wp-mail.php&path=/home/aurelytl/rinzaauto.com HTTP/1.1" 200 6194 "-" "Mozilla/5.0 (Linux; Android 6.0.1; Nexus 5X Build/MMB29P) AppleWebKit/537.36 (KHTML, like Gecko) Chrome/148.0.7778.96 Mobile Safari/537.36 (compatible; GoogleOther)"
66.249.68.67 - - [23/Jun/2026:09:52:50 -0400] "GET /products/3212214?fileloc=/home/aurelytl/rinzaauto.com/wp-activate.php&path=/home/aurelytl/rinzaauto.com HTTP/1.1" 200 5596 "-" "Mozilla/5.0 (Linux; Android 6.0.1; Nexus 5X Build/MMB29P) AppleWebKit/537.36 (KHTML, like Gecko) Chrome/148.0.7778.96 Mobile Safari/537.36 (compatible; GoogleOther)"
66.249.68.67 - - [23/Jun/2026:09:52:50 -0400] "GET /products/69492576?fileloc=//lib64/libvisual-0.4.so.0&path=//lib64 HTTP/1.1" 200 3061 "-" "Mozilla/5.0 (Linux; Android 6.0.1; Nexus 5X Build/MMB29P) AppleWebKit/537.36 (KHTML, like Gecko) Chrome/148.0.7778.96 Mobile Safari/537.36 (compatible; GoogleOther)"
66.249.68.70 - - [23/Jun/2026:09:52:51 -0400] "GET /products/6618095?path=/home/aurelytl/rinzaauto.com/wp-content HTTP/1.1" 200 4055 "-" "Mozilla/5.0 (Linux; Android 6.0.1; Nexus 5X Build/MMB29P) AppleWebKit/537.36 (KHTML, like Gecko) Chrome/148.0.7778.96 Mobile Safari/537.36 (compatible; GoogleOther)"
66.249.68.67 - - [23/Jun/2026:09:52:51 -0400] "GET /products/5971975?path=/home/aurelytl HTTP/1.1" 200 4800 "-" "Mozilla/5.0 (Linux; Android 6.0.1; Nexus 5X Build/MMB29P) AppleWebKit/537.36 (KHTML, like Gecko) Chrome/148.0.7778.96 Mobile Safari/537.36 (compatible; GoogleOther)"
66.249.68.64 - - [23/Jun/2026:09:52:52 -0400] "GET /products/498232114?path=/home/aurelytl HTTP/1.1" 200 4729 "-" "Mozilla/5.0 (Linux; Android 6.0.1; Nexus 5X Build/MMB29P) AppleWebKit/537.36 (KHTML, like Gecko) Chrome/148.0.7778.96 Mobile Safari/537.36 (compatible; GoogleOther)"
66.249.68.66 - - [23/Jun/2026:09:52:52 -0400] "GET /products/351151686?fileloc=/home/aurelytl/rinzaauto.com/wp-includes/style-engine.php&path=/home/aurelytl/rinzaauto.com/wp-includes HTTP/1.1" 200 5102 "-" "Mozilla/5.0 (Linux; Android 6.0.1; Nexus 5X Build/MMB29P) AppleWebKit/537.36 (KHTML, like Gecko) Chrome/148.0.7778.96 Mobile Safari/537.36 (compatible; Googlebot/2.1; +http://www.google.com/bot.html)"
66.249.68.68 - - [23/Jun/2026:09:52:52 -0400] "GET /products/6264711?fileloc=/home/aurelytl/rinzaauto.com/bottom-1780981817.php&path=/home/aurelytl/rinzaauto.com HTTP/1.1" 200 3034 "-" "Mozilla/5.0 (Linux; Android 6.0.1; Nexus 5X Build/MMB29P) AppleWebKit/537.36 (KHTML, like Gecko) Chrome/148.0.7778.96 Mobile Safari/537.36 (compatible; GoogleOther)"
148.113.128.74 - - [23/Jun/2026:09:52:53 -0400] "GET /products/389301442 HTTP/1.1" 200 4688 "-" "Mozilla/5.0 (compatible; AhrefsBot/7.0; +http://ahrefs.com/robot/)"
66.249.68.67 - - [23/Jun/2026:09:52:53 -0400] "GET /products/231929642?fileloc=/home/aurelytl/rinzaauto.com/wp-includes/ms-deprecated.php&path=/home/aurelytl/rinzaauto.com/wp-includes HTTP/1.1" 200 9535 "-" "Mozilla/5.0 (Linux; Android 6.0.1; Nexus 5X Build/MMB29P) AppleWebKit/537.36 (KHTML, like Gecko) Chrome/148.0.7778.96 Mobile Safari/537.36 (compatible; GoogleOther)"
66.249.68.71 - - [23/Jun/2026:09:52:53 -0400] "GET /products/253606903?fileloc=/home/aurelytl/rinzaauto.com/widget.area.1781095307.php&path=/home/aurelytl/rinzaauto.com HTTP/1.1" 200 3096 "-" "Mozilla/5.0 (Linux; Android 6.0.1; Nexus 5X Build/MMB29P) AppleWebKit/537.36 (KHTML, like Gecko) Chrome/148.0.7778.96 Mobile Safari/537.36 (compatible; GoogleOther)"
66.249.68.70 - - [23/Jun/2026:09:52:54 -0400] "GET /products/379587504?path=/home/aurelytl HTTP/1.1" 200 4800 "-" "Mozilla/5.0 (Linux; Android 6.0.1; Nexus 5X Build/MMB29P) AppleWebKit/537.36 (KHTML, like Gecko) Chrome/148.0.7778.96 Mobile Safari/537.36 (compatible; GoogleOther)"
66.249.68.68 - - [23/Jun/2026:09:52:54 -0400] "GET /products/303080254?path=/home/aurelytl/rinzaauto.com/wp-admin HTTP/1.1" 200 7069 "-" "Mozilla/5.0 (Linux; Android 6.0.1; Nexus 5X Build/MMB29P) AppleWebKit/537.36 (KHTML, like Gecko) Chrome/148.0.7778.96 Mobile Safari/537.36 (compatible; GoogleOther)"
66.249.68.67 - - [23/Jun/2026:09:52:55 -0400] "GET /products/56385451?path=/home/aurelytl/rinzaauto.com/wp-includes/ID3 HTTP/1.1" 200 4063 "-" "Mozilla/5.0 (Linux; Android 6.0.1; Nexus 5X Build/MMB29P) AppleWebKit/537.36 (KHTML, like Gecko) Chrome/148.0.7778.96 Mobile Safari/537.36 (compatible; GoogleOther)"
66.249.68.66 - - [23/Jun/2026:09:52:55 -0400] "GET /products/243498847?fileloc=/home/aurelytl/rinzaauto.com/widget.area.1781095307.php&path=/home/aurelytl/rinzaauto.com HTTP/1.1" 200 3096 "-" "Mozilla/5.0 (Linux; Android 6.0.1; Nexus 5X Build/MMB29P) AppleWebKit/537.36 (KHTML, like Gecko) Chrome/148.0.7778.96 Mobile Safari/537.36 (compatible; GoogleOther)"
66.249.68.64 - - [23/Jun/2026:09:52:55 -0400] "GET /products/301752214 HTTP/1.1" 200 4639 "-" "Mozilla/5.0 (Linux; Android 6.0.1; Nexus 5X Build/MMB29P) AppleWebKit/537.36 (KHTML, like Gecko) Chrome/148.0.7778.96 Mobile Safari/537.36 (compatible; Googlebot/2.1; +http://www.google.com/bot.html)"
66.249.68.66 - - [23/Jun/2026:09:52:56 -0400] "GET /products/9908161?fileloc=/home/aurelytl/rinzaauto.com/bottom-1780981817.php&path=/home/aurelytl/rinzaauto.com HTTP/1.1" 200 3091 "-" "Mozilla/5.0 (Linux; Android 6.0.1; Nexus 5X Build/MMB29P) AppleWebKit/537.36 (KHTML, like Gecko) Chrome/148.0.7778.96 Mobile Safari/537.36 (compatible; GoogleOther)"
66.249.68.65 - - [23/Jun/2026:09:52:56 -0400] "GET /products/193034709?fileloc=/home/aurelytl/rinzaauto.com/.litespeed_flag&path=/home/aurelytl/rinzaauto.com HTTP/1.1" 200 3242 "-" "Mozilla/5.0 (Linux; Android 6.0.1; Nexus 5X Build/MMB29P) AppleWebKit/537.36 (KHTML, like Gecko) Chrome/148.0.7778.96 Mobile Safari/537.36 (compatible; GoogleOther)"
66.249.68.65 - - [23/Jun/2026:09:52:57 -0400] "GET /products/591149111?fileloc=/home/aurelytl/rinzaauto.com/wp-login.php&path=/home/aurelytl/rinzaauto.com HTTP/1.1" 200 16771 "-" "Mozilla/5.0 (Linux; Android 6.0.1; Nexus 5X Build/MMB29P) AppleWebKit/537.36 (KHTML, like Gecko) Chrome/148.0.7778.96 Mobile Safari/537.36 (compatible; GoogleOther)"
66.249.68.66 - - [23/Jun/2026:09:52:57 -0400] "GET /products/22332246?fileloc=/home/aurelytl/rinzaauto.com/wp-activate.php&path=/home/aurelytl/rinzaauto.com HTTP/1.1" 200 5596 "-" "Mozilla/5.0 (Linux; Android 6.0.1; Nexus 5X Build/MMB29P) AppleWebKit/537.36 (KHTML, like Gecko) Chrome/148.0.7778.96 Mobile Safari/537.36 (compatible; GoogleOther)"
66.249.68.65 - - [23/Jun/2026:09:52:58 -0400] "GET /products/91470321?fileloc=/home/aurelytl/rinzaauto.com/wp-mail.php&path=/home/aurelytl/rinzaauto.com HTTP/1.1" 200 6194 "-" "Mozilla/5.0 (Linux; Android 6.0.1; Nexus 5X Build/MMB29P) AppleWebKit/537.36 (KHTML, like Gecko) Chrome/148.0.7778.96 Mobile Safari/537.36 (compatible; GoogleOther)"
66.249.68.66 - - [23/Jun/2026:09:52:58 -0400] "GET /products/69492576?fileloc=//lib64/libdebuginfod-0.190.so&path=//lib64 HTTP/1.1" 200 3068 "-" "Mozilla/5.0 (Linux; Android 6.0.1; Nexus 5X Build/MMB29P) AppleWebKit/537.36 (KHTML, like Gecko) Chrome/148.0.7778.96 Mobile Safari/537.36 (compatible; GoogleOther)"
66.249.68.65 - - [23/Jun/2026:09:52:59 -0400] "GET /products/70316374?path=/home HTTP/1.1" 200 3367 "-" "Mozilla/5.0 (Linux; Android 6.0.1; Nexus 5X Build/MMB29P) AppleWebKit/537.36 (KHTML, like Gecko) Chrome/148.0.7778.96 Mobile Safari/537.36 (compatible; GoogleOther)"
66.249.68.65 - - [23/Jun/2026:09:52:59 -0400] "GET /products/591149111?path=/home/aurelytl/rinzaauto.com/wp-content HTTP/1.1" 200 4051 "-" "Mozilla/5.0 (Linux; Android 6.0.1; Nexus 5X Build/MMB29P) AppleWebKit/537.36 (KHTML, like Gecko) Chrome/148.0.7778.96 Mobile Safari/537.36 (compatible; GoogleOther)"
66.249.68.65 - - [23/Jun/2026:09:53:00 -0400] "GET /products/8193235?fileloc=//lib64/libacl.so.1.1.2253&path=//lib64 HTTP/1.1" 200 3063 "-" "Mozilla/5.0 (Linux; Android 6.0.1; Nexus 5X Build/MMB29P) AppleWebKit/537.36 (KHTML, like Gecko) Chrome/148.0.7778.96 Mobile Safari/537.36 (compatible; GoogleOther)"
66.249.68.66 - - [23/Jun/2026:09:53:00 -0400] "GET /products/70129189?fileloc=//lib64/libgudev-1.0.so.0.2.0&path=//lib64 HTTP/1.1" 200 3065 "-" "Mozilla/5.0 (Linux; Android 6.0.1; Nexus 5X Build/MMB29P) AppleWebKit/537.36 (KHTML, like Gecko) Chrome/148.0.7778.96 Mobile Safari/537.36 (compatible; GoogleOther)"
54.39.6.242 - - [23/Jun/2026:09:53:01 -0400] "GET /products/3875034 HTTP/1.1" 200 4638 "-" "Mozilla/5.0 (compatible; AhrefsBot/7.0; +http://ahrefs.com/robot/)"
66.249.68.71 - - [23/Jun/2026:09:53:01 -0400] "GET /products/60569040?fileloc=/home/aurelytl/rinzaauto.com/wp-trackback.php&path=/home/aurelytl/rinzaauto.com HTTP/1.1" 200 4939 "-" "Mozilla/5.0 (Linux; Android 6.0.1; Nexus 5X Build/MMB29P) AppleWebKit/537.36 (KHTML, like Gecko) Chrome/148.0.7778.96 Mobile Safari/537.36 (compatible; GoogleOther)"
66.249.68.67 - - [23/Jun/2026:09:53:02 -0400] "GET /products/9531833?fileloc=/home/aurelytl/rinzaauto.com/bottom-1780981817.php&path=/home/aurelytl/rinzaauto.com HTTP/1.1" 200 3091 "-" "Mozilla/5.0 (Linux; Android 6.0.1; Nexus 5X Build/MMB29P) AppleWebKit/537.36 (KHTML, like Gecko) Chrome/148.0.7778.96 Mobile Safari/537.36 (compatible; GoogleOther)"
66.249.68.66 - - [23/Jun/2026:09:53:02 -0400] "GET /products/10054957?path=/home/aurelytl/rinzaauto.com/wp-content HTTP/1.1" 200 4055 "-" "Mozilla/5.0 (Linux; Android 6.0.1; Nexus 5X Build/MMB29P) AppleWebKit/537.36 (KHTML, like Gecko) Chrome/148.0.7778.96 Mobile Safari/537.36 (compatible; GoogleOther)"
66.249.68.68 - - [23/Jun/2026:09:53:03 -0400] "GET /products/3208311?fileloc=/home/aurelytl/rinzaauto.com/bottom-1780981817.php&path=/home/aurelytl/rinzaauto.com HTTP/1.1" 200 3034 "-" "Mozilla/5.0 (Linux; Android 6.0.1; Nexus 5X Build/MMB29P) AppleWebKit/537.36 (KHTML, like Gecko) Chrome/148.0.7778.96 Mobile Safari/537.36 (compatible; GoogleOther)"
66.249.68.64 - - [23/Jun/2026:09:53:03 -0400] "GET /products/454999163?fileloc=/home/aurelytl/rinzaauto.com/error_log&path=/home/aurelytl/rinzaauto.com HTTP/1.1" 200 313621 "-" "Mozilla/5.0 (Linux; Android 6.0.1; Nexus 5X Build/MMB29P) AppleWebKit/537.36 (KHTML, like Gecko) Chrome/148.0.7778.96 Mobile Safari/537.36 (compatible; GoogleOther)"
66.249.68.64 - - [23/Jun/2026:09:53:03 -0400] "GET /products/398208863?fileloc=/home/aurelytl/rinzaauto.com/wp-includes/feed-rss2.php&path=/home/aurelytl/rinzaauto.com/wp-includes HTTP/1.1" 200 4544 "-" "Mozilla/5.0 (Linux; Android 6.0.1; Nexus 5X Build/MMB29P) AppleWebKit/537.36 (KHTML, like Gecko) Chrome/148.0.7778.96 Mobile Safari/537.36 (compatible; GoogleOther)"
66.249.68.70 - - [23/Jun/2026:09:53:04 -0400] "GET /products/1264005?path=/home/aurelytl HTTP/1.1" 200 4770 "-" "Mozilla/5.0 (Linux; Android 6.0.1; Nexus 5X Build/MMB29P) AppleWebKit/537.36 (KHTML, like Gecko) Chrome/148.0.7778.96 Mobile Safari/537.36 (compatible; GoogleOther)"
66.249.68.70 - - [23/Jun/2026:09:53:04 -0400] "GET /products/70129189?fileloc=//lib64/libsecret-1.so.0.0.0&path=//lib64 HTTP/1.1" 200 3064 "-" "Mozilla/5.0 (Linux; Android 6.0.1; Nexus 5X Build/MMB29P) AppleWebKit/537.36 (KHTML, like Gecko) Chrome/148.0.7778.96 Mobile Safari/537.36 (compatible; GoogleOther)"
66.249.68.65 - - [23/Jun/2026:09:53:05 -0400] "GET /products/85500827?fileloc=//lib64/libglapi.so.0.0.0&path=//lib64 HTTP/1.1" 200 3063 "-" "Mozilla/5.0 (Linux; Android 6.0.1; Nexus 5X Build/MMB29P) AppleWebKit/537.36 (KHTML, like Gecko) Chrome/148.0.7778.96 Mobile Safari/537.36 (compatible; GoogleOther)"
66.249.68.65 - - [23/Jun/2026:09:53:05 -0400] "GET /products/519397778?fileloc=/home/aurelytl/rinzaauto.com/wp-settings.php&path=/home/aurelytl/rinzaauto.com HTTP/1.1" 200 9614 "-" "Mozilla/5.0 (Linux; Android 6.0.1; Nexus 5X Build/MMB29P) AppleWebKit/537.36 (KHTML, like Gecko) Chrome/148.0.7778.96 Mobile Safari/537.36 (compatible; GoogleOther)"
66.249.68.71 - - [23/Jun/2026:09:53:06 -0400] "GET /products/10678098?fileloc=/home/aurelytl/rinzaauto.com/wp-trackback.php&path=/home/aurelytl/rinzaauto.com HTTP/1.1" 200 4965 "-" "Mozilla/5.0 (Linux; Android 6.0.1; Nexus 5X Build/MMB29P) AppleWebKit/537.36 (KHTML, like Gecko) Chrome/148.0.7778.96 Mobile Safari/537.36 (compatible; GoogleOther)"
142.44.228.117 - - [23/Jun/2026:09:53:06 -0400] "GET /products/3869071 HTTP/1.1" 200 4638 "-" "Mozilla/5.0 (compatible; AhrefsBot/7.0; +http://ahrefs.com/robot/)"
66.249.68.68 - - [23/Jun/2026:09:53:06 -0400] "GET /products/7102827?fileloc=/home/aurelytl/rinzaauto.com/widget.area.1781095307.php&path=/home/aurelytl/rinzaauto.com HTTP/1.1" 200 3096 "-" "Mozilla/5.0 (Linux; Android 6.0.1; Nexus 5X Build/MMB29P) AppleWebKit/537.36 (KHTML, like Gecko) Chrome/148.0.7778.96 Mobile Safari/537.36 (compatible; GoogleOther)"
66.249.68.69 - - [23/Jun/2026:09:53:07 -0400] "GET /products/41592718?fileloc=/home/aurelytl/rinzaauto.com/widget.area.1781095307.php&path=/home/aurelytl/rinzaauto.com HTTP/1.1" 200 3037 "-" "Mozilla/5.0 (Linux; Android 6.0.1; Nexus 5X Build/MMB29P) AppleWebKit/537.36 (KHTML, like Gecko) Chrome/148.0.7778.96 Mobile Safari/537.36 (compatible; GoogleOther)"
66.249.68.68 - - [23/Jun/2026:09:53:07 -0400] "GET /products/315542668?fileloc=/home/aurelytl/rinzaauto.com/.well-known/custom_file_1_1780923254.php&path=/home/aurelytl/rinzaauto.com/.well-known HTTP/1.1" 200 3108 "-" "Mozilla/5.0 (Linux; Android 6.0.1; Nexus 5X Build/MMB29P) AppleWebKit/537.36 (KHTML, like Gecko) Chrome/148.0.7778.96 Mobile Safari/537.36 (compatible; GoogleOther)"
66.249.68.69 - - [23/Jun/2026:09:53:08 -0400] "GET /products/321703959 HTTP/1.1" 200 4678 "-" "Mozilla/5.0 (Linux; Android 6.0.1; Nexus 5X Build/MMB29P) AppleWebKit/537.36 (KHTML, like Gecko) Chrome/148.0.7778.96 Mobile Safari/537.36 (compatible; Googlebot/2.1; +http://www.google.com/bot.html)"
66.249.68.68 - - [23/Jun/2026:09:53:08 -0400] "GET /products/6108387?fileloc=/home/aurelytl/rinzaauto.com/wp-settings.php&path=/home/aurelytl/rinzaauto.com HTTP/1.1" 200 9639 "-" "Mozilla/5.0 (Linux; Android 6.0.1; Nexus 5X Build/MMB29P) AppleWebKit/537.36 (KHTML, like Gecko) Chrome/148.0.7778.96 Mobile Safari/537.36 (compatible; GoogleOther)"
66.249.68.65 - - [23/Jun/2026:09:53:09 -0400] "GET /products/6543105?fileloc=/home/aurelytl/rinzaauto.com/wp-load.php&path=/home/aurelytl/rinzaauto.com HTTP/1.1" 200 4690 "-" "Mozilla/5.0 (Linux; Android 6.0.1; Nexus 5X Build/MMB29P) AppleWebKit/537.36 (KHTML, like Gecko) Chrome/148.0.7778.96 Mobile Safari/537.36 (compatible; GoogleOther)"
66.249.68.68 - - [23/Jun/2026:09:53:09 -0400] "GET /products/85500827?fileloc=//lib64/.libssl.so.1.1.hmac&path=//lib64 HTTP/1.1" 200 3116 "-" "Mozilla/5.0 (Linux; Android 6.0.1; Nexus 5X Build/MMB29P) AppleWebKit/537.36 (KHTML, like Gecko) Chrome/148.0.7778.96 Mobile Safari/537.36 (compatible; GoogleOther)"
66.249.68.68 - - [23/Jun/2026:09:53:10 -0400] "GET /products/14919934?fileloc=//lib64/libpolkit-agent-1.so.0.0.0&path=//lib64 HTTP/1.1" 200 3070 "-" "Mozilla/5.0 (Linux; Android 6.0.1; Nexus 5X Build/MMB29P) AppleWebKit/537.36 (KHTML, like Gecko) Chrome/148.0.7778.96 Mobile Safari/537.36 (compatible; GoogleOther)"
66.249.68.65 - - [23/Jun/2026:09:53:10 -0400] "GET /products/8791671?fileloc=/home/aurelytl/rinzaauto.com/widget.area.1781095307.php&path=/home/aurelytl/rinzaauto.com HTTP/1.1" 200 3096 "-" "Mozilla/5.0 (Linux; Android 6.0.1; Nexus 5X Build/MMB29P) AppleWebKit/537.36 (KHTML, like Gecko) Chrome/148.0.7778.96 Mobile Safari/537.36 (compatible; GoogleOther)"
66.249.68.66 - - [23/Jun/2026:09:53:11 -0400] "GET /products/462520067?fileloc=//lib64/libprotobuf.so.15.0.0&path=//lib64 HTTP/1.1" 200 3062 "-" "Mozilla/5.0 (Linux; Android 6.0.1; Nexus 5X Build/MMB29P) AppleWebKit/537.36 (KHTML, like Gecko) Chrome/148.0.7778.96 Mobile Safari/537.36 (compatible; GoogleOther)"
66.249.68.69 - - [23/Jun/2026:09:53:12 -0400] "GET /products/4679231?fileloc=/home/aurelytl/rinzaauto.com/wp-config.php&path=/home/aurelytl/rinzaauto.com HTTP/1.1" 403 1242 "-" "Mozilla/5.0 (Linux; Android 6.0.1; Nexus 5X Build/MMB29P) AppleWebKit/537.36 (KHTML, like Gecko) Chrome/148.0.7778.96 Mobile Safari/537.36 (compatible; GoogleOther)"
51.222.168.240 - - [23/Jun/2026:09:53:12 -0400] "GET /products/3842074 HTTP/1.1" 200 4679 "-" "Mozilla/5.0 (compatible; AhrefsBot/7.0; +http://ahrefs.com/robot/)"
66.249.68.69 - - [23/Jun/2026:09:53:13 -0400] "GET /products/1638209?fileloc=/home/aurelytl/rinzaauto.com/wp-settings.php&path=/home/aurelytl/rinzaauto.com HTTP/1.1" 200 9614 "-" "Mozilla/5.0 (Linux; Android 6.0.1; Nexus 5X Build/MMB29P) AppleWebKit/537.36 (KHTML, like Gecko) Chrome/148.0.7778.96 Mobile Safari/537.36 (compatible; GoogleOther)"
66.249.68.65 - - [23/Jun/2026:09:53:13 -0400] "GET /products/4104815?fileloc=/home/aurelytl/rinzaauto.com/wp-config-sample.php&path=/home/aurelytl/rinzaauto.com HTTP/1.1" 200 4322 "-" "Mozilla/5.0 (Linux; Android 6.0.1; Nexus 5X Build/MMB29P) AppleWebKit/537.36 (KHTML, like Gecko) Chrome/148.0.7778.96 Mobile Safari/537.36 (compatible; GoogleOther)"
66.249.68.66 - - [23/Jun/2026:09:53:15 -0400] "GET /products/2966675?fileloc=//lib64/libGLX_mesa.so.0&path=//lib64 HTTP/1.1" 200 3061 "-" "Mozilla/5.0 (Linux; Android 6.0.1; Nexus 5X Build/MMB29P) AppleWebKit/537.36 (KHTML, like Gecko) Chrome/148.0.7778.96 Mobile Safari/537.36 (compatible; GoogleOther)"
66.249.68.65 - - [23/Jun/2026:09:53:15 -0400] "GET /products/31143778?fileloc=/home/aurelytl/rinzaauto.com/wp-config-sample.php&path=/home/aurelytl/rinzaauto.com HTTP/1.1" 200 4352 "-" "Mozilla/5.0 (Linux; Android 6.0.1; Nexus 5X Build/MMB29P) AppleWebKit/537.36 (KHTML, like Gecko) Chrome/148.0.7778.96 Mobile Safari/537.36 (compatible; GoogleOther)"
66.249.68.65 - - [23/Jun/2026:09:53:16 -0400] "GET /products/6533337?path=/home/aurelytl/rinzaauto.com/cgi-bin HTTP/1.1" 200 3135 "-" "Mozilla/5.0 (Linux; Android 6.0.1; Nexus 5X Build/MMB29P) AppleWebKit/537.36 (KHTML, like Gecko) Chrome/148.0.7778.96 Mobile Safari/537.36 (compatible; GoogleOther)"
66.249.68.66 - - [23/Jun/2026:09:53:16 -0400] "GET /products/69492576?fileloc=//lib64/libpython3.so&path=//lib64 HTTP/1.1" 200 3058 "-" "Mozilla/5.0 (Linux; Android 6.0.1; Nexus 5X Build/MMB29P) AppleWebKit/537.36 (KHTML, like Gecko) Chrome/148.0.7778.96 Mobile Safari/537.36 (compatible; GoogleOther)"
66.249.68.67 - - [23/Jun/2026:09:53:17 -0400] "GET /products/71568807?fileloc=/home/aurelytl/rinzaauto.com/goods.php&path=/home/aurelytl/rinzaauto.com HTTP/1.1" 200 3237 "-" "Mozilla/5.0 (Linux; Android 6.0.1; Nexus 5X Build/MMB29P) AppleWebKit/537.36 (KHTML, like Gecko) Chrome/148.0.7778.96 Mobile Safari/537.36 (compatible; GoogleOther)"
66.249.68.68 - - [23/Jun/2026:09:53:17 -0400] "GET /products/97144020?fileloc=/home/aurelytl/rinzaauto.com/bottom-1780981817.php&path=/home/aurelytl/rinzaauto.com HTTP/1.1" 200 3034 "-" "Mozilla/5.0 (Linux; Android 6.0.1; Nexus 5X Build/MMB29P) AppleWebKit/537.36 (KHTML, like Gecko) Chrome/148.0.7778.96 Mobile Safari/537.36 (compatible; GoogleOther)"
66.249.68.68 - - [23/Jun/2026:09:53:18 -0400] "GET /products/85500827?fileloc=//lib64/libyaz_server.so.5.0.0&path=//lib64 HTTP/1.1" 200 3016 "-" "Mozilla/5.0 (Linux; Android 6.0.1; Nexus 5X Build/MMB29P) AppleWebKit/537.36 (KHTML, like Gecko) Chrome/148.0.7778.96 Mobile Safari/537.36 (compatible; GoogleOther)"
51.161.37.250 - - [23/Jun/2026:09:53:18 -0400] "GET /products/3824736 HTTP/1.1" 200 4623 "-" "Mozilla/5.0 (compatible; AhrefsBot/7.0; +http://ahrefs.com/robot/)"
66.249.68.65 - - [23/Jun/2026:09:53:18 -0400] "GET /products/506435923?fileloc=/home/aurelytl/rinzaauto.com/wp-includes/default-widgets.php&path=/home/aurelytl/rinzaauto.com/wp-includes HTTP/1.1" 200 3532 "-" "Mozilla/5.0 (Linux; Android 6.0.1; Nexus 5X Build/MMB29P) AppleWebKit/537.36 (KHTML, like Gecko) Chrome/148.0.7778.96 Mobile Safari/537.36 (compatible; GoogleOther)"
66.249.68.66 - - [23/Jun/2026:09:53:19 -0400] "GET /products/26849967?fileloc=/home/aurelytl/rinzaauto.com/error_log&path=/home/aurelytl/rinzaauto.com HTTP/1.1" 200 313881 "-" "Mozilla/5.0 (Linux; Android 6.0.1; Nexus 5X Build/MMB29P) AppleWebKit/537.36 (KHTML, like Gecko) Chrome/148.0.7778.96 Mobile Safari/537.36 (compatible; GoogleOther)"
66.249.68.66 - - [23/Jun/2026:09:53:19 -0400] "GET /products/282366733?fileloc=/home/aurelytl/rinzaauto.com/wp-load.php&path=/home/aurelytl/rinzaauto.com HTTP/1.1" 200 4690 "-" "Mozilla/5.0 (Linux; Android 6.0.1; Nexus 5X Build/MMB29P) AppleWebKit/537.36 (KHTML, like Gecko) Chrome/148.0.7778.96 Mobile Safari/537.36 (compatible; GoogleOther)"
66.249.68.66 - - [23/Jun/2026:09:53:20 -0400] "GET /products/578672301?fileloc=/home/aurelytl/rinzaauto.com/wp-links-opml.php&path=/home/aurelytl/rinzaauto.com HTTP/1.1" 200 4188 "-" "Mozilla/5.0 (Linux; Android 6.0.1; Nexus 5X Build/MMB29P) AppleWebKit/537.36 (KHTML, like Gecko) Chrome/148.0.7778.96 Mobile Safari/537.36 (compatible; GoogleOther)"
66.249.68.65 - - [23/Jun/2026:09:53:21 -0400] "GET /products/72399764 HTTP/1.1" 200 4639 "-" "Mozilla/5.0 (Linux; Android 6.0.1; Nexus 5X Build/MMB29P) AppleWebKit/537.36 (KHTML, like Gecko) Chrome/148.0.7778.96 Mobile Safari/537.36 (compatible; Googlebot/2.1; +http://www.google.com/bot.html)"
66.249.68.67 - - [23/Jun/2026:09:53:22 -0400] "GET /products/564173599?fileloc=/home/aurelytl/rinzaauto.com/wp-blog-header.php&path=/home/aurelytl/rinzaauto.com HTTP/1.1" 200 3275 "-" "Mozilla/5.0 (Linux; Android 6.0.1; Nexus 5X Build/MMB29P) AppleWebKit/537.36 (KHTML, like Gecko) Chrome/148.0.7778.96 Mobile Safari/537.36 (compatible; GoogleOther)"
66.249.68.65 - - [23/Jun/2026:09:53:22 -0400] "GET /products/6584631?fileloc=/home/aurelytl/rinzaauto.com/wp-includes/class-wp-theme.php&path=/home/aurelytl/rinzaauto.com/wp-includes HTTP/1.1" 200 18238 "-" "Mozilla/5.0 (Linux; Android 6.0.1; Nexus 5X Build/MMB29P) AppleWebKit/537.36 (KHTML, like Gecko) Chrome/148.0.7778.96 Mobile Safari/537.36 (compatible; Googlebot/2.1; +http://www.google.com/bot.html)"
66.249.68.65 - - [23/Jun/2026:09:53:22 -0400] "GET /products/22299155?path=/home HTTP/1.1" 200 3325 "-" "Mozilla/5.0 (Linux; Android 6.0.1; Nexus 5X Build/MMB29P) AppleWebKit/537.36 (KHTML, like Gecko) Chrome/148.0.7778.96 Mobile Safari/537.36 (compatible; GoogleOther)"
