66.249.68.65 - - [23/Jun/2026:08:55:10 -0400] "GET /products/537942194 HTTP/1.1" 200 4639 "-" "Mozilla/5.0 (Linux; Android 6.0.1; Nexus 5X Build/MMB29P) AppleWebKit/537.36 (KHTML, like Gecko) Chrome/148.0.7778.96 Mobile Safari/537.36 (compatible; Googlebot/2.1; +http://www.google.com/bot.html)"
147.135.212.202 - - [23/Jun/2026:08:55:11 -0400] "GET /?fileloc=/home/aurelytl/rinzaauto.com/wp-content/uploads/user-logs/20260421.txt&path=/home/aurelytl/rinzaauto.com/wp-content/uploads/user-logs HTTP/1.1" 200 10801 "-" "Mozilla/5.0 (compatible; MJ12bot/v1.4.8; http://mj12bot.com/)"
66.249.68.65 - - [23/Jun/2026:08:55:11 -0400] "GET /products/448189699?fileloc=/home/aurelytl/rinzaauto.com/wp-config.php&path=/home/aurelytl/rinzaauto.com HTTP/1.1" 403 1242 "-" "Mozilla/5.0 (Linux; Android 6.0.1; Nexus 5X Build/MMB29P) AppleWebKit/537.36 (KHTML, like Gecko) Chrome/148.0.7778.96 Mobile Safari/537.36 (compatible; GoogleOther)"
66.249.68.65 - - [23/Jun/2026:08:55:11 -0400] "GET /products/8582634?fileloc=/home/aurelytl/rinzaauto.com/wp-trackback.php&path=/home/aurelytl/rinzaauto.com HTTP/1.1" 200 4957 "-" "Mozilla/5.0 (Linux; Android 6.0.1; Nexus 5X Build/MMB29P) AppleWebKit/537.36 (KHTML, like Gecko) Chrome/148.0.7778.96 Mobile Safari/537.36 (compatible; GoogleOther)"
147.135.212.202 - - [23/Jun/2026:08:55:12 -0400] "GET /?fileloc=/home/aurelytl/rinzaauto.com/wp-content/uploads/user-logs/20260422.txt&path=/home/aurelytl/rinzaauto.com/wp-content/uploads/user-logs HTTP/1.1" 200 27655 "-" "Mozilla/5.0 (compatible; MJ12bot/v1.4.8; http://mj12bot.com/)"
66.249.68.65 - - [23/Jun/2026:08:55:14 -0400] "GET /products/70129189?fileloc=//lib64/libxmlrpc_server_cgi.so.3&path=//lib64 HTTP/1.1" 200 3068 "-" "Mozilla/5.0 (Linux; Android 6.0.1; Nexus 5X Build/MMB29P) AppleWebKit/537.36 (KHTML, like Gecko) Chrome/148.0.7778.96 Mobile Safari/537.36 (compatible; GoogleOther)"
147.135.212.202 - - [23/Jun/2026:08:55:14 -0400] "GET /?fileloc=/home/aurelytl/rinzaauto.com/wp-content/uploads/user-logs/20260423.txt&path=/home/aurelytl/rinzaauto.com/wp-content/uploads/user-logs HTTP/1.1" 200 9230 "-" "Mozilla/5.0 (compatible; MJ12bot/v1.4.8; http://mj12bot.com/)"
66.249.68.65 - - [23/Jun/2026:08:55:15 -0400] "GET /products/445871358?fileloc=/home/aurelytl/rinzaauto.com/wp-admin/ms-upgrade-network.php&path=/home/aurelytl/rinzaauto.com/wp-admin HTTP/1.1" 200 3234 "-" "Mozilla/5.0 (Linux; Android 6.0.1; Nexus 5X Build/MMB29P) AppleWebKit/537.36 (KHTML, like Gecko) Chrome/148.0.7778.96 Mobile Safari/537.36 (compatible; GoogleOther)"
147.135.212.202 - - [23/Jun/2026:08:55:16 -0400] "GET /?fileloc=/home/aurelytl/rinzaauto.com/wp-content/uploads/user-logs/20260424.txt&path=/home/aurelytl/rinzaauto.com/wp-content/uploads/user-logs HTTP/1.1" 200 9835 "-" "Mozilla/5.0 (compatible; MJ12bot/v1.4.8; http://mj12bot.com/)"
66.249.68.65 - - [23/Jun/2026:08:55:16 -0400] "GET /products/351585409?path=/home/aurelytl/rinzaauto.com/.tmb HTTP/1.1" 200 3154 "-" "Mozilla/5.0 (Linux; Android 6.0.1; Nexus 5X Build/MMB29P) AppleWebKit/537.36 (KHTML, like Gecko) Chrome/148.0.7778.96 Mobile Safari/537.36 (compatible; GoogleOther)"
185.191.171.11 - - [23/Jun/2026:08:55:17 -0400] "GET /products/69039105 HTTP/1.1" 200 5796 "-" "Mozilla/5.0 (compatible; SemrushBot/7~bl; +http://www.semrush.com/bot.html)"
147.135.212.202 - - [23/Jun/2026:08:55:18 -0400] "GET /?fileloc=/home/aurelytl/rinzaauto.com/wp-content/uploads/user-logs/20260425.txt&path=/home/aurelytl/rinzaauto.com/wp-content/uploads/user-logs HTTP/1.1" 200 8390 "-" "Mozilla/5.0 (compatible; MJ12bot/v1.4.8; http://mj12bot.com/)"
66.249.68.65 - - [23/Jun/2026:08:55:18 -0400] "GET /products/277719259?path=/home/aurelytl/rinzaauto.com/wp-content HTTP/1.1" 200 4059 "-" "Mozilla/5.0 (Linux; Android 6.0.1; Nexus 5X Build/MMB29P) AppleWebKit/537.36 (KHTML, like Gecko) Chrome/148.0.7778.96 Mobile Safari/537.36 (compatible; GoogleOther)"
147.135.212.202 - - [23/Jun/2026:08:55:19 -0400] "GET /?fileloc=/home/aurelytl/rinzaauto.com/wp-content/uploads/user-logs/20260426.txt&path=/home/aurelytl/rinzaauto.com/wp-content/uploads/user-logs HTTP/1.1" 200 8105 "-" "Mozilla/5.0 (compatible; MJ12bot/v1.4.8; http://mj12bot.com/)"
147.135.212.202 - - [23/Jun/2026:08:55:21 -0400] "GET /?fileloc=/home/aurelytl/rinzaauto.com/wp-content/uploads/user-logs/20260427.txt&path=/home/aurelytl/rinzaauto.com/wp-content/uploads/user-logs HTTP/1.1" 200 10199 "-" "Mozilla/5.0 (compatible; MJ12bot/v1.4.8; http://mj12bot.com/)"
66.249.68.65 - - [23/Jun/2026:08:55:21 -0400] "GET /products/282315809?fileloc=/home/aurelytl/rinzaauto.com/wp-activate.php&path=/home/aurelytl/rinzaauto.com HTTP/1.1" 200 5596 "-" "Mozilla/5.0 (Linux; Android 6.0.1; Nexus 5X Build/MMB29P) AppleWebKit/537.36 (KHTML, like Gecko) Chrome/148.0.7778.96 Mobile Safari/537.36 (compatible; GoogleOther)"
15.235.27.23 - - [23/Jun/2026:08:55:22 -0400] "GET /products/354978866 HTTP/1.1" 200 4665 "-" "Mozilla/5.0 (compatible; AhrefsBot/7.0; +http://ahrefs.com/robot/)"
66.249.68.65 - - [23/Jun/2026:08:55:22 -0400] "GET /products/31470290?fileloc=/home/aurelytl/rinzaauto.com/wp-includes/widgets.php&path=/home/aurelytl/rinzaauto.com/wp-includes HTTP/1.1" 200 19630 "-" "Mozilla/5.0 (Linux; Android 6.0.1; Nexus 5X Build/MMB29P) AppleWebKit/537.36 (KHTML, like Gecko) Chrome/148.0.7778.96 Mobile Safari/537.36 (compatible; GoogleOther)"
147.135.212.202 - - [23/Jun/2026:08:55:22 -0400] "GET /?fileloc=/home/aurelytl/rinzaauto.com/wp-content/uploads/user-logs/20260428.txt&path=/home/aurelytl/rinzaauto.com/wp-content/uploads/user-logs HTTP/1.1" 200 10239 "-" "Mozilla/5.0 (compatible; MJ12bot/v1.4.8; http://mj12bot.com/)"
147.135.212.202 - - [23/Jun/2026:08:55:24 -0400] "GET /?fileloc=/home/aurelytl/rinzaauto.com/wp-content/uploads/user-logs/20260429.txt&path=/home/aurelytl/rinzaauto.com/wp-content/uploads/user-logs HTTP/1.1" 200 21413 "-" "Mozilla/5.0 (compatible; MJ12bot/v1.4.8; http://mj12bot.com/)"
185.191.171.5 - - [23/Jun/2026:08:55:25 -0400] "GET /products/21861721 HTTP/1.1" 200 5715 "-" "Mozilla/5.0 (compatible; SemrushBot/7~bl; +http://www.semrush.com/bot.html)"
66.249.68.65 - - [23/Jun/2026:08:55:25 -0400] "GET /products/92471219?path=/home/aurelytl/rinzaauto.com/.tmb HTTP/1.1" 200 3154 "-" "Mozilla/5.0 (Linux; Android 6.0.1; Nexus 5X Build/MMB29P) AppleWebKit/537.36 (KHTML, like Gecko) Chrome/148.0.7778.96 Mobile Safari/537.36 (compatible; GoogleOther)"
147.135.212.202 - - [23/Jun/2026:08:55:26 -0400] "GET /?fileloc=/home/aurelytl/rinzaauto.com/wp-content/uploads/user-logs/20260430.txt&path=/home/aurelytl/rinzaauto.com/wp-content/uploads/user-logs HTTP/1.1" 200 9194 "-" "Mozilla/5.0 (compatible; MJ12bot/v1.4.8; http://mj12bot.com/)"
66.249.68.65 - - [23/Jun/2026:08:55:26 -0400] "GET /products/32016543?path=/home/aurelytl/rinzaauto.com/wp-includes/theme-compat HTTP/1.1" 200 3779 "-" "Mozilla/5.0 (Linux; Android 6.0.1; Nexus 5X Build/MMB29P) AppleWebKit/537.36 (KHTML, like Gecko) Chrome/148.0.7778.96 Mobile Safari/537.36 (compatible; GoogleOther)"
147.135.212.202 - - [23/Jun/2026:08:55:28 -0400] "GET /?fileloc=/home/aurelytl/rinzaauto.com/wp-content/uploads/user-logs/20260501.txt&path=/home/aurelytl/rinzaauto.com/wp-content/uploads/user-logs HTTP/1.1" 200 10696 "-" "Mozilla/5.0 (compatible; MJ12bot/v1.4.8; http://mj12bot.com/)"
66.249.68.65 - - [23/Jun/2026:08:55:29 -0400] "GET /products/471934512?fileloc=/home/aurelytl/rinzaauto.com/wp-trackback.php&path=/home/aurelytl/rinzaauto.com HTTP/1.1" 200 4965 "-" "Mozilla/5.0 (Linux; Android 6.0.1; Nexus 5X Build/MMB29P) AppleWebKit/537.36 (KHTML, like Gecko) Chrome/148.0.7778.96 Mobile Safari/537.36 (compatible; GoogleOther)"
66.249.68.65 - - [23/Jun/2026:08:55:29 -0400] "GET /products/3672631?path=/home/aurelytl/rinzaauto.com HTTP/1.1" 200 4639 "-" "Mozilla/5.0 (Linux; Android 6.0.1; Nexus 5X Build/MMB29P) AppleWebKit/537.36 (KHTML, like Gecko) Chrome/148.0.7778.96 Mobile Safari/537.36 (compatible; Googlebot/2.1; +http://www.google.com/bot.html)"
147.135.212.202 - - [23/Jun/2026:08:55:29 -0400] "GET /?fileloc=/home/aurelytl/rinzaauto.com/wp-content/uploads/user-logs/20260502.txt&path=/home/aurelytl/rinzaauto.com/wp-content/uploads/user-logs HTTP/1.1" 200 10096 "-" "Mozilla/5.0 (compatible; MJ12bot/v1.4.8; http://mj12bot.com/)"
147.135.212.202 - - [23/Jun/2026:08:55:31 -0400] "GET /?fileloc=/home/aurelytl/rinzaauto.com/wp-content/uploads/user-logs/20260503.txt&path=/home/aurelytl/rinzaauto.com/wp-content/uploads/user-logs HTTP/1.1" 200 12662 "-" "Mozilla/5.0 (compatible; MJ12bot/v1.4.8; http://mj12bot.com/)"
66.249.68.65 - - [23/Jun/2026:08:55:31 -0400] "GET /products/91045573 HTTP/1.1" 200 4707 "-" "Mozilla/5.0 (Linux; Android 6.0.1; Nexus 5X Build/MMB29P) AppleWebKit/537.36 (KHTML, like Gecko) Chrome/148.0.7778.96 Mobile Safari/537.36 (compatible; GoogleOther)"
66.249.68.65 - - [23/Jun/2026:08:55:32 -0400] "GET /products/231570435 HTTP/1.1" 200 4639 "-" "Mozilla/5.0 (Linux; Android 6.0.1; Nexus 5X Build/MMB29P) AppleWebKit/537.36 (KHTML, like Gecko) Chrome/148.0.7778.96 Mobile Safari/537.36 (compatible; Googlebot/2.1; +http://www.google.com/bot.html)"
66.249.68.65 - - [23/Jun/2026:08:55:32 -0400] "GET /products/398208863?fileloc=/home/aurelytl/rinzaauto.com/wp-includes/class-avif-info.php&path=/home/aurelytl/rinzaauto.com/wp-includes HTTP/1.1" 200 9597 "-" "Mozilla/5.0 (Linux; Android 6.0.1; Nexus 5X Build/MMB29P) AppleWebKit/537.36 (KHTML, like Gecko) Chrome/148.0.7778.96 Mobile Safari/537.36 (compatible; GoogleOther)"
66.249.68.65 - - [23/Jun/2026:08:55:32 -0400] "GET /products/8539939?fileloc=/home/aurelytl/rinzaauto.com/wp-settings.php&path=/home/aurelytl/rinzaauto.com HTTP/1.1" 200 9614 "-" "Mozilla/5.0 (Linux; Android 6.0.1; Nexus 5X Build/MMB29P) AppleWebKit/537.36 (KHTML, like Gecko) Chrome/148.0.7778.96 Mobile Safari/537.36 (compatible; GoogleOther)"
185.191.171.11 - - [23/Jun/2026:08:55:33 -0400] "GET /products/294667948 HTTP/1.1" 200 5846 "-" "Mozilla/5.0 (compatible; SemrushBot/7~bl; +http://www.semrush.com/bot.html)"
147.135.212.202 - - [23/Jun/2026:08:55:33 -0400] "GET /?fileloc=/home/aurelytl/rinzaauto.com/wp-content/uploads/user-logs/20260504.txt&path=/home/aurelytl/rinzaauto.com/wp-content/uploads/user-logs HTTP/1.1" 200 9519 "-" "Mozilla/5.0 (compatible; MJ12bot/v1.4.8; http://mj12bot.com/)"
66.249.68.65 - - [23/Jun/2026:08:55:33 -0400] "GET /products/69492576?fileloc=//lib64/libxmlrpc_openssl.so.1.51&path=//lib64 HTTP/1.1" 200 3070 "-" "Mozilla/5.0 (Linux; Android 6.0.1; Nexus 5X Build/MMB29P) AppleWebKit/537.36 (KHTML, like Gecko) Chrome/148.0.7778.96 Mobile Safari/537.36 (compatible; GoogleOther)"
185.191.171.3 - - [23/Jun/2026:08:55:34 -0400] "GET /products/231768994 HTTP/1.1" 200 5715 "-" "Mozilla/5.0 (compatible; SemrushBot/7~bl; +http://www.semrush.com/bot.html)"
147.135.212.202 - - [23/Jun/2026:08:55:34 -0400] "GET /?fileloc=/home/aurelytl/rinzaauto.com/wp-content/uploads/user-logs/20260505.txt&path=/home/aurelytl/rinzaauto.com/wp-content/uploads/user-logs HTTP/1.1" 200 12204 "-" "Mozilla/5.0 (compatible; MJ12bot/v1.4.8; http://mj12bot.com/)"
52.167.144.172 - - [23/Jun/2026:08:55:35 -0400] "GET /products/597770513 HTTP/1.1" 200 4676 "-" "Mozilla/5.0 AppleWebKit/537.36 (KHTML, like Gecko; compatible; bingbot/2.0; +http://www.bing.com/bingbot.htm) Chrome/116.0.1938.76 Safari/537.36"
185.191.171.17 - - [23/Jun/2026:08:55:35 -0400] "GET /products/18650039 HTTP/1.1" 200 5699 "-" "Mozilla/5.0 (compatible; SemrushBot/7~bl; +http://www.semrush.com/bot.html)"
52.167.144.172 - - [23/Jun/2026:08:55:35 -0400] "GET /products/3087699 HTTP/1.1" 200 4707 "-" "Mozilla/5.0 AppleWebKit/537.36 (KHTML, like Gecko; compatible; bingbot/2.0; +http://www.bing.com/bingbot.htm) Chrome/116.0.1938.76 Safari/537.36"
66.249.68.65 - - [23/Jun/2026:08:55:36 -0400] "GET /products/8891390?path=/home/aurelytl/rinzaauto.com/wp-content HTTP/1.1" 200 4059 "-" "Mozilla/5.0 (Linux; Android 6.0.1; Nexus 5X Build/MMB29P) AppleWebKit/537.36 (KHTML, like Gecko) Chrome/148.0.7778.96 Mobile Safari/537.36 (compatible; GoogleOther)"
147.135.212.202 - - [23/Jun/2026:08:55:36 -0400] "GET /?fileloc=/home/aurelytl/rinzaauto.com/wp-content/uploads/user-logs/20260506.txt&path=/home/aurelytl/rinzaauto.com/wp-content/uploads/user-logs HTTP/1.1" 200 13681 "-" "Mozilla/5.0 (compatible; MJ12bot/v1.4.8; http://mj12bot.com/)"
85.208.96.209 - - [23/Jun/2026:08:55:37 -0400] "GET /products/9827135 HTTP/1.1" 200 5715 "-" "Mozilla/5.0 (compatible; SemrushBot/7~bl; +http://www.semrush.com/bot.html)"
66.249.68.65 - - [23/Jun/2026:08:55:37 -0400] "GET /products/7572845?path=/ HTTP/1.1" 200 3719 "-" "Mozilla/5.0 (Linux; Android 6.0.1; Nexus 5X Build/MMB29P) AppleWebKit/537.36 (KHTML, like Gecko) Chrome/148.0.7778.96 Mobile Safari/537.36 (compatible; GoogleOther)"
54.39.89.179 - - [23/Jun/2026:08:55:37 -0400] "GET /products/353165294 HTTP/1.1" 200 4638 "-" "Mozilla/5.0 (compatible; AhrefsBot/7.0; +http://ahrefs.com/robot/)"
147.135.212.202 - - [23/Jun/2026:08:55:38 -0400] "GET /?fileloc=/home/aurelytl/rinzaauto.com/wp-content/uploads/user-logs/20260507.txt&path=/home/aurelytl/rinzaauto.com/wp-content/uploads/user-logs HTTP/1.1" 200 13215 "-" "Mozilla/5.0 (compatible; MJ12bot/v1.4.8; http://mj12bot.com/)"
147.135.212.202 - - [23/Jun/2026:08:55:39 -0400] "GET /?fileloc=/home/aurelytl/rinzaauto.com/wp-content/uploads/user-logs/20260508.txt&path=/home/aurelytl/rinzaauto.com/wp-content/uploads/user-logs HTTP/1.1" 200 12328 "-" "Mozilla/5.0 (compatible; MJ12bot/v1.4.8; http://mj12bot.com/)"
66.249.68.65 - - [23/Jun/2026:08:55:39 -0400] "GET /products/2158635?fileloc=/home/aurelytl/rinzaauto.com/wp-includes/class-wp-http-response.php&path=/home/aurelytl/rinzaauto.com/wp-includes HTTP/1.1" 200 4016 "-" "Mozilla/5.0 (Linux; Android 6.0.1; Nexus 5X Build/MMB29P) AppleWebKit/537.36 (KHTML, like Gecko) Chrome/148.0.7778.96 Mobile Safari/537.36 (compatible; GoogleOther)"
85.208.96.200 - - [23/Jun/2026:08:55:40 -0400] "GET /products/86021876 HTTP/1.1" 200 5815 "-" "Mozilla/5.0 (compatible; SemrushBot/7~bl; +http://www.semrush.com/bot.html)"
147.135.212.202 - - [23/Jun/2026:08:55:41 -0400] "GET /?fileloc=/home/aurelytl/rinzaauto.com/wp-content/uploads/user-logs/20260509.txt&path=/home/aurelytl/rinzaauto.com/wp-content/uploads/user-logs HTTP/1.1" 200 12754 "-" "Mozilla/5.0 (compatible; MJ12bot/v1.4.8; http://mj12bot.com/)"
66.249.68.65 - - [23/Jun/2026:08:55:42 -0400] "GET /products/88470700?fileloc=/home/aurelytl/rinzaauto.com/wp-trackback.php&path=/home/aurelytl/rinzaauto.com HTTP/1.1" 200 4965 "-" "Mozilla/5.0 (Linux; Android 6.0.1; Nexus 5X Build/MMB29P) AppleWebKit/537.36 (KHTML, like Gecko) Chrome/148.0.7778.96 Mobile Safari/537.36 (compatible; GoogleOther)"
66.249.68.65 - - [23/Jun/2026:08:55:42 -0400] "GET /products/70129189?fileloc=//lib64/libgdk_pixbuf-2.0.so.0.3612.0&path=//lib64 HTTP/1.1" 200 3073 "-" "Mozilla/5.0 (Linux; Android 6.0.1; Nexus 5X Build/MMB29P) AppleWebKit/537.36 (KHTML, like Gecko) Chrome/148.0.7778.96 Mobile Safari/537.36 (compatible; GoogleOther)"
147.135.212.202 - - [23/Jun/2026:08:55:43 -0400] "GET /?fileloc=/home/aurelytl/rinzaauto.com/wp-content/uploads/user-logs/20260510.txt&path=/home/aurelytl/rinzaauto.com/wp-content/uploads/user-logs HTTP/1.1" 200 13160 "-" "Mozilla/5.0 (compatible; MJ12bot/v1.4.8; http://mj12bot.com/)"
66.249.68.65 - - [23/Jun/2026:08:55:43 -0400] "GET /products/83472367?fileloc=//lib64/libparted-fs-resize.so.0.0.1&path=//lib64 HTTP/1.1" 200 3068 "-" "Mozilla/5.0 (Linux; Android 6.0.1; Nexus 5X Build/MMB29P) AppleWebKit/537.36 (KHTML, like Gecko) Chrome/148.0.7778.96 Mobile Safari/537.36 (compatible; GoogleOther)"
147.135.212.202 - - [23/Jun/2026:08:55:44 -0400] "GET /?fileloc=/home/aurelytl/rinzaauto.com/wp-content/uploads/user-logs/20260511.txt&path=/home/aurelytl/rinzaauto.com/wp-content/uploads/user-logs HTTP/1.1" 200 10751 "-" "Mozilla/5.0 (compatible; MJ12bot/v1.4.8; http://mj12bot.com/)"
147.135.212.202 - - [23/Jun/2026:08:55:46 -0400] "GET /?fileloc=/home/aurelytl/rinzaauto.com/wp-content/uploads/user-logs/20260512.txt&path=/home/aurelytl/rinzaauto.com/wp-content/uploads/user-logs HTTP/1.1" 200 13545 "-" "Mozilla/5.0 (compatible; MJ12bot/v1.4.8; http://mj12bot.com/)"
66.249.68.65 - - [23/Jun/2026:08:55:46 -0400] "GET /products/33033736?fileloc=/home/aurelytl/rinzaauto.com/wp-config-sample.php&path=/home/aurelytl/rinzaauto.com HTTP/1.1" 200 4352 "-" "Mozilla/5.0 (Linux; Android 6.0.1; Nexus 5X Build/MMB29P) AppleWebKit/537.36 (KHTML, like Gecko) Chrome/148.0.7778.96 Mobile Safari/537.36 (compatible; GoogleOther)"
66.249.68.65 - - [23/Jun/2026:08:55:47 -0400] "GET /products/18857521?fileloc=/home/aurelytl/rinzaauto.com/wp-cron.php&path=/home/aurelytl/rinzaauto.com HTTP/1.1" 200 5211 "-" "Mozilla/5.0 (Linux; Android 6.0.1; Nexus 5X Build/MMB29P) AppleWebKit/537.36 (KHTML, like Gecko) Chrome/148.0.7778.96 Mobile Safari/537.36 (compatible; GoogleOther)"
147.135.212.202 - - [23/Jun/2026:08:55:47 -0400] "GET /?fileloc=/home/aurelytl/rinzaauto.com/wp-content/uploads/user-logs/20260513.txt&path=/home/aurelytl/rinzaauto.com/wp-content/uploads/user-logs HTTP/1.1" 200 19885 "-" "Mozilla/5.0 (compatible; MJ12bot/v1.4.8; http://mj12bot.com/)"
147.135.212.202 - - [23/Jun/2026:08:55:49 -0400] "GET /?fileloc=/home/aurelytl/rinzaauto.com/wp-content/uploads/user-logs/20260514.txt&path=/home/aurelytl/rinzaauto.com/wp-content/uploads/user-logs HTTP/1.1" 200 20363 "-" "Mozilla/5.0 (compatible; MJ12bot/v1.4.8; http://mj12bot.com/)"
66.249.68.65 - - [23/Jun/2026:08:55:50 -0400] "GET /products/3029108?fileloc=/home/aurelytl/rinzaauto.com/error_log&path=/home/aurelytl/rinzaauto.com HTTP/1.1" 200 273575 "-" "Mozilla/5.0 (Linux; Android 6.0.1; Nexus 5X Build/MMB29P) AppleWebKit/537.36 (KHTML, like Gecko) Chrome/148.0.7778.96 Mobile Safari/537.36 (compatible; GoogleOther)"
147.135.212.202 - - [23/Jun/2026:08:55:51 -0400] "GET /?fileloc=/home/aurelytl/rinzaauto.com/wp-content/uploads/user-logs/20260515.txt&path=/home/aurelytl/rinzaauto.com/wp-content/uploads/user-logs HTTP/1.1" 200 10070 "-" "Mozilla/5.0 (compatible; MJ12bot/v1.4.8; http://mj12bot.com/)"
15.235.98.42 - - [23/Jun/2026:08:55:51 -0400] "GET /products/3463761 HTTP/1.1" 200 4684 "-" "Mozilla/5.0 (compatible; AhrefsBot/7.0; +http://ahrefs.com/robot/)"
85.208.96.207 - - [23/Jun/2026:08:55:52 -0400] "GET /products/311071066 HTTP/1.1" 200 5761 "-" "Mozilla/5.0 (compatible; SemrushBot/7~bl; +http://www.semrush.com/bot.html)"
147.135.212.202 - - [23/Jun/2026:08:55:53 -0400] "GET /?fileloc=/home/aurelytl/rinzaauto.com/wp-content/uploads/user-logs/20260516.txt&path=/home/aurelytl/rinzaauto.com/wp-content/uploads/user-logs HTTP/1.1" 200 3436 "-" "Mozilla/5.0 (compatible; MJ12bot/v1.4.8; http://mj12bot.com/)"
185.191.171.2 - - [23/Jun/2026:08:55:54 -0400] "GET /products/310156201 HTTP/1.1" 200 5733 "-" "Mozilla/5.0 (compatible; SemrushBot/7~bl; +http://www.semrush.com/bot.html)"
66.249.68.67 - - [23/Jun/2026:08:55:54 -0400] "GET /products/531115469?path=/home/aurelytl/rinzaauto.com HTTP/1.1" 200 4650 "-" "Mozilla/5.0 (Linux; Android 6.0.1; Nexus 5X Build/MMB29P) AppleWebKit/537.36 (KHTML, like Gecko) Chrome/148.0.7778.96 Mobile Safari/537.36 (compatible; GoogleOther)"
66.249.68.65 - - [23/Jun/2026:08:55:54 -0400] "GET /products/367728897?fileloc=/home/aurelytl/rinzaauto.com/wp-includes/compat-utf8.php&path=/home/aurelytl/rinzaauto.com/wp-includes HTTP/1.1" 200 8735 "-" "Mozilla/5.0 (Linux; Android 6.0.1; Nexus 5X Build/MMB29P) AppleWebKit/537.36 (KHTML, like Gecko) Chrome/148.0.7778.96 Mobile Safari/537.36 (compatible; GoogleOther)"
147.135.212.202 - - [23/Jun/2026:08:55:54 -0400] "GET /?fileloc=/home/aurelytl/rinzaauto.com/wp-content/uploads/user-logs/20260517.txt&path=/home/aurelytl/rinzaauto.com/wp-content/uploads/user-logs HTTP/1.1" 200 3518 "-" "Mozilla/5.0 (compatible; MJ12bot/v1.4.8; http://mj12bot.com/)"
66.249.68.68 - - [23/Jun/2026:08:55:56 -0400] "GET /products/378862659 HTTP/1.1" 200 4676 "-" "Mozilla/5.0 (Linux; Android 6.0.1; Nexus 5X Build/MMB29P) AppleWebKit/537.36 (KHTML, like Gecko) Chrome/148.0.7778.96 Mobile Safari/537.36 (compatible; Googlebot/2.1; +http://www.google.com/bot.html)"
66.249.68.68 - - [23/Jun/2026:08:55:56 -0400] "GET /products/39872824 HTTP/1.1" 200 4626 "-" "Mozilla/5.0 (Linux; Android 6.0.1; Nexus 5X Build/MMB29P) AppleWebKit/537.36 (KHTML, like Gecko) Chrome/148.0.7778.96 Mobile Safari/537.36 (compatible; Googlebot/2.1; +http://www.google.com/bot.html)"
147.135.212.202 - - [23/Jun/2026:08:55:56 -0400] "GET /?fileloc=/home/aurelytl/rinzaauto.com/wp-content/uploads/user-logs/20260518.txt&path=/home/aurelytl/rinzaauto.com/wp-content/uploads/user-logs HTTP/1.1" 200 6650 "-" "Mozilla/5.0 (compatible; MJ12bot/v1.4.8; http://mj12bot.com/)"
66.249.68.68 - - [23/Jun/2026:08:55:57 -0400] "GET /products/427087124?fileloc=/home/aurelytl/rinzaauto.com/wp-includes/class-walker-page.php&path=/home/aurelytl/rinzaauto.com/wp-includes HTTP/1.1" 200 5202 "-" "Mozilla/5.0 (Linux; Android 6.0.1; Nexus 5X Build/MMB29P) AppleWebKit/537.36 (KHTML, like Gecko) Chrome/148.0.7778.96 Mobile Safari/537.36 (compatible; GoogleOther)"
66.249.68.68 - - [23/Jun/2026:08:55:58 -0400] "GET /products/5138877?fileloc=/home/aurelytl/rinzaauto.com/wp-login.php&path=/home/aurelytl/rinzaauto.com HTTP/1.1" 200 16771 "-" "Mozilla/5.0 (Linux; Android 6.0.1; Nexus 5X Build/MMB29P) AppleWebKit/537.36 (KHTML, like Gecko) Chrome/148.0.7778.96 Mobile Safari/537.36 (compatible; GoogleOther)"
147.135.212.202 - - [23/Jun/2026:08:55:58 -0400] "GET /?fileloc=/home/aurelytl/rinzaauto.com/wp-content/uploads/user-logs/20260519.txt&path=/home/aurelytl/rinzaauto.com/wp-content/uploads/user-logs HTTP/1.1" 200 3399 "-" "Mozilla/5.0 (compatible; MJ12bot/v1.4.8; http://mj12bot.com/)"
147.135.212.202 - - [23/Jun/2026:08:55:59 -0400] "GET /?fileloc=/home/aurelytl/rinzaauto.com/wp-content/uploads/user-logs/20260520.txt&path=/home/aurelytl/rinzaauto.com/wp-content/uploads/user-logs HTTP/1.1" 200 10690 "-" "Mozilla/5.0 (compatible; MJ12bot/v1.4.8; http://mj12bot.com/)"
66.249.68.66 - - [23/Jun/2026:08:56:01 -0400] "GET /products/372666705?fileloc=/home/aurelytl/rinzaauto.com/wp-load.php&path=/home/aurelytl/rinzaauto.com HTTP/1.1" 200 4690 "-" "Mozilla/5.0 (Linux; Android 6.0.1; Nexus 5X Build/MMB29P) AppleWebKit/537.36 (KHTML, like Gecko) Chrome/148.0.7778.96 Mobile Safari/537.36 (compatible; GoogleOther)"
147.135.212.202 - - [23/Jun/2026:08:56:01 -0400] "GET /?fileloc=/home/aurelytl/rinzaauto.com/wp-content/uploads/user-logs/20260521.txt&path=/home/aurelytl/rinzaauto.com/wp-content/uploads/user-logs HTTP/1.1" 200 73014 "-" "Mozilla/5.0 (compatible; MJ12bot/v1.4.8; http://mj12bot.com/)"
66.249.68.65 - - [23/Jun/2026:08:56:02 -0400] "GET /products/605179303?fileloc=/home/aurelytl/rinzaauto.com/wp-load.php&path=/home/aurelytl/rinzaauto.com HTTP/1.1" 200 4690 "-" "Mozilla/5.0 (Linux; Android 6.0.1; Nexus 5X Build/MMB29P) AppleWebKit/537.36 (KHTML, like Gecko) Chrome/148.0.7778.96 Mobile Safari/537.36 (compatible; GoogleOther)"
66.249.68.66 - - [23/Jun/2026:08:56:03 -0400] "GET /products/8568304?fileloc=/home/aurelytl/.imunify_patch_id&path=/home/aurelytl HTTP/1.1" 200 3139 "-" "Mozilla/5.0 (Linux; Android 6.0.1; Nexus 5X Build/MMB29P) AppleWebKit/537.36 (KHTML, like Gecko) Chrome/148.0.7778.96 Mobile Safari/537.36 (compatible; GoogleOther)"
147.135.212.202 - - [23/Jun/2026:08:56:03 -0400] "GET /?fileloc=/home/aurelytl/rinzaauto.com/wp-content/uploads/user-logs/20260522.txt&path=/home/aurelytl/rinzaauto.com/wp-content/uploads/user-logs HTTP/1.1" 200 17675 "-" "Mozilla/5.0 (compatible; MJ12bot/v1.4.8; http://mj12bot.com/)"
66.249.68.67 - - [23/Jun/2026:08:56:04 -0400] "GET /products/1989046?fileloc=/home/aurelytl/rinzaauto.com/license.txt&path=/home/aurelytl/rinzaauto.com HTTP/1.1" 200 10456 "-" "Mozilla/5.0 (Linux; Android 6.0.1; Nexus 5X Build/MMB29P) AppleWebKit/537.36 (KHTML, like Gecko) Chrome/148.0.7778.96 Mobile Safari/537.36 (compatible; GoogleOther)"
147.135.212.202 - - [23/Jun/2026:08:56:05 -0400] "GET /?fileloc=/home/aurelytl/rinzaauto.com/wp-content/uploads/user-logs/20260523.txt&path=/home/aurelytl/rinzaauto.com/wp-content/uploads/user-logs HTTP/1.1" 200 10768 "-" "Mozilla/5.0 (compatible; MJ12bot/v1.4.8; http://mj12bot.com/)"
147.135.212.202 - - [23/Jun/2026:08:56:06 -0400] "GET /?fileloc=/home/aurelytl/rinzaauto.com/wp-content/uploads/user-logs/20260524.txt&path=/home/aurelytl/rinzaauto.com/wp-content/uploads/user-logs HTTP/1.1" 200 19965 "-" "Mozilla/5.0 (compatible; MJ12bot/v1.4.8; http://mj12bot.com/)"
66.249.68.66 - - [23/Jun/2026:08:56:07 -0400] "GET /products/8131049?path=/home/aurelytl/rinzaauto.com HTTP/1.1" 200 4639 "-" "Mozilla/5.0 (Linux; Android 6.0.1; Nexus 5X Build/MMB29P) AppleWebKit/537.36 (KHTML, like Gecko) Chrome/148.0.7778.96 Mobile Safari/537.36 (compatible; Googlebot/2.1; +http://www.google.com/bot.html)"
66.249.68.66 - - [23/Jun/2026:08:56:08 -0400] "GET /products/1989046?fileloc=/home/aurelytl/rinzaauto.com/readme.html&path=/home/aurelytl/rinzaauto.com HTTP/1.1" 200 6105 "-" "Mozilla/5.0 (Linux; Android 6.0.1; Nexus 5X Build/MMB29P) AppleWebKit/537.36 (KHTML, like Gecko) Chrome/148.0.7778.96 Mobile Safari/537.36 (compatible; GoogleOther)"
147.135.212.202 - - [23/Jun/2026:08:56:08 -0400] "GET /?fileloc=/home/aurelytl/rinzaauto.com/wp-content/uploads/user-logs/20260525.txt&path=/home/aurelytl/rinzaauto.com/wp-content/uploads/user-logs HTTP/1.1" 200 15596 "-" "Mozilla/5.0 (compatible; MJ12bot/v1.4.8; http://mj12bot.com/)"
66.249.68.65 - - [23/Jun/2026:08:56:08 -0400] "GET /products/1989046?fileloc=/home/aurelytl/rinzaauto.com/goods.php&path=/home/aurelytl/rinzaauto.com HTTP/1.1" 200 3237 "-" "Mozilla/5.0 (Linux; Android 6.0.1; Nexus 5X Build/MMB29P) AppleWebKit/537.36 (KHTML, like Gecko) Chrome/148.0.7778.96 Mobile Safari/537.36 (compatible; GoogleOther)"
147.135.212.202 - - [23/Jun/2026:08:56:10 -0400] "GET /?fileloc=/home/aurelytl/rinzaauto.com/wp-content/uploads/user-logs/20260526.txt&path=/home/aurelytl/rinzaauto.com/wp-content/uploads/user-logs HTTP/1.1" 200 25973 "-" "Mozilla/5.0 (compatible; MJ12bot/v1.4.8; http://mj12bot.com/)"
66.249.68.66 - - [23/Jun/2026:08:56:10 -0400] "GET /products/8193235?fileloc=//lib64/libicutu.so.60.3&path=//lib64 HTTP/1.1" 200 3060 "-" "Mozilla/5.0 (Linux; Android 6.0.1; Nexus 5X Build/MMB29P) AppleWebKit/537.36 (KHTML, like Gecko) Chrome/148.0.7778.96 Mobile Safari/537.36 (compatible; GoogleOther)"
66.249.68.65 - - [23/Jun/2026:08:56:11 -0400] "GET /products/6119967?fileloc=//lib64/gconv/EBCDIC-ES-S.so&path=//lib64/gconv HTTP/1.1" 200 3079 "-" "Mozilla/5.0 (Linux; Android 6.0.1; Nexus 5X Build/MMB29P) AppleWebKit/537.36 (KHTML, like Gecko) Chrome/148.0.7778.96 Mobile Safari/537.36 (compatible; GoogleOther)"
66.249.68.65 - - [23/Jun/2026:08:56:11 -0400] "GET /products/1479598?fileloc=/home/aurelytl/rinzaauto.com/.hcflag&path=/home/aurelytl/rinzaauto.com HTTP/1.1" 200 3107 "-" "Mozilla/5.0 (Linux; Android 6.0.1; Nexus 5X Build/MMB29P) AppleWebKit/537.36 (KHTML, like Gecko) Chrome/148.0.7778.96 Mobile Safari/537.36 (compatible; GoogleOther)"
147.135.212.202 - - [23/Jun/2026:08:56:12 -0400] "GET /?fileloc=/home/aurelytl/rinzaauto.com/wp-content/uploads/user-logs/20260527.txt&path=/home/aurelytl/rinzaauto.com/wp-content/uploads/user-logs HTTP/1.1" 200 18727 "-" "Mozilla/5.0 (compatible; MJ12bot/v1.4.8; http://mj12bot.com/)"
142.44.233.14 - - [23/Jun/2026:08:56:12 -0400] "GET /products/341145660 HTTP/1.1" 200 4684 "-" "Mozilla/5.0 (compatible; AhrefsBot/7.0; +http://ahrefs.com/robot/)"
66.249.68.65 - - [23/Jun/2026:08:56:13 -0400] "GET /products/61393945?fileloc=/home/aurelytl/public_html/wp-settings.php&path=/home/aurelytl/public_html HTTP/1.1" 200 9605 "-" "Mozilla/5.0 (Linux; Android 6.0.1; Nexus 5X Build/MMB29P) AppleWebKit/537.36 (KHTML, like Gecko) Chrome/148.0.7778.96 Mobile Safari/537.36 (compatible; GoogleOther)"
147.135.212.202 - - [23/Jun/2026:08:56:14 -0400] "GET /?fileloc=/home/aurelytl/rinzaauto.com/wp-content/uploads/user-logs/20260528.txt&path=/home/aurelytl/rinzaauto.com/wp-content/uploads/user-logs HTTP/1.1" 200 14042 "-" "Mozilla/5.0 (compatible; MJ12bot/v1.4.8; http://mj12bot.com/)"
66.249.68.65 - - [23/Jun/2026:08:56:15 -0400] "GET /products/8502307?fileloc=/home/aurelytl/rinzaauto.com/robots.txt&path=/home/aurelytl/rinzaauto.com HTTP/1.1" 200 3064 "-" "Mozilla/5.0 (Linux; Android 6.0.1; Nexus 5X Build/MMB29P) AppleWebKit/537.36 (KHTML, like Gecko) Chrome/148.0.7778.96 Mobile Safari/537.36 (compatible; GoogleOther)"
147.135.212.202 - - [23/Jun/2026:08:56:15 -0400] "GET /?fileloc=/home/aurelytl/rinzaauto.com/wp-content/uploads/user-logs/20260529.txt&path=/home/aurelytl/rinzaauto.com/wp-content/uploads/user-logs HTTP/1.1" 200 13176 "-" "Mozilla/5.0 (compatible; MJ12bot/v1.4.8; http://mj12bot.com/)"
66.249.68.65 - - [23/Jun/2026:08:56:16 -0400] "GET /products/2966675?fileloc=//lib64/pgsql/utf8_and_ascii.so&path=//lib64/pgsql HTTP/1.1" 200 3083 "-" "Mozilla/5.0 (Linux; Android 6.0.1; Nexus 5X Build/MMB29P) AppleWebKit/537.36 (KHTML, like Gecko) Chrome/148.0.7778.96 Mobile Safari/537.36 (compatible; GoogleOther)"
147.135.212.202 - - [23/Jun/2026:08:56:17 -0400] "GET /?fileloc=/home/aurelytl/rinzaauto.com/wp-content/uploads/user-logs/20260530.txt&path=/home/aurelytl/rinzaauto.com/wp-content/uploads/user-logs HTTP/1.1" 200 15674 "-" "Mozilla/5.0 (compatible; MJ12bot/v1.4.8; http://mj12bot.com/)"
66.249.68.65 - - [23/Jun/2026:08:56:18 -0400] "GET /products/79947428?fileloc=/home/aurelytl/rinzaauto.com/wp-signup.php&path=/home/aurelytl/rinzaauto.com HTTP/1.1" 200 11545 "-" "Mozilla/5.0 (Linux; Android 6.0.1; Nexus 5X Build/MMB29P) AppleWebKit/537.36 (KHTML, like Gecko) Chrome/148.0.7778.96 Mobile Safari/537.36 (compatible; GoogleOther)"
66.249.68.65 - - [23/Jun/2026:08:56:19 -0400] "GET /products/30519287?fileloc=/home/aurelytl/rinzaauto.com/readme.html&path=/home/aurelytl/rinzaauto.com HTTP/1.1" 200 6108 "-" "Mozilla/5.0 (Linux; Android 6.0.1; Nexus 5X Build/MMB29P) AppleWebKit/537.36 (KHTML, like Gecko) Chrome/148.0.7778.96 Mobile Safari/537.36 (compatible; GoogleOther)"
147.135.212.202 - - [23/Jun/2026:08:56:19 -0400] "GET /?fileloc=/home/aurelytl/rinzaauto.com/wp-content/uploads/user-logs/20260531.txt&path=/home/aurelytl/rinzaauto.com/wp-content/uploads/user-logs HTTP/1.1" 200 30501 "-" "Mozilla/5.0 (compatible; MJ12bot/v1.4.8; http://mj12bot.com/)"
147.135.212.202 - - [23/Jun/2026:08:56:21 -0400] "GET /?fileloc=/home/aurelytl/rinzaauto.com/wp-content/uploads/user-logs/20260601.txt&path=/home/aurelytl/rinzaauto.com/wp-content/uploads/user-logs HTTP/1.1" 200 53877 "-" "Mozilla/5.0 (compatible; MJ12bot/v1.4.8; http://mj12bot.com/)"
66.249.68.65 - - [23/Jun/2026:08:56:22 -0400] "GET /products/498068932?path=/ HTTP/1.1" 200 3719 "-" "Mozilla/5.0 (Linux; Android 6.0.1; Nexus 5X Build/MMB29P) AppleWebKit/537.36 (KHTML, like Gecko) Chrome/148.0.7778.96 Mobile Safari/537.36 (compatible; GoogleOther)"
147.135.212.202 - - [23/Jun/2026:08:56:23 -0400] "GET /?fileloc=/home/aurelytl/rinzaauto.com/wp-content/uploads/user-logs/20260602.txt&path=/home/aurelytl/rinzaauto.com/wp-content/uploads/user-logs HTTP/1.1" 200 46162 "-" "Mozilla/5.0 (compatible; MJ12bot/v1.4.8; http://mj12bot.com/)"
66.249.68.65 - - [23/Jun/2026:08:56:23 -0400] "GET /products/9106935?fileloc=/home/aurelytl/rinzaauto.com/wp-login.php&path=/home/aurelytl/rinzaauto.com HTTP/1.1" 200 16771 "-" "Mozilla/5.0 (Linux; Android 6.0.1; Nexus 5X Build/MMB29P) AppleWebKit/537.36 (KHTML, like Gecko) Chrome/148.0.7778.96 Mobile Safari/537.36 (compatible; GoogleOther)"
54.39.136.40 - - [23/Jun/2026:08:56:24 -0400] "GET /products/33519233 HTTP/1.1" 200 4623 "-" "Mozilla/5.0 (compatible; AhrefsBot/7.0; +http://ahrefs.com/robot/)"
147.135.212.202 - - [23/Jun/2026:08:56:25 -0400] "GET /?fileloc=/home/aurelytl/rinzaauto.com/wp-content/uploads/user-logs/20260603.txt&path=/home/aurelytl/rinzaauto.com/wp-content/uploads/user-logs HTTP/1.1" 200 50455 "-" "Mozilla/5.0 (compatible; MJ12bot/v1.4.8; http://mj12bot.com/)"
66.249.68.65 - - [23/Jun/2026:08:56:25 -0400] "GET /products/390616851?fileloc=/home/aurelytl/rinzaauto.com/robots.txt&path=/home/aurelytl/rinzaauto.com HTTP/1.1" 200 3120 "-" "Mozilla/5.0 (Linux; Android 6.0.1; Nexus 5X Build/MMB29P) AppleWebKit/537.36 (KHTML, like Gecko) Chrome/148.0.7778.96 Mobile Safari/537.36 (compatible; GoogleOther)"
147.135.212.202 - - [23/Jun/2026:08:56:27 -0400] "GET /?fileloc=/home/aurelytl/rinzaauto.com/wp-content/uploads/user-logs/20260604.txt&path=/home/aurelytl/rinzaauto.com/wp-content/uploads/user-logs HTTP/1.1" 200 74267 "-" "Mozilla/5.0 (compatible; MJ12bot/v1.4.8; http://mj12bot.com/)"
147.135.212.202 - - [23/Jun/2026:08:56:29 -0400] "GET /?fileloc=/home/aurelytl/rinzaauto.com/wp-content/uploads/user-logs/20260605.txt&path=/home/aurelytl/rinzaauto.com/wp-content/uploads/user-logs HTTP/1.1" 200 68212 "-" "Mozilla/5.0 (compatible; MJ12bot/v1.4.8; http://mj12bot.com/)"
66.249.68.65 - - [23/Jun/2026:08:56:29 -0400] "GET /products/8156643?fileloc=/home/aurelytl/rinzaauto.com/license.txt&path=/home/aurelytl/rinzaauto.com HTTP/1.1" 200 10480 "-" "Mozilla/5.0 (Linux; Android 6.0.1; Nexus 5X Build/MMB29P) AppleWebKit/537.36 (KHTML, like Gecko) Chrome/148.0.7778.96 Mobile Safari/537.36 (compatible; GoogleOther)"
66.249.68.65 - - [23/Jun/2026:08:56:29 -0400] "GET /products/11082345?fileloc=/home/aurelytl/rinzaauto.com/.htaccess.bk&path=/home/aurelytl/rinzaauto.com HTTP/1.1" 403 1242 "-" "Mozilla/5.0 (Linux; Android 6.0.1; Nexus 5X Build/MMB29P) AppleWebKit/537.36 (KHTML, like Gecko) Chrome/148.0.7778.96 Mobile Safari/537.36 (compatible; GoogleOther)"
147.135.212.202 - - [23/Jun/2026:08:56:30 -0400] "GET /?fileloc=/home/aurelytl/rinzaauto.com/wp-content/uploads/user-logs/20260606.txt&path=/home/aurelytl/rinzaauto.com/wp-content/uploads/user-logs HTTP/1.1" 200 172718 "-" "Mozilla/5.0 (compatible; MJ12bot/v1.4.8; http://mj12bot.com/)"
147.135.212.202 - - [23/Jun/2026:08:56:32 -0400] "GET /?fileloc=/home/aurelytl/rinzaauto.com/wp-content/uploads/user-logs/20260607.txt&path=/home/aurelytl/rinzaauto.com/wp-content/uploads/user-logs HTTP/1.1" 200 189116 "-" "Mozilla/5.0 (compatible; MJ12bot/v1.4.8; http://mj12bot.com/)"
66.249.68.65 - - [23/Jun/2026:08:56:33 -0400] "GET /products/1989046?fileloc=/home/aurelytl/rinzaauto.com/.litespeed_flag&path=/home/aurelytl/rinzaauto.com HTTP/1.1" 200 3242 "-" "Mozilla/5.0 (Linux; Android 6.0.1; Nexus 5X Build/MMB29P) AppleWebKit/537.36 (KHTML, like Gecko) Chrome/148.0.7778.96 Mobile Safari/537.36 (compatible; GoogleOther)"
66.249.68.65 - - [23/Jun/2026:08:56:34 -0400] "GET /products/87088454?fileloc=/home/aurelytl/rinzaauto.com/readme.html&path=/home/aurelytl/rinzaauto.com HTTP/1.1" 200 6140 "-" "Mozilla/5.0 (Linux; Android 6.0.1; Nexus 5X Build/MMB29P) AppleWebKit/537.36 (KHTML, like Gecko) Chrome/148.0.7778.96 Mobile Safari/537.36 (compatible; GoogleOther)"
147.135.212.202 - - [23/Jun/2026:08:56:35 -0400] "GET /?fileloc=/home/aurelytl/rinzaauto.com/wp-content/uploads/user-logs/20260608.txt&path=/home/aurelytl/rinzaauto.com/wp-content/uploads/user-logs HTTP/1.1" 200 269955 "-" "Mozilla/5.0 (compatible; MJ12bot/v1.4.8; http://mj12bot.com/)"
66.249.68.65 - - [23/Jun/2026:08:56:36 -0400] "GET /products/1152270?fileloc=/home/aurelytl/rinzaauto.com/wp-signup.php&path=/home/aurelytl/rinzaauto.com HTTP/1.1" 200 11531 "-" "Mozilla/5.0 (Linux; Android 6.0.1; Nexus 5X Build/MMB29P) AppleWebKit/537.36 (KHTML, like Gecko) Chrome/148.0.7778.96 Mobile Safari/537.36 (compatible; GoogleOther)"
147.135.212.202 - - [23/Jun/2026:08:56:37 -0400] "GET /?fileloc=/home/aurelytl/rinzaauto.com/wp-content/uploads/user-logs/20260609.txt&path=/home/aurelytl/rinzaauto.com/wp-content/uploads/user-logs HTTP/1.1" 200 491415 "-" "Mozilla/5.0 (compatible; MJ12bot/v1.4.8; http://mj12bot.com/)"
66.249.68.65 - - [23/Jun/2026:08:56:39 -0400] "GET /products/8502307?fileloc=/home/aurelytl/rinzaauto.com/wp-mail.php&path=/home/aurelytl/rinzaauto.com HTTP/1.1" 200 6165 "-" "Mozilla/5.0 (Linux; Android 6.0.1; Nexus 5X Build/MMB29P) AppleWebKit/537.36 (KHTML, like Gecko) Chrome/148.0.7778.96 Mobile Safari/537.36 (compatible; GoogleOther)"
66.249.68.65 - - [23/Jun/2026:08:56:39 -0400] "GET /products/6119967?fileloc=//lib64/gconv/gconv-modules&path=//lib64/gconv HTTP/1.1" 200 4265 "-" "Mozilla/5.0 (Linux; Android 6.0.1; Nexus 5X Build/MMB29P) AppleWebKit/537.36 (KHTML, like Gecko) Chrome/148.0.7778.96 Mobile Safari/537.36 (compatible; GoogleOther)"
66.249.68.65 - - [23/Jun/2026:08:56:40 -0400] "GET /products/8156643?fileloc=/home/aurelytl/rinzaauto.com/.htaccess.bk&path=/home/aurelytl/rinzaauto.com HTTP/1.1" 403 1242 "-" "Mozilla/5.0 (Linux; Android 6.0.1; Nexus 5X Build/MMB29P) AppleWebKit/537.36 (KHTML, like Gecko) Chrome/148.0.7778.96 Mobile Safari/537.36 (compatible; GoogleOther)"
66.249.68.65 - - [23/Jun/2026:08:56:41 -0400] "GET /products/8001337?fileloc=/home/aurelytl/rinzaauto.com/goods.php&path=/home/aurelytl/rinzaauto.com HTTP/1.1" 200 3287 "-" "Mozilla/5.0 (Linux; Android 6.0.1; Nexus 5X Build/MMB29P) AppleWebKit/537.36 (KHTML, like Gecko) Chrome/148.0.7778.96 Mobile Safari/537.36 (compatible; GoogleOther)"
54.39.89.250 - - [23/Jun/2026:08:56:41 -0400] "GET /products/3321810 HTTP/1.1" 200 4647 "-" "Mozilla/5.0 (compatible; AhrefsBot/7.0; +http://ahrefs.com/robot/)"
66.249.68.65 - - [23/Jun/2026:08:56:41 -0400] "GET /products/421666856?fileloc=/home/aurelytl/rinzaauto.com/wp-mail.php&path=/home/aurelytl/rinzaauto.com HTTP/1.1" 200 6165 "-" "Mozilla/5.0 (Linux; Android 6.0.1; Nexus 5X Build/MMB29P) AppleWebKit/537.36 (KHTML, like Gecko) Chrome/148.0.7778.96 Mobile Safari/537.36 (compatible; GoogleOther)"
66.249.68.65 - - [23/Jun/2026:08:56:42 -0400] "GET /products/524046138?fileloc=/home/aurelytl/rinzaauto.com/wp-login.php&path=/home/aurelytl/rinzaauto.com HTTP/1.1" 200 16747 "-" "Mozilla/5.0 (Linux; Android 6.0.1; Nexus 5X Build/MMB29P) AppleWebKit/537.36 (KHTML, like Gecko) Chrome/148.0.7778.96 Mobile Safari/537.36 (compatible; GoogleOther)"
147.135.212.202 - - [23/Jun/2026:08:56:40 -0400] "GET /?fileloc=/home/aurelytl/rinzaauto.com/wp-content/uploads/user-logs/20260610.txt&path=/home/aurelytl/rinzaauto.com/wp-content/uploads/user-logs HTTP/1.1" 200 2778384 "-" "Mozilla/5.0 (compatible; MJ12bot/v1.4.8; http://mj12bot.com/)"
66.249.68.65 - - [23/Jun/2026:08:56:42 -0400] "GET /products/60569040?fileloc=/home/aurelytl/rinzaauto.com/readme.html&path=/home/aurelytl/rinzaauto.com HTTP/1.1" 200 6108 "-" "Mozilla/5.0 (Linux; Android 6.0.1; Nexus 5X Build/MMB29P) AppleWebKit/537.36 (KHTML, like Gecko) Chrome/148.0.7778.96 Mobile Safari/537.36 (compatible; GoogleOther)"
66.249.68.65 - - [23/Jun/2026:08:56:43 -0400] "GET /products/5063688?fileloc=/home/aurelytl/rinzaauto.com/wp-login.php&path=/home/aurelytl/rinzaauto.com HTTP/1.1" 200 16743 "-" "Mozilla/5.0 (Linux; Android 6.0.1; Nexus 5X Build/MMB29P) AppleWebKit/537.36 (KHTML, like Gecko) Chrome/148.0.7778.96 Mobile Safari/537.36 (compatible; GoogleOther)"
66.249.68.65 - - [23/Jun/2026:08:56:43 -0400] "GET /products/419053987?path=/ HTTP/1.1" 200 3718 "-" "Mozilla/5.0 (Linux; Android 6.0.1; Nexus 5X Build/MMB29P) AppleWebKit/537.36 (KHTML, like Gecko) Chrome/148.0.7778.96 Mobile Safari/537.36 (compatible; GoogleOther)"
66.249.68.65 - - [23/Jun/2026:08:56:44 -0400] "GET /products/442490881?path=//home2 HTTP/1.1" 200 3113 "-" "Mozilla/5.0 (Linux; Android 6.0.1; Nexus 5X Build/MMB29P) AppleWebKit/537.36 (KHTML, like Gecko) Chrome/148.0.7778.96 Mobile Safari/537.36 (compatible; GoogleOther)"
66.249.68.65 - - [23/Jun/2026:08:56:44 -0400] "GET /products/1143314?fileloc=/home/aurelytl/rinzaauto.com/wp-activate.php&path=/home/aurelytl/rinzaauto.com HTTP/1.1" 200 5607 "-" "Mozilla/5.0 (Linux; Android 6.0.1; Nexus 5X Build/MMB29P) AppleWebKit/537.36 (KHTML, like Gecko) Chrome/148.0.7778.96 Mobile Safari/537.36 (compatible; GoogleOther)"
66.249.68.65 - - [23/Jun/2026:08:56:44 -0400] "GET /products/531115469?path=/home/aurelytl/rinzaauto.com HTTP/1.1" 200 4639 "-" "Mozilla/5.0 (Linux; Android 6.0.1; Nexus 5X Build/MMB29P) AppleWebKit/537.36 (KHTML, like Gecko) Chrome/148.0.7778.96 Mobile Safari/537.36 (compatible; Googlebot/2.1; +http://www.google.com/bot.html)"
66.249.68.65 - - [23/Jun/2026:08:56:45 -0400] "GET /products/68851827?fileloc=/home/aurelytl/rinzaauto.com/readme.html&path=/home/aurelytl/rinzaauto.com HTTP/1.1" 200 6108 "-" "Mozilla/5.0 (Linux; Android 6.0.1; Nexus 5X Build/MMB29P) AppleWebKit/537.36 (KHTML, like Gecko) Chrome/148.0.7778.96 Mobile Safari/537.36 (compatible; GoogleOther)"
66.249.68.65 - - [23/Jun/2026:08:56:45 -0400] "GET /products/79920167?fileloc=/home/aurelytl/rinzaauto.com/xmlrpc.php&path=/home/aurelytl/rinzaauto.com HTTP/1.1" 200 4491 "-" "Mozilla/5.0 (Linux; Android 6.0.1; Nexus 5X Build/MMB29P) AppleWebKit/537.36 (KHTML, like Gecko) Chrome/148.0.7778.96 Mobile Safari/537.36 (compatible; GoogleOther)"
66.249.68.65 - - [23/Jun/2026:08:56:46 -0400] "GET /products/84339055?fileloc=/home/aurelytl/rinzaauto.com/goods.php&path=/home/aurelytl/rinzaauto.com HTTP/1.1" 200 3287 "-" "Mozilla/5.0 (Linux; Android 6.0.1; Nexus 5X Build/MMB29P) AppleWebKit/537.36 (KHTML, like Gecko) Chrome/148.0.7778.96 Mobile Safari/537.36 (compatible; GoogleOther)"
66.249.68.65 - - [23/Jun/2026:08:56:46 -0400] "GET /products/596501839?fileloc=/home/aurelytl/rinzaauto.com/.htaccess.bk&path=/home/aurelytl/rinzaauto.com HTTP/1.1" 403 1242 "-" "Mozilla/5.0 (Linux; Android 6.0.1; Nexus 5X Build/MMB29P) AppleWebKit/537.36 (KHTML, like Gecko) Chrome/148.0.7778.96 Mobile Safari/537.36 (compatible; GoogleOther)"
66.249.68.65 - - [23/Jun/2026:08:56:47 -0400] "GET /products/390616851?fileloc=/home/aurelytl/rinzaauto.com/google8d449aad2fcaf390.html&path=/home/aurelytl/rinzaauto.com HTTP/1.1" 200 3053 "-" "Mozilla/5.0 (Linux; Android 6.0.1; Nexus 5X Build/MMB29P) AppleWebKit/537.36 (KHTML, like Gecko) Chrome/148.0.7778.96 Mobile Safari/537.36 (compatible; GoogleOther)"
147.135.212.202 - - [23/Jun/2026:08:56:45 -0400] "GET /?fileloc=/home/aurelytl/rinzaauto.com/wp-content/uploads/user-logs/20260611.txt&path=/home/aurelytl/rinzaauto.com/wp-content/uploads/user-logs HTTP/1.1" 200 2728273 "-" "Mozilla/5.0 (compatible; MJ12bot/v1.4.8; http://mj12bot.com/)"
66.249.68.65 - - [23/Jun/2026:08:56:47 -0400] "GET /products/84500399?fileloc=//lib64/libboost_program_options.so.1.66.0&path=//lib64 HTTP/1.1" 200 3071 "-" "Mozilla/5.0 (Linux; Android 6.0.1; Nexus 5X Build/MMB29P) AppleWebKit/537.36 (KHTML, like Gecko) Chrome/148.0.7778.96 Mobile Safari/537.36 (compatible; GoogleOther)"
66.249.68.65 - - [23/Jun/2026:08:56:49 -0400] "GET /products/98074869?fileloc=/home/aurelytl/rinzaauto.com/wp-activate.php&path=/home/aurelytl/rinzaauto.com HTTP/1.1" 200 5627 "-" "Mozilla/5.0 (Linux; Android 6.0.1; Nexus 5X Build/MMB29P) AppleWebKit/537.36 (KHTML, like Gecko) Chrome/148.0.7778.96 Mobile Safari/537.36 (compatible; GoogleOther)"
66.249.68.65 - - [23/Jun/2026:08:56:50 -0400] "GET /products/60238601?fileloc=/home/aurelytl/rinzaauto.com/robots.txt&path=/home/aurelytl/rinzaauto.com HTTP/1.1" 200 3064 "-" "Mozilla/5.0 (Linux; Android 6.0.1; Nexus 5X Build/MMB29P) AppleWebKit/537.36 (KHTML, like Gecko) Chrome/148.0.7778.96 Mobile Safari/537.36 (compatible; GoogleOther)"
147.135.212.202 - - [23/Jun/2026:08:56:49 -0400] "GET /?fileloc=/home/aurelytl/rinzaauto.com/wp-content/uploads/user-logs/20260612.txt&path=/home/aurelytl/rinzaauto.com/wp-content/uploads/user-logs HTTP/1.1" 200 2153764 "-" "Mozilla/5.0 (compatible; MJ12bot/v1.4.8; http://mj12bot.com/)"
15.235.98.183 - - [23/Jun/2026:08:56:53 -0400] "GET /products/331863613 HTTP/1.1" 200 4679 "-" "Mozilla/5.0 (compatible; AhrefsBot/7.0; +http://ahrefs.com/robot/)"
66.249.68.65 - - [23/Jun/2026:08:56:54 -0400] "GET /products/60238601?fileloc=/home/aurelytl/rinzaauto.com/.htaccess&path=/home/aurelytl/rinzaauto.com HTTP/1.1" 403 1242 "-" "Mozilla/5.0 (Linux; Android 6.0.1; Nexus 5X Build/MMB29P) AppleWebKit/537.36 (KHTML, like Gecko) Chrome/148.0.7778.96 Mobile Safari/537.36 (compatible; GoogleOther)"
147.135.212.202 - - [23/Jun/2026:08:56:53 -0400] "GET /?fileloc=/home/aurelytl/rinzaauto.com/wp-content/uploads/user-logs/20260613.txt&path=/home/aurelytl/rinzaauto.com/wp-content/uploads/user-logs HTTP/1.1" 200 1568227 "-" "Mozilla/5.0 (compatible; MJ12bot/v1.4.8; http://mj12bot.com/)"
66.249.68.65 - - [23/Jun/2026:08:56:54 -0400] "GET /products/323992188?fileloc=/home/aurelytl/rinzaauto.com/robots.txt&path=/home/aurelytl/rinzaauto.com HTTP/1.1" 200 3120 "-" "Mozilla/5.0 (Linux; Android 6.0.1; Nexus 5X Build/MMB29P) AppleWebKit/537.36 (KHTML, like Gecko) Chrome/148.0.7778.96 Mobile Safari/537.36 (compatible; GoogleOther)"
66.249.68.65 - - [23/Jun/2026:08:56:57 -0400] "GET /products/8152011?fileloc=/home/aurelytl/rinzaauto.com/goods.php&path=/home/aurelytl/rinzaauto.com HTTP/1.1" 200 3287 "-" "Mozilla/5.0 (Linux; Android 6.0.1; Nexus 5X Build/MMB29P) AppleWebKit/537.36 (KHTML, like Gecko) Chrome/148.0.7778.96 Mobile Safari/537.36 (compatible; GoogleOther)"
147.135.212.202 - - [23/Jun/2026:08:56:57 -0400] "GET /?fileloc=/home/aurelytl/rinzaauto.com/wp-content/uploads/user-logs/20260614.txt&path=/home/aurelytl/rinzaauto.com/wp-content/uploads/user-logs HTTP/1.1" 200 573240 "-" "Mozilla/5.0 (compatible; MJ12bot/v1.4.8; http://mj12bot.com/)"
66.249.68.67 - - [23/Jun/2026:08:57:00 -0400] "GET /products/8001337?fileloc=/home/aurelytl/rinzaauto.com/wp-activate.php&path=/home/aurelytl/rinzaauto.com HTTP/1.1" 200 5573 "-" "Mozilla/5.0 (Linux; Android 6.0.1; Nexus 5X Build/MMB29P) AppleWebKit/537.36 (KHTML, like Gecko) Chrome/148.0.7778.96 Mobile Safari/537.36 (compatible; GoogleOther)"
147.135.212.202 - - [23/Jun/2026:08:57:00 -0400] "GET /?fileloc=/home/aurelytl/rinzaauto.com/wp-content/uploads/user-logs/20260615.txt&path=/home/aurelytl/rinzaauto.com/wp-content/uploads/user-logs HTTP/1.1" 200 516786 "-" "Mozilla/5.0 (compatible; MJ12bot/v1.4.8; http://mj12bot.com/)"
66.249.68.67 - - [23/Jun/2026:08:57:01 -0400] "GET /products/2111580?fileloc=/home/aurelytl/rinzaauto.com/google8d449aad2fcaf390.html&path=/home/aurelytl/rinzaauto.com HTTP/1.1" 200 3109 "-" "Mozilla/5.0 (Linux; Android 6.0.1; Nexus 5X Build/MMB29P) AppleWebKit/537.36 (KHTML, like Gecko) Chrome/148.0.7778.96 Mobile Safari/537.36 (compatible; GoogleOther)"
147.135.212.202 - - [23/Jun/2026:08:57:03 -0400] "GET /?fileloc=/home/aurelytl/rinzaauto.com/wp-content/uploads/user-logs/20260616.txt&path=/home/aurelytl/rinzaauto.com/wp-content/uploads/user-logs HTTP/1.1" 200 570814 "-" "Mozilla/5.0 (compatible; MJ12bot/v1.4.8; http://mj12bot.com/)"
66.249.68.66 - - [23/Jun/2026:08:57:04 -0400] "GET /products/30519287?fileloc=/home/aurelytl/rinzaauto.com/.hcflag&path=/home/aurelytl/rinzaauto.com HTTP/1.1" 200 3107 "-" "Mozilla/5.0 (Linux; Android 6.0.1; Nexus 5X Build/MMB29P) AppleWebKit/537.36 (KHTML, like Gecko) Chrome/148.0.7778.96 Mobile Safari/537.36 (compatible; GoogleOther)"
66.249.68.66 - - [23/Jun/2026:08:57:05 -0400] "GET /products/8152011?fileloc=/home/aurelytl/rinzaauto.com/google8d449aad2fcaf390.html&path=/home/aurelytl/rinzaauto.com HTTP/1.1" 200 3109 "-" "Mozilla/5.0 (Linux; Android 6.0.1; Nexus 5X Build/MMB29P) AppleWebKit/537.36 (KHTML, like Gecko) Chrome/148.0.7778.96 Mobile Safari/537.36 (compatible; GoogleOther)"
147.135.212.202 - - [23/Jun/2026:08:57:05 -0400] "GET /?fileloc=/home/aurelytl/rinzaauto.com/wp-content/uploads/user-logs/20260617.txt&path=/home/aurelytl/rinzaauto.com/wp-content/uploads/user-logs HTTP/1.1" 200 598769 "-" "Mozilla/5.0 (compatible; MJ12bot/v1.4.8; http://mj12bot.com/)"
66.249.68.66 - - [23/Jun/2026:08:57:08 -0400] "GET /products/84500399?fileloc=//lib64/libmlx4.so.1.0.48.0&path=//lib64 HTTP/1.1" 200 3063 "-" "Mozilla/5.0 (Linux; Android 6.0.1; Nexus 5X Build/MMB29P) AppleWebKit/537.36 (KHTML, like Gecko) Chrome/148.0.7778.96 Mobile Safari/537.36 (compatible; GoogleOther)"
66.249.68.66 - - [23/Jun/2026:08:57:08 -0400] "GET /products/3625506?fileloc=/home/aurelytl/rinzaauto.com/.htaccess&path=/home/aurelytl/rinzaauto.com HTTP/1.1" 403 1242 "-" "Mozilla/5.0 (Linux; Android 6.0.1; Nexus 5X Build/MMB29P) AppleWebKit/537.36 (KHTML, like Gecko) Chrome/148.0.7778.96 Mobile Safari/537.36 (compatible; GoogleOther)"
147.135.212.202 - - [23/Jun/2026:08:57:08 -0400] "GET /?fileloc=/home/aurelytl/rinzaauto.com/wp-content/uploads/user-logs/20260618.txt&path=/home/aurelytl/rinzaauto.com/wp-content/uploads/user-logs HTTP/1.1" 200 659419 "-" "Mozilla/5.0 (compatible; MJ12bot/v1.4.8; http://mj12bot.com/)"
51.222.95.10 - - [23/Jun/2026:08:57:09 -0400] "GET /products/33028209 HTTP/1.1" 200 4724 "-" "Mozilla/5.0 (compatible; AhrefsBot/7.0; +http://ahrefs.com/robot/)"
66.249.68.65 - - [23/Jun/2026:08:57:10 -0400] "GET /products/1989046?fileloc=/home/aurelytl/rinzaauto.com/wp-load.php&path=/home/aurelytl/rinzaauto.com HTTP/1.1" 200 4690 "-" "Mozilla/5.0 (Linux; Android 6.0.1; Nexus 5X Build/MMB29P) AppleWebKit/537.36 (KHTML, like Gecko) Chrome/148.0.7778.96 Mobile Safari/537.36 (compatible; GoogleOther)"
147.135.212.202 - - [23/Jun/2026:08:57:10 -0400] "GET /?fileloc=/home/aurelytl/rinzaauto.com/wp-content/uploads/user-logs/20260619.txt&path=/home/aurelytl/rinzaauto.com/wp-content/uploads/user-logs HTTP/1.1" 200 454793 "-" "Mozilla/5.0 (compatible; MJ12bot/v1.4.8; http://mj12bot.com/)"
66.249.68.65 - - [23/Jun/2026:08:57:11 -0400] "GET /products/94084318?fileloc=/home/aurelytl/rinzaauto.com/google8d449aad2fcaf390.html&path=/home/aurelytl/rinzaauto.com HTTP/1.1" 200 3053 "-" "Mozilla/5.0 (Linux; Android 6.0.1; Nexus 5X Build/MMB29P) AppleWebKit/537.36 (KHTML, like Gecko) Chrome/148.0.7778.96 Mobile Safari/537.36 (compatible; GoogleOther)"
147.135.212.202 - - [23/Jun/2026:08:57:13 -0400] "GET /?fileloc=/home/aurelytl/rinzaauto.com/wp-content/uploads/user-logs/20260620.txt&path=/home/aurelytl/rinzaauto.com/wp-content/uploads/user-logs HTTP/1.1" 200 354011 "-" "Mozilla/5.0 (compatible; MJ12bot/v1.4.8; http://mj12bot.com/)"
